74.125.210.192 - - [01/May/2026:13:23:50 -0400] "GET /_autoindex/assets/css/autoindex.css HTTP/1.1" 200 1170 "https://patrickspestsandplants.com/" "Mozilla/5.0 (X11; Linux x86_64) AppleWebKit/537.36 (KHTML, like Gecko) Chrome/129.0.0.0 Safari/537.36"
74.125.210.192 - - [01/May/2026:13:23:50 -0400] "GET /_autoindex/assets/js/tablesort.number.js HTTP/1.1" 200 322 "https://patrickspestsandplants.com/" "Mozilla/5.0 (X11; Linux x86_64) AppleWebKit/537.36 (KHTML, like Gecko) Chrome/129.0.0.0 Safari/537.36"
112.204.168.183 - - [01/May/2026:13:23:56 -0400] "POST /xmlrpc.php HTTP/1.1" 403 22 "-" "Jetpack by WordPress.com"
112.204.168.183 - - [01/May/2026:13:24:06 -0400] "POST /xmlrpc.php HTTP/1.1" 403 22 "-" "Jetpack/12.0; WordPress/6.1; http://site83551448.com"
136.243.228.181 - - [01/May/2026:13:24:14 -0400] "GET /index.php/?items/K541975414/ HTTP/1.1" 404 1251 "-" "Mozilla/5.0 (compatible; DataForSeoBot/1.0; +https://dataforseo.com/dataforseo-bot)"
136.243.228.181 - - [01/May/2026:13:24:22 -0400] "GET /index.php/?items/K544433517/ HTTP/1.1" 404 1251 "-" "Mozilla/5.0 (compatible; DataForSeoBot/1.0; +https://dataforseo.com/dataforseo-bot)"
136.243.228.181 - - [01/May/2026:13:20:24 -0400] "GET /index.php/?items/K543566891/ HTTP/1.1" 404 1251 "-" "Mozilla/5.0 (compatible; DataForSeoBot/1.0; +https://dataforseo.com/dataforseo-bot)"
85.11.167.49 - - [01/May/2026:13:18:55 -0400] "GET / HTTP/1.1" 200 2127 "http://patrickspests.com/" "Mozilla/5.0 (Macintosh; Intel Mac OS X 10_15_7) AppleWebKit/537.36 (KHTML, like Gecko) Chrome/91.0.4472.124 Safari/537.36"
85.11.167.49 - - [01/May/2026:13:19:02 -0400] "GET / HTTP/1.1" 200 2127 "http://patrickspests.com/admin/phpinfo.php" "Mozilla/5.0 (Windows NT 10.0; Win64; x64) AppleWebKit/537.36 (KHTML, like Gecko) Chrome/91.0.4472.124 Safari/537.36"
136.243.228.181 - - [01/May/2026:13:19:07 -0400] "GET /index.php/?items/K541116834/ HTTP/1.1" 404 1251 "-" "Mozilla/5.0 (compatible; DataForSeoBot/1.0; +https://dataforseo.com/dataforseo-bot)"
136.243.228.181 - - [01/May/2026:13:19:19 -0400] "GET /index.php/?items/K541907159/ HTTP/1.1" 404 1251 "-" "Mozilla/5.0 (compatible; DataForSeoBot/1.0; +https://dataforseo.com/dataforseo-bot)"
136.243.228.181 - - [01/May/2026:13:19:27 -0400] "GET /index.php/?items/K547135161/ HTTP/1.1" 404 1251 "-" "Mozilla/5.0 (compatible; DataForSeoBot/1.0; +https://dataforseo.com/dataforseo-bot)"
136.243.228.181 - - [01/May/2026:13:19:31 -0400] "GET /index.php/?items/K542641561/ HTTP/1.1" 404 1251 "-" "Mozilla/5.0 (compatible; DataForSeoBot/1.0; +https://dataforseo.com/dataforseo-bot)"
85.11.167.49 - - [01/May/2026:13:19:31 -0400] "GET / HTTP/1.1" 200 2127 "http://patrickspests.com/.env" "Mozilla/5.0 (X11; Linux x86_64) AppleWebKit/537.36 (KHTML, like Gecko) Chrome/91.0.4472.124 Safari/537.36"
85.11.167.49 - - [01/May/2026:13:19:39 -0400] "GET / HTTP/1.1" 200 2127 "http://patrickspests.com/.env.example" "Mozilla/5.0 (X11; Linux x86_64) AppleWebKit/537.36 (KHTML, like Gecko) Chrome/91.0.4472.124 Safari/537.36"
112.204.168.183 - - [01/May/2026:13:19:40 -0400] "POST /xmlrpc.php HTTP/1.1" 403 22 "-" "Jetpack by WordPress.com (Jetpack 12.0; WordPress 6.1)"
136.243.228.181 - - [01/May/2026:13:19:43 -0400] "GET /index.php/?items/K543207603/ HTTP/1.1" 404 1251 "-" "Mozilla/5.0 (compatible; DataForSeoBot/1.0; +https://dataforseo.com/dataforseo-bot)"
136.243.228.181 - - [01/May/2026:13:19:47 -0400] "GET /index.php/?items/K548307172/ HTTP/1.1" 404 1251 "-" "Mozilla/5.0 (compatible; DataForSeoBot/1.0; +https://dataforseo.com/dataforseo-bot)"
136.243.228.181 - - [01/May/2026:13:19:50 -0400] "GET /index.php/?items/K542369369/ HTTP/1.1" 404 1251 "-" "Mozilla/5.0 (compatible; DataForSeoBot/1.0; +https://dataforseo.com/dataforseo-bot)"
85.11.167.49 - - [01/May/2026:13:19:54 -0400] "GET / HTTP/1.1" 200 2117 "http://patrickspests.com/.env.backup" "Mozilla/5.0 (Macintosh; Intel Mac OS X 10_15_7) AppleWebKit/537.36 (KHTML, like Gecko) Chrome/91.0.4472.124 Safari/537.36"
136.243.228.181 - - [01/May/2026:13:19:55 -0400] "GET /index.php/?items/K548598457/ HTTP/1.1" 404 1251 "-" "Mozilla/5.0 (compatible; DataForSeoBot/1.0; +https://dataforseo.com/dataforseo-bot)"
43.157.179.227 - - [01/May/2026:13:19:59 -0400] "GET /readme.html HTTP/1.1" 200 3202 "-" "Mozilla/5.0 (iPhone; CPU iPhone OS 13_2_3 like Mac OS X) AppleWebKit/605.1.15 (KHTML, like Gecko) Version/13.0.3 Mobile/15E148 Safari/604.1"
112.204.168.183 - - [01/May/2026:13:20:01 -0400] "POST /xmlrpc.php HTTP/1.1" 403 22 "-" "Jetpack by WordPress.com"
136.243.228.181 - - [01/May/2026:13:20:12 -0400] "GET /index.php/?items/K546571605/ HTTP/1.1" 404 1251 "-" "Mozilla/5.0 (compatible; DataForSeoBot/1.0; +https://dataforseo.com/dataforseo-bot)"
136.243.228.181 - - [01/May/2026:13:24:06 -0400] "GET /index.php/?items/K543178168/ HTTP/1.1" 404 1251 "-" "Mozilla/5.0 (compatible; DataForSeoBot/1.0; +https://dataforseo.com/dataforseo-bot)"
136.243.228.181 - - [01/May/2026:13:24:09 -0400] "GET /index.php/?items/K546848014/ HTTP/1.1" 404 1251 "-" "Mozilla/5.0 (compatible; DataForSeoBot/1.0; +https://dataforseo.com/dataforseo-bot)"
112.204.168.183 - - [01/May/2026:13:24:17 -0400] "POST /xmlrpc.php HTTP/1.1" 403 22 "-" "WordPress.com; https://wordpress.com"
136.243.228.181 - - [01/May/2026:13:24:17 -0400] "GET /index.php/?items/K546981936/ HTTP/1.1" 404 1251 "-" "Mozilla/5.0 (compatible; DataForSeoBot/1.0; +https://dataforseo.com/dataforseo-bot)"
112.204.168.183 - - [01/May/2026:13:24:28 -0400] "POST /xmlrpc.php HTTP/1.1" 403 22 "-" "Jetpack by WordPress.com"
136.243.228.181 - - [01/May/2026:13:24:30 -0400] "GET /index.php/?items/K547624386/ HTTP/1.1" 404 1251 "-" "Mozilla/5.0 (compatible; DataForSeoBot/1.0; +https://dataforseo.com/dataforseo-bot)"
136.243.228.181 - - [01/May/2026:13:24:33 -0400] "GET /index.php/?items/K543047439/ HTTP/1.1" 404 1251 "-" "Mozilla/5.0 (compatible; DataForSeoBot/1.0; +https://dataforseo.com/dataforseo-bot)"
216.73.217.56 - - [01/May/2026:13:24:40 -0400] "GET /index.php HTTP/1.1" 404 1251 "-" "Mozilla/5.0 AppleWebKit/537.36 (KHTML, like Gecko; compatible; ClaudeBot/1.0; +claudebot@anthropic.com)"
136.243.228.181 - - [01/May/2026:13:24:42 -0400] "GET /index.php/?items/K546099220/ HTTP/1.1" 404 1251 "-" "Mozilla/5.0 (compatible; DataForSeoBot/1.0; +https://dataforseo.com/dataforseo-bot)"
136.243.228.181 - - [01/May/2026:13:24:59 -0400] "GET /index.php/?items/K542024842/ HTTP/1.1" 404 1251 "-" "Mozilla/5.0 (compatible; DataForSeoBot/1.0; +https://dataforseo.com/dataforseo-bot)"
136.243.228.181 - - [01/May/2026:13:25:03 -0400] "GET /index.php/?items/K544657992/ HTTP/1.1" 404 1251 "-" "Mozilla/5.0 (compatible; DataForSeoBot/1.0; +https://dataforseo.com/dataforseo-bot)"
136.243.228.181 - - [01/May/2026:13:25:07 -0400] "GET /index.php/?items/K545127093/ HTTP/1.1" 404 1251 "-" "Mozilla/5.0 (compatible; DataForSeoBot/1.0; +https://dataforseo.com/dataforseo-bot)"
112.204.168.183 - - [01/May/2026:13:25:10 -0400] "POST /xmlrpc.php HTTP/1.1" 403 22 "-" "Jetpack by WordPress.com"
136.243.228.181 - - [01/May/2026:13:25:11 -0400] "GET /index.php/?items/K545223735/ HTTP/1.1" 404 1251 "-" "Mozilla/5.0 (compatible; DataForSeoBot/1.0; +https://dataforseo.com/dataforseo-bot)"
136.243.228.181 - - [01/May/2026:13:25:15 -0400] "GET /index.php/?items/K542817645/ HTTP/1.1" 404 1251 "-" "Mozilla/5.0 (compatible; DataForSeoBot/1.0; +https://dataforseo.com/dataforseo-bot)"
136.243.228.181 - - [01/May/2026:13:25:19 -0400] "GET /index.php/?items/K546596504/ HTTP/1.1" 404 1251 "-" "Mozilla/5.0 (compatible; DataForSeoBot/1.0; +https://dataforseo.com/dataforseo-bot)"
112.204.168.183 - - [01/May/2026:13:25:21 -0400] "POST /xmlrpc.php HTTP/1.1" 403 22 "-" "Jetpack by WordPress.com (Jetpack 12.1; WordPress 6.4)"
136.243.228.181 - - [01/May/2026:13:25:31 -0400] "GET /index.php/?items/K544503578/ HTTP/1.1" 404 1251 "-" "Mozilla/5.0 (compatible; DataForSeoBot/1.0; +https://dataforseo.com/dataforseo-bot)"
136.243.228.181 - - [01/May/2026:13:25:36 -0400] "GET /index.php/?items/K542374224/ HTTP/1.1" 404 1251 "-" "Mozilla/5.0 (compatible; DataForSeoBot/1.0; +https://dataforseo.com/dataforseo-bot)"
136.243.228.181 - - [01/May/2026:13:25:40 -0400] "GET /index.php/?items/K548297810/ HTTP/1.1" 404 1251 "-" "Mozilla/5.0 (compatible; DataForSeoBot/1.0; +https://dataforseo.com/dataforseo-bot)"
193.186.4.144 - - [01/May/2026:13:25:40 -0400] "GET /about/ HTTP/1.1" 200 623 "https://www.google.com/" "Mozilla/5.0 (Linux; Android 10; K) AppleWebKit/537.36 (KHTML, like Gecko) Chrome/147.0.0.0 Mobile Safari/537.36"
136.243.228.181 - - [01/May/2026:13:25:43 -0400] "GET /index.php/?items/K542857179/ HTTP/1.1" 404 1251 "-" "Mozilla/5.0 (compatible; DataForSeoBot/1.0; +https://dataforseo.com/dataforseo-bot)"
136.243.228.181 - - [01/May/2026:13:24:25 -0400] "GET /index.php/?items/K543633526/ HTTP/1.1" 404 1251 "-" "Mozilla/5.0 (compatible; DataForSeoBot/1.0; +https://dataforseo.com/dataforseo-bot)"
136.243.228.181 - - [01/May/2026:13:24:38 -0400] "GET /index.php/?items/K546926087/ HTTP/1.1" 404 1251 "-" "Mozilla/5.0 (compatible; DataForSeoBot/1.0; +https://dataforseo.com/dataforseo-bot)"
112.204.168.183 - - [01/May/2026:13:24:38 -0400] "POST /xmlrpc.php HTTP/1.1" 403 22 "-" "WordPress.com; https://wordpress.com"
216.73.217.56 - - [01/May/2026:13:24:39 -0400] "GET /robots.txt HTTP/1.1" 200 185 "-" "Mozilla/5.0 AppleWebKit/537.36 (KHTML, like Gecko; compatible; ClaudeBot/1.0; +claudebot@anthropic.com)"
136.243.228.181 - - [01/May/2026:13:24:47 -0400] "GET /index.php/?items/K547400460/ HTTP/1.1" 404 1251 "-" "Mozilla/5.0 (compatible; DataForSeoBot/1.0; +https://dataforseo.com/dataforseo-bot)"
112.204.168.183 - - [01/May/2026:13:24:49 -0400] "POST /xmlrpc.php HTTP/1.1" 403 22 "-" "Jetpack by WordPress.com"
136.243.228.181 - - [01/May/2026:13:24:51 -0400] "GET /index.php/?items/K546640504/ HTTP/1.1" 404 1251 "-" "Mozilla/5.0 (compatible; DataForSeoBot/1.0; +https://dataforseo.com/dataforseo-bot)"
136.243.228.181 - - [01/May/2026:13:24:55 -0400] "GET /index.php/?items/K546502601/ HTTP/1.1" 404 1251 "-" "Mozilla/5.0 (compatible; DataForSeoBot/1.0; +https://dataforseo.com/dataforseo-bot)"
112.204.168.183 - - [01/May/2026:13:25:00 -0400] "POST /xmlrpc.php HTTP/1.1" 403 22 "-" "WordPress.com; https://wordpress.com"
136.243.228.181 - - [01/May/2026:13:25:22 -0400] "GET /index.php/?items/K543078720/ HTTP/1.1" 404 1251 "-" "Mozilla/5.0 (compatible; DataForSeoBot/1.0; +https://dataforseo.com/dataforseo-bot)"
136.243.228.181 - - [01/May/2026:13:25:27 -0400] "GET /index.php/?items/K547651818/ HTTP/1.1" 404 1251 "-" "Mozilla/5.0 (compatible; DataForSeoBot/1.0; +https://dataforseo.com/dataforseo-bot)"
112.204.168.183 - - [01/May/2026:13:25:32 -0400] "POST /xmlrpc.php HTTP/1.1" 403 22 "-" "Jetpack by WordPress.com (Jetpack 12.5; WordPress 6.2)"
112.204.168.183 - - [01/May/2026:13:25:43 -0400] "POST /xmlrpc.php HTTP/1.1" 403 22 "-" "Jetpack by WordPress.com (Jetpack 12.1; WordPress 6.1)"
112.204.168.183 - - [01/May/2026:13:25:53 -0400] "POST /xmlrpc.php HTTP/1.1" 403 22 "-" "Jetpack by WordPress.com (Jetpack 12.0; WordPress 6.3)"
136.243.228.181 - - [01/May/2026:13:25:56 -0400] "GET /index.php/?items/K543938321/ HTTP/1.1" 404 1251 "-" "Mozilla/5.0 (compatible; DataForSeoBot/1.0; +https://dataforseo.com/dataforseo-bot)"
136.243.228.181 - - [01/May/2026:13:25:59 -0400] "GET /index.php/?items/K549326382/ HTTP/1.1" 404 1251 "-" "Mozilla/5.0 (compatible; DataForSeoBot/1.0; +https://dataforseo.com/dataforseo-bot)"
112.204.168.183 - - [01/May/2026:13:26:14 -0400] "POST /xmlrpc.php HTTP/1.1" 403 22 "-" "Jetpack/12.5; WordPress/6.2; http://site90725916.com"
136.243.228.181 - - [01/May/2026:13:26:16 -0400] "GET /index.php/?items/K548864680/ HTTP/1.1" 404 1251 "-" "Mozilla/5.0 (compatible; DataForSeoBot/1.0; +https://dataforseo.com/dataforseo-bot)"
136.243.228.181 - - [01/May/2026:13:26:19 -0400] "GET /index.php/?items/K542243646/ HTTP/1.1" 404 1251 "-" "Mozilla/5.0 (compatible; DataForSeoBot/1.0; +https://dataforseo.com/dataforseo-bot)"
136.243.228.181 - - [01/May/2026:13:26:31 -0400] "GET /index.php/?items/K543649896/ HTTP/1.1" 404 1251 "-" "Mozilla/5.0 (compatible; DataForSeoBot/1.0; +https://dataforseo.com/dataforseo-bot)"
216.73.217.56 - - [01/May/2026:13:26:37 -0400] "GET /classwithtostring.php HTTP/1.1" 200 0 "-" "Mozilla/5.0 AppleWebKit/537.36 (KHTML, like Gecko; compatible; ClaudeBot/1.0; +claudebot@anthropic.com)"
136.243.228.181 - - [01/May/2026:13:26:44 -0400] "GET /index.php/?items/K545590885/ HTTP/1.1" 404 1251 "-" "Mozilla/5.0 (compatible; DataForSeoBot/1.0; +https://dataforseo.com/dataforseo-bot)"
112.204.168.183 - - [01/May/2026:13:26:46 -0400] "POST /xmlrpc.php HTTP/1.1" 403 22 "-" "WordPress.com; https://wordpress.com"
136.243.228.181 - - [01/May/2026:13:25:48 -0400] "GET /index.php/?items/K548526450/ HTTP/1.1" 404 1251 "-" "Mozilla/5.0 (compatible; DataForSeoBot/1.0; +https://dataforseo.com/dataforseo-bot)"
136.243.228.181 - - [01/May/2026:13:25:52 -0400] "GET /index.php/?items/K548095141/ HTTP/1.1" 404 1251 "-" "Mozilla/5.0 (compatible; DataForSeoBot/1.0; +https://dataforseo.com/dataforseo-bot)"
112.204.168.183 - - [01/May/2026:13:26:04 -0400] "POST /xmlrpc.php HTTP/1.1" 403 22 "-" "Jetpack/12.1; WordPress/6.4; http://site78212522.com"
136.243.228.181 - - [01/May/2026:13:26:04 -0400] "GET /index.php/?items/K547620211/ HTTP/1.1" 404 1251 "-" "Mozilla/5.0 (compatible; DataForSeoBot/1.0; +https://dataforseo.com/dataforseo-bot)"
136.243.228.181 - - [01/May/2026:13:26:08 -0400] "GET /index.php/?items/K541490073/ HTTP/1.1" 404 1251 "-" "Mozilla/5.0 (compatible; DataForSeoBot/1.0; +https://dataforseo.com/dataforseo-bot)"
136.243.228.181 - - [01/May/2026:13:26:12 -0400] "GET /index.php/?items/K549440299/ HTTP/1.1" 404 1251 "-" "Mozilla/5.0 (compatible; DataForSeoBot/1.0; +https://dataforseo.com/dataforseo-bot)"
136.243.228.181 - - [01/May/2026:13:26:24 -0400] "GET /index.php/?items/K546748131/ HTTP/1.1" 404 1251 "-" "Mozilla/5.0 (compatible; DataForSeoBot/1.0; +https://dataforseo.com/dataforseo-bot)"
112.204.168.183 - - [01/May/2026:13:26:25 -0400] "POST /xmlrpc.php HTTP/1.1" 403 22 "-" "Jetpack by WordPress.com"
136.243.228.181 - - [01/May/2026:13:26:27 -0400] "GET /index.php/?items/K549110216/ HTTP/1.1" 404 1251 "-" "Mozilla/5.0 (compatible; DataForSeoBot/1.0; +https://dataforseo.com/dataforseo-bot)"
112.204.168.183 - - [01/May/2026:13:26:36 -0400] "POST /xmlrpc.php HTTP/1.1" 403 22 "-" "Jetpack by WordPress.com"
136.243.228.181 - - [01/May/2026:13:26:36 -0400] "GET /index.php/?items/K541744457/ HTTP/1.1" 404 1251 "-" "Mozilla/5.0 (compatible; DataForSeoBot/1.0; +https://dataforseo.com/dataforseo-bot)"
136.243.228.181 - - [01/May/2026:13:26:40 -0400] "GET /index.php/?items/K547692728/ HTTP/1.1" 404 1251 "-" "Mozilla/5.0 (compatible; DataForSeoBot/1.0; +https://dataforseo.com/dataforseo-bot)"
136.243.228.181 - - [01/May/2026:13:26:48 -0400] "GET /index.php/?items/K547406779/ HTTP/1.1" 404 1251 "-" "Mozilla/5.0 (compatible; DataForSeoBot/1.0; +https://dataforseo.com/dataforseo-bot)"
136.243.228.181 - - [01/May/2026:13:27:00 -0400] "GET /index.php/?items/K548121296/ HTTP/1.1" 404 1251 "-" "Mozilla/5.0 (compatible; DataForSeoBot/1.0; +https://dataforseo.com/dataforseo-bot)"
136.243.228.181 - - [01/May/2026:13:27:05 -0400] "GET /index.php/?items/K541740172/ HTTP/1.1" 404 1251 "-" "Mozilla/5.0 (compatible; DataForSeoBot/1.0; +https://dataforseo.com/dataforseo-bot)"
136.243.228.181 - - [01/May/2026:13:27:09 -0400] "GET /index.php/?items/K549758443/ HTTP/1.1" 404 1251 "-" "Mozilla/5.0 (compatible; DataForSeoBot/1.0; +https://dataforseo.com/dataforseo-bot)"
112.204.168.183 - - [01/May/2026:13:27:18 -0400] "POST /xmlrpc.php HTTP/1.1" 403 22 "-" "Jetpack/12.0; WordPress/6.4; http://site90543944.com"
136.243.228.181 - - [01/May/2026:13:27:40 -0400] "GET /index.php/?items/K548769506/ HTTP/1.1" 404 1251 "-" "Mozilla/5.0 (compatible; DataForSeoBot/1.0; +https://dataforseo.com/dataforseo-bot)"
136.243.228.181 - - [01/May/2026:13:27:57 -0400] "GET /index.php/?items/K549395204/ HTTP/1.1" 404 1251 "-" "Mozilla/5.0 (compatible; DataForSeoBot/1.0; +https://dataforseo.com/dataforseo-bot)"
136.243.228.181 - - [01/May/2026:13:28:08 -0400] "GET /index.php/?items/K547239189/ HTTP/1.1" 404 1251 "-" "Mozilla/5.0 (compatible; DataForSeoBot/1.0; +https://dataforseo.com/dataforseo-bot)"
136.243.228.181 - - [01/May/2026:13:28:13 -0400] "GET /index.php/?items/K548018788/ HTTP/1.1" 404 1251 "-" "Mozilla/5.0 (compatible; DataForSeoBot/1.0; +https://dataforseo.com/dataforseo-bot)"
136.243.228.181 - - [01/May/2026:13:28:17 -0400] "GET /index.php/?items/K544960028/ HTTP/1.1" 404 1251 "-" "Mozilla/5.0 (compatible; DataForSeoBot/1.0; +https://dataforseo.com/dataforseo-bot)"
136.243.228.181 - - [01/May/2026:13:26:52 -0400] "GET /index.php/?items/K546005726/ HTTP/1.1" 404 1251 "-" "Mozilla/5.0 (compatible; DataForSeoBot/1.0; +https://dataforseo.com/dataforseo-bot)"
136.243.228.181 - - [01/May/2026:13:26:56 -0400] "GET /index.php/?items/K548613355/ HTTP/1.1" 404 1251 "-" "Mozilla/5.0 (compatible; DataForSeoBot/1.0; +https://dataforseo.com/dataforseo-bot)"
112.204.168.183 - - [01/May/2026:13:26:57 -0400] "POST /xmlrpc.php HTTP/1.1" 403 22 "-" "Jetpack by WordPress.com (Jetpack 12.1; WordPress 6.1)"
112.204.168.183 - - [01/May/2026:13:27:08 -0400] "POST /xmlrpc.php HTTP/1.1" 403 22 "-" "Jetpack by WordPress.com"
136.243.228.181 - - [01/May/2026:13:27:13 -0400] "GET /index.php/?items/K543965647/ HTTP/1.1" 404 1251 "-" "Mozilla/5.0 (compatible; DataForSeoBot/1.0; +https://dataforseo.com/dataforseo-bot)"
136.243.228.181 - - [01/May/2026:13:27:17 -0400] "GET /index.php/?items/K545226033/ HTTP/1.1" 404 1251 "-" "Mozilla/5.0 (compatible; DataForSeoBot/1.0; +https://dataforseo.com/dataforseo-bot)"
136.243.228.181 - - [01/May/2026:13:27:21 -0400] "GET /index.php/?items/K544065819/ HTTP/1.1" 404 1251 "-" "Mozilla/5.0 (compatible; DataForSeoBot/1.0; +https://dataforseo.com/dataforseo-bot)"
136.243.228.181 - - [01/May/2026:13:27:25 -0400] "GET /index.php/?items/K543499719/ HTTP/1.1" 404 1251 "-" "Mozilla/5.0 (compatible; DataForSeoBot/1.0; +https://dataforseo.com/dataforseo-bot)"
112.204.168.183 - - [01/May/2026:13:27:29 -0400] "POST /xmlrpc.php HTTP/1.1" 403 22 "-" "Jetpack by WordPress.com (Jetpack 12.0; WordPress 6.4)"
136.243.228.181 - - [01/May/2026:13:27:29 -0400] "GET /index.php/?items/K545585303/ HTTP/1.1" 404 1251 "-" "Mozilla/5.0 (compatible; DataForSeoBot/1.0; +https://dataforseo.com/dataforseo-bot)"
136.243.228.181 - - [01/May/2026:13:27:33 -0400] "GET /index.php/?items/K547940194/ HTTP/1.1" 404 1251 "-" "Mozilla/5.0 (compatible; DataForSeoBot/1.0; +https://dataforseo.com/dataforseo-bot)"
136.243.228.181 - - [01/May/2026:13:27:37 -0400] "GET /index.php/?items/K546251542/ HTTP/1.1" 404 1251 "-" "Mozilla/5.0 (compatible; DataForSeoBot/1.0; +https://dataforseo.com/dataforseo-bot)"
112.204.168.183 - - [01/May/2026:13:27:40 -0400] "POST /xmlrpc.php HTTP/1.1" 403 22 "-" "Jetpack by WordPress.com (Jetpack 12.5; WordPress 6.3)"
136.243.228.181 - - [01/May/2026:13:27:44 -0400] "GET /index.php/?items/K543568032/ HTTP/1.1" 404 1251 "-" "Mozilla/5.0 (compatible; DataForSeoBot/1.0; +https://dataforseo.com/dataforseo-bot)"
136.243.228.181 - - [01/May/2026:13:27:48 -0400] "GET /index.php/?items/K545581728/ HTTP/1.1" 404 1251 "-" "Mozilla/5.0 (compatible; DataForSeoBot/1.0; +https://dataforseo.com/dataforseo-bot)"
112.204.168.183 - - [01/May/2026:13:27:50 -0400] "POST /xmlrpc.php HTTP/1.1" 403 22 "-" "Jetpack/13.0; WordPress/6.1; http://site30440593.com"
136.243.228.181 - - [01/May/2026:13:27:53 -0400] "GET /index.php/?items/K541487822/ HTTP/1.1" 404 1251 "-" "Mozilla/5.0 (compatible; DataForSeoBot/1.0; +https://dataforseo.com/dataforseo-bot)"
112.204.168.183 - - [01/May/2026:13:28:01 -0400] "POST /xmlrpc.php HTTP/1.1" 403 22 "-" "Jetpack by WordPress.com"
136.243.228.181 - - [01/May/2026:13:28:01 -0400] "GET /index.php/?items/K549649894/ HTTP/1.1" 404 1251 "-" "Mozilla/5.0 (compatible; DataForSeoBot/1.0; +https://dataforseo.com/dataforseo-bot)"
136.243.228.181 - - [01/May/2026:13:28:04 -0400] "GET /index.php/?items/K543217485/ HTTP/1.1" 404 1251 "-" "Mozilla/5.0 (compatible; DataForSeoBot/1.0; +https://dataforseo.com/dataforseo-bot)"
112.204.168.183 - - [01/May/2026:13:28:12 -0400] "POST /xmlrpc.php HTTP/1.1" 403 22 "-" "Jetpack/12.0; WordPress/6.1; http://site43817933.com"
72.14.201.147 - - [01/May/2026:13:28:12 -0400] "GET /about/ HTTP/1.1" 200 623 "https://www.google.com/" "Mozilla/5.0 (Linux; Android 10; K) AppleWebKit/537.36 (KHTML, like Gecko) Chrome/147.0.0.0 Mobile Safari/537.36"
112.204.168.183 - - [01/May/2026:13:28:22 -0400] "POST /xmlrpc.php HTTP/1.1" 403 22 "-" "Jetpack by WordPress.com"
136.243.228.181 - - [01/May/2026:13:28:24 -0400] "GET /index.php/?items/K549200729/ HTTP/1.1" 404 1251 "-" "Mozilla/5.0 (compatible; DataForSeoBot/1.0; +https://dataforseo.com/dataforseo-bot)"
136.243.228.181 - - [01/May/2026:13:28:33 -0400] "GET /index.php/?items/K542747031/ HTTP/1.1" 404 1251 "-" "Mozilla/5.0 (compatible; DataForSeoBot/1.0; +https://dataforseo.com/dataforseo-bot)"
136.243.228.181 - - [01/May/2026:13:28:49 -0400] "GET /index.php/?items/K544514450/ HTTP/1.1" 404 1251 "-" "Mozilla/5.0 (compatible; DataForSeoBot/1.0; +https://dataforseo.com/dataforseo-bot)"
136.243.228.181 - - [01/May/2026:13:28:53 -0400] "GET /index.php/?items/K542329168/ HTTP/1.1" 404 1251 "-" "Mozilla/5.0 (compatible; DataForSeoBot/1.0; +https://dataforseo.com/dataforseo-bot)"
112.204.168.183 - - [01/May/2026:13:28:55 -0400] "POST /xmlrpc.php HTTP/1.1" 403 22 "-" "Jetpack/13.0; WordPress/6.1; http://site75595266.com"
136.243.228.181 - - [01/May/2026:13:28:57 -0400] "GET /index.php/?items/K543973371/ HTTP/1.1" 404 1251 "-" "Mozilla/5.0 (compatible; DataForSeoBot/1.0; +https://dataforseo.com/dataforseo-bot)"
68.65.122.51 - - [01/May/2026:13:29:05 -0400] "POST /wp-cron.php?doing_wp_cron=1777656545.0756769180297851562500 HTTP/1.1" 200 0 "-" "WordPress/6.9.4; https://patrickspestsandplants.com"
209.141.37.194 - - [01/May/2026:13:29:00 -0400] "GET /wp-login.php HTTP/1.1" 200 9337 "-" "Mozilla/5.0 (Windows NT 6.0) AppleWebKit/537.36 (KHTML, like Gecko) Chrome/36.0.1985.125 Safari/537.36"
112.204.168.183 - - [01/May/2026:13:29:05 -0400] "POST /xmlrpc.php HTTP/1.1" 403 22 "-" "Jetpack by WordPress.com (Jetpack 12.5; WordPress 6.3)"
136.243.228.181 - - [01/May/2026:13:29:13 -0400] "GET /index.php/?items/K542693908/ HTTP/1.1" 404 1251 "-" "Mozilla/5.0 (compatible; DataForSeoBot/1.0; +https://dataforseo.com/dataforseo-bot)"
136.243.228.181 - - [01/May/2026:13:28:21 -0400] "GET /index.php/?items/K548513648/ HTTP/1.1" 404 1251 "-" "Mozilla/5.0 (compatible; DataForSeoBot/1.0; +https://dataforseo.com/dataforseo-bot)"
136.243.228.181 - - [01/May/2026:13:28:29 -0400] "GET /index.php/?items/K548136285/ HTTP/1.1" 404 1251 "-" "Mozilla/5.0 (compatible; DataForSeoBot/1.0; +https://dataforseo.com/dataforseo-bot)"
112.204.168.183 - - [01/May/2026:13:28:33 -0400] "POST /xmlrpc.php HTTP/1.1" 403 22 "-" "Jetpack by WordPress.com (Jetpack 12.5; WordPress 6.4)"
136.243.228.181 - - [01/May/2026:13:28:37 -0400] "GET /index.php/?items/K541980552/ HTTP/1.1" 404 1251 "-" "Mozilla/5.0 (compatible; DataForSeoBot/1.0; +https://dataforseo.com/dataforseo-bot)"
136.243.228.181 - - [01/May/2026:13:28:41 -0400] "GET /index.php/?items/K548685993/ HTTP/1.1" 404 1251 "-" "Mozilla/5.0 (compatible; DataForSeoBot/1.0; +https://dataforseo.com/dataforseo-bot)"
112.204.168.183 - - [01/May/2026:13:28:44 -0400] "POST /xmlrpc.php HTTP/1.1" 403 22 "-" "Jetpack/13.0; WordPress/6.2; http://site74615237.com"
136.243.228.181 - - [01/May/2026:13:28:45 -0400] "GET /index.php/?items/K544743008/ HTTP/1.1" 404 1251 "-" "Mozilla/5.0 (compatible; DataForSeoBot/1.0; +https://dataforseo.com/dataforseo-bot)"
136.243.228.181 - - [01/May/2026:13:29:01 -0400] "GET /index.php/?items/K548763092/ HTTP/1.1" 404 1251 "-" "Mozilla/5.0 (compatible; DataForSeoBot/1.0; +https://dataforseo.com/dataforseo-bot)"
136.243.228.181 - - [01/May/2026:13:29:05 -0400] "GET /index.php/?items/K545557844/ HTTP/1.1" 404 1251 "-" "Mozilla/5.0 (compatible; DataForSeoBot/1.0; +https://dataforseo.com/dataforseo-bot)"
136.243.228.181 - - [01/May/2026:13:29:09 -0400] "GET /index.php/?items/K542990535/ HTTP/1.1" 404 1251 "-" "Mozilla/5.0 (compatible; DataForSeoBot/1.0; +https://dataforseo.com/dataforseo-bot)"
80.77.146.194 - - [01/May/2026:13:29:15 -0400] "GET /wp-login.php HTTP/1.1" 200 2918 "-" "Mozilla/5.0 (X11; CrOS x86_64 10575.55.0) AppleWebKit/537.36 (KHTML, like Gecko) Chrome/67.0.3396.87 Safari/537.36"
80.77.146.194 - - [01/May/2026:13:29:16 -0400] "POST /wp-login.php HTTP/1.1" 200 3065 "https://patrickspestsandplants.com/wp-login.php" "Mozilla/5.0 (X11; CrOS x86_64 10575.55.0) AppleWebKit/537.36 (KHTML, like Gecko) Chrome/67.0.3396.87 Safari/537.36"
136.243.228.181 - - [01/May/2026:13:29:21 -0400] "GET /index.php/?items/K546470294/ HTTP/1.1" 404 1251 "-" "Mozilla/5.0 (compatible; DataForSeoBot/1.0; +https://dataforseo.com/dataforseo-bot)"
136.243.228.181 - - [01/May/2026:13:29:25 -0400] "GET /index.php/?items/K547826624/ HTTP/1.1" 404 1251 "-" "Mozilla/5.0 (compatible; DataForSeoBot/1.0; +https://dataforseo.com/dataforseo-bot)"
136.243.228.181 - - [01/May/2026:13:29:29 -0400] "GET /index.php/?items/K547402268/ HTTP/1.1" 404 1251 "-" "Mozilla/5.0 (compatible; DataForSeoBot/1.0; +https://dataforseo.com/dataforseo-bot)"
136.243.228.181 - - [01/May/2026:13:29:37 -0400] "GET /index.php/?items/K541388589/ HTTP/1.1" 404 1251 "-" "Mozilla/5.0 (compatible; DataForSeoBot/1.0; +https://dataforseo.com/dataforseo-bot)"
136.243.228.181 - - [01/May/2026:13:29:44 -0400] "GET /index.php/?items/K546631740/ HTTP/1.1" 404 1251 "-" "Mozilla/5.0 (compatible; DataForSeoBot/1.0; +https://dataforseo.com/dataforseo-bot)"
112.204.168.183 - - [01/May/2026:13:29:48 -0400] "POST /xmlrpc.php HTTP/1.1" 403 22 "-" "Jetpack by WordPress.com"
136.243.228.181 - - [01/May/2026:13:29:49 -0400] "GET /index.php/?items/K544232901/ HTTP/1.1" 404 1251 "-" "Mozilla/5.0 (compatible; DataForSeoBot/1.0; +https://dataforseo.com/dataforseo-bot)"
136.243.228.181 - - [01/May/2026:13:29:52 -0400] "GET /index.php/?items/K543624660/ HTTP/1.1" 404 1251 "-" "Mozilla/5.0 (compatible; DataForSeoBot/1.0; +https://dataforseo.com/dataforseo-bot)"
136.243.228.181 - - [01/May/2026:13:29:56 -0400] "GET /index.php/?items/K542670962/ HTTP/1.1" 404 1251 "-" "Mozilla/5.0 (compatible; DataForSeoBot/1.0; +https://dataforseo.com/dataforseo-bot)"
136.243.228.181 - - [01/May/2026:13:30:01 -0400] "GET /index.php/?items/K542189334/ HTTP/1.1" 404 1251 "-" "Mozilla/5.0 (compatible; DataForSeoBot/1.0; +https://dataforseo.com/dataforseo-bot)"
66.249.65.32 - - [01/May/2026:13:30:02 -0400] "GET /product/55682920250914024846 HTTP/1.1" 404 1251 "-" "Mozilla/5.0 (Linux; Android 6.0.1; Nexus 5X Build/MMB29P) AppleWebKit/537.36 (KHTML, like Gecko) Chrome/147.0.7727.137 Mobile Safari/537.36 (compatible; Googlebot/2.1; +http://www.google.com/bot.html)"
205.185.118.250 - - [01/May/2026:13:30:16 -0400] "GET /wp-login.php HTTP/1.1" 200 9337 "-" "Mozilla/5.0 (iPhone; CPU iPhone OS 7_1_2 like Mac OS X) AppleWebKit/537.51.2 (KHTML, like Gecko) Version/7.0 Mobile/11D257 Safari/9537.53"
136.243.228.181 - - [01/May/2026:13:30:16 -0400] "GET /index.php/?items/K543457981/ HTTP/1.1" 404 1251 "-" "Mozilla/5.0 (compatible; DataForSeoBot/1.0; +https://dataforseo.com/dataforseo-bot)"
112.204.168.183 - - [01/May/2026:13:30:20 -0400] "POST /xmlrpc.php HTTP/1.1" 403 22 "-" "Jetpack by WordPress.com"
136.243.228.181 - - [01/May/2026:13:30:25 -0400] "GET /index.php/?items/K542444474/ HTTP/1.1" 404 1251 "-" "Mozilla/5.0 (compatible; DataForSeoBot/1.0; +https://dataforseo.com/dataforseo-bot)"
205.185.118.250 - - [01/May/2026:13:30:35 -0400] "POST /wp-login.php HTTP/1.1" 200 9776 "-" "Mozilla/5.0 (iPhone; CPU iPhone OS 7_1_2 like Mac OS X) AppleWebKit/537.51.2 (KHTML, like Gecko) Version/7.0 Mobile/11D257 Safari/9537.53"
136.243.228.181 - - [01/May/2026:13:30:37 -0400] "GET /index.php/?items/K547431340/ HTTP/1.1" 404 1251 "-" "Mozilla/5.0 (compatible; DataForSeoBot/1.0; +https://dataforseo.com/dataforseo-bot)"
112.204.168.183 - - [01/May/2026:13:30:41 -0400] "POST /xmlrpc.php HTTP/1.1" 403 22 "-" "Jetpack by WordPress.com (Jetpack 13.0; WordPress 6.2)"
136.243.228.181 - - [01/May/2026:13:30:45 -0400] "GET /index.php/?items/K546060364/ HTTP/1.1" 404 1251 "-" "Mozilla/5.0 (compatible; DataForSeoBot/1.0; +https://dataforseo.com/dataforseo-bot)"
112.204.168.183 - - [01/May/2026:13:29:16 -0400] "POST /xmlrpc.php HTTP/1.1" 403 22 "-" "Jetpack by WordPress.com (Jetpack 13.0; WordPress 6.3)"
136.243.228.181 - - [01/May/2026:13:29:16 -0400] "GET /index.php/?items/K544570988/ HTTP/1.1" 404 1251 "-" "Mozilla/5.0 (compatible; DataForSeoBot/1.0; +https://dataforseo.com/dataforseo-bot)"
112.204.168.183 - - [01/May/2026:13:29:27 -0400] "POST /xmlrpc.php HTTP/1.1" 403 22 "-" "Jetpack by WordPress.com"
136.243.228.181 - - [01/May/2026:13:29:33 -0400] "GET /index.php/?items/K544997458/ HTTP/1.1" 404 1251 "-" "Mozilla/5.0 (compatible; DataForSeoBot/1.0; +https://dataforseo.com/dataforseo-bot)"
112.204.168.183 - - [01/May/2026:13:29:37 -0400] "POST /xmlrpc.php HTTP/1.1" 403 22 "-" "Jetpack/12.1; WordPress/6.4; http://site17667385.com"
136.243.228.181 - - [01/May/2026:13:29:41 -0400] "GET /index.php/?items/K541992903/ HTTP/1.1" 404 1251 "-" "Mozilla/5.0 (compatible; DataForSeoBot/1.0; +https://dataforseo.com/dataforseo-bot)"
112.204.168.183 - - [01/May/2026:13:29:59 -0400] "POST /xmlrpc.php HTTP/1.1" 403 22 "-" "Jetpack/12.5; WordPress/6.4; http://site67840635.com"
136.243.228.181 - - [01/May/2026:13:30:04 -0400] "GET /index.php/?items/K543377223/ HTTP/1.1" 404 1251 "-" "Mozilla/5.0 (compatible; DataForSeoBot/1.0; +https://dataforseo.com/dataforseo-bot)"
136.243.228.181 - - [01/May/2026:13:30:08 -0400] "GET /index.php/?items/K541075603/ HTTP/1.1" 404 1251 "-" "Mozilla/5.0 (compatible; DataForSeoBot/1.0; +https://dataforseo.com/dataforseo-bot)"
112.204.168.183 - - [01/May/2026:13:30:09 -0400] "POST /xmlrpc.php HTTP/1.1" 403 22 "-" "WordPress.com; https://wordpress.com"
136.243.228.181 - - [01/May/2026:13:30:12 -0400] "GET /index.php/?items/K549185379/ HTTP/1.1" 404 1251 "-" "Mozilla/5.0 (compatible; DataForSeoBot/1.0; +https://dataforseo.com/dataforseo-bot)"
68.65.122.51 - - [01/May/2026:13:30:16 -0400] "POST /wp-cron.php?doing_wp_cron=1777656616.4941759109497070312500 HTTP/1.1" 200 0 "-" "WordPress/6.9.4; https://patrickspestsandplants.com"
136.243.228.181 - - [01/May/2026:13:30:20 -0400] "GET /index.php/?items/K549707221/ HTTP/1.1" 404 1251 "-" "Mozilla/5.0 (compatible; DataForSeoBot/1.0; +https://dataforseo.com/dataforseo-bot)"
136.243.228.181 - - [01/May/2026:13:30:29 -0400] "GET /index.php/?items/K544084230/ HTTP/1.1" 404 1251 "-" "Mozilla/5.0 (compatible; DataForSeoBot/1.0; +https://dataforseo.com/dataforseo-bot)"
112.204.168.183 - - [01/May/2026:13:30:31 -0400] "POST /xmlrpc.php HTTP/1.1" 403 22 "-" "Jetpack by WordPress.com"
136.243.228.181 - - [01/May/2026:13:30:33 -0400] "GET /index.php/?items/K542398332/ HTTP/1.1" 404 1251 "-" "Mozilla/5.0 (compatible; DataForSeoBot/1.0; +https://dataforseo.com/dataforseo-bot)"
136.243.228.181 - - [01/May/2026:13:30:41 -0400] "GET /index.php/?items/K542062449/ HTTP/1.1" 404 1251 "-" "Mozilla/5.0 (compatible; DataForSeoBot/1.0; +https://dataforseo.com/dataforseo-bot)"
136.243.228.181 - - [01/May/2026:13:30:49 -0400] "GET /index.php/?items/K549095961/ HTTP/1.1" 404 1251 "-" "Mozilla/5.0 (compatible; DataForSeoBot/1.0; +https://dataforseo.com/dataforseo-bot)"
112.204.168.183 - - [01/May/2026:13:30:52 -0400] "POST /xmlrpc.php HTTP/1.1" 403 22 "-" "WordPress.com; https://wordpress.com"
136.243.228.181 - - [01/May/2026:13:31:05 -0400] "GET /index.php/?items/K544543700/ HTTP/1.1" 404 1251 "-" "Mozilla/5.0 (compatible; DataForSeoBot/1.0; +https://dataforseo.com/dataforseo-bot)"
136.243.228.181 - - [01/May/2026:13:31:12 -0400] "GET /index.php/?items/K547730157/ HTTP/1.1" 404 1251 "-" "Mozilla/5.0 (compatible; DataForSeoBot/1.0; +https://dataforseo.com/dataforseo-bot)"
112.204.168.183 - - [01/May/2026:13:31:13 -0400] "POST /xmlrpc.php HTTP/1.1" 403 22 "-" "Jetpack/12.5; WordPress/6.1; http://site94041852.com"
136.243.228.181 - - [01/May/2026:13:31:17 -0400] "GET /index.php/?items/K542588114/ HTTP/1.1" 404 1251 "-" "Mozilla/5.0 (compatible; DataForSeoBot/1.0; +https://dataforseo.com/dataforseo-bot)"
136.243.228.181 - - [01/May/2026:13:32:24 -0400] "GET /index.php/?items/K547545083/ HTTP/1.1" 404 1251 "-" "Mozilla/5.0 (compatible; DataForSeoBot/1.0; +https://dataforseo.com/dataforseo-bot)"
112.204.168.183 - - [01/May/2026:13:32:28 -0400] "POST /xmlrpc.php HTTP/1.1" 403 22 "-" "Jetpack by WordPress.com (Jetpack 12.0; WordPress 6.2)"
136.243.228.181 - - [01/May/2026:13:32:29 -0400] "GET /index.php/?items/K544924475/ HTTP/1.1" 404 1251 "-" "Mozilla/5.0 (compatible; DataForSeoBot/1.0; +https://dataforseo.com/dataforseo-bot)"
136.243.228.181 - - [01/May/2026:13:32:34 -0400] "GET /index.php/?items/K541388449/ HTTP/1.1" 404 1251 "-" "Mozilla/5.0 (compatible; DataForSeoBot/1.0; +https://dataforseo.com/dataforseo-bot)"
112.204.168.183 - - [01/May/2026:13:32:39 -0400] "POST /xmlrpc.php HTTP/1.1" 403 22 "-" "Jetpack by WordPress.com (Jetpack 12.0; WordPress 6.3)"
136.243.228.181 - - [01/May/2026:13:32:43 -0400] "GET /index.php/?items/K544040171/ HTTP/1.1" 404 1251 "-" "Mozilla/5.0 (compatible; DataForSeoBot/1.0; +https://dataforseo.com/dataforseo-bot)"
136.243.228.181 - - [01/May/2026:13:32:55 -0400] "GET /index.php/?items/K546852744/ HTTP/1.1" 404 1251 "-" "Mozilla/5.0 (compatible; DataForSeoBot/1.0; +https://dataforseo.com/dataforseo-bot)"
136.243.228.181 - - [01/May/2026:13:32:59 -0400] "GET /index.php/?items/K545392650/ HTTP/1.1" 404 1251 "-" "Mozilla/5.0 (compatible; DataForSeoBot/1.0; +https://dataforseo.com/dataforseo-bot)"
112.204.168.183 - - [01/May/2026:13:33:00 -0400] "POST /xmlrpc.php HTTP/1.1" 403 22 "-" "Jetpack/12.0; WordPress/6.3; http://site44417225.com"
66.249.65.33 - - [01/May/2026:13:33:01 -0400] "GET /items/W859368362 HTTP/1.1" 404 1251 "-" "Mozilla/5.0 (Linux; Android 6.0.1; Nexus 5X Build/MMB29P) AppleWebKit/537.36 (KHTML, like Gecko) Chrome/147.0.7727.137 Mobile Safari/537.36 (compatible; Googlebot/2.1; +http://www.google.com/bot.html)"
112.204.168.183 - - [01/May/2026:13:33:11 -0400] "POST /xmlrpc.php HTTP/1.1" 403 22 "-" "Jetpack by WordPress.com"
136.243.228.181 - - [01/May/2026:13:33:15 -0400] "GET /index.php/?items/K547256631/ HTTP/1.1" 404 1251 "-" "Mozilla/5.0 (compatible; DataForSeoBot/1.0; +https://dataforseo.com/dataforseo-bot)"
112.204.168.183 - - [01/May/2026:13:33:21 -0400] "POST /xmlrpc.php HTTP/1.1" 403 22 "-" "Jetpack by WordPress.com (Jetpack 12.5; WordPress 6.3)"
68.65.122.51 - - [01/May/2026:13:33:31 -0400] "POST /wp-cron.php?doing_wp_cron=1777656811.7990500926971435546875 HTTP/1.1" 200 0 "-" "WordPress/6.9.4; https://patrickspestsandplants.com"
136.243.228.181 - - [01/May/2026:13:33:32 -0400] "GET /index.php/?items/K549189185/ HTTP/1.1" 404 1251 "-" "Mozilla/5.0 (compatible; DataForSeoBot/1.0; +https://dataforseo.com/dataforseo-bot)"
112.204.168.183 - - [01/May/2026:13:33:32 -0400] "POST /xmlrpc.php HTTP/1.1" 403 22 "-" "Jetpack by WordPress.com"
43.164.194.198 - - [01/May/2026:13:33:35 -0400] "GET / HTTP/1.1" 200 2125 "https://patrickspestsandplants.com/wp-signup.php" "Mozilla/5.0 (iPhone; CPU iPhone OS 13_2_3 like Mac OS X) AppleWebKit/605.1.15 (KHTML, like Gecko) Version/13.0.3 Mobile/15E148 Safari/604.1"
112.204.168.183 - - [01/May/2026:13:33:43 -0400] "POST /xmlrpc.php HTTP/1.1" 403 22 "-" "WordPress.com; https://wordpress.com"
136.243.228.181 - - [01/May/2026:13:33:47 -0400] "GET /index.php/?items/K545021864/ HTTP/1.1" 404 1251 "-" "Mozilla/5.0 (compatible; DataForSeoBot/1.0; +https://dataforseo.com/dataforseo-bot)"
136.243.228.181 - - [01/May/2026:13:33:56 -0400] "GET /index.php/?items/K542573685/ HTTP/1.1" 404 1251 "-" "Mozilla/5.0 (compatible; DataForSeoBot/1.0; +https://dataforseo.com/dataforseo-bot)"
136.243.228.181 - - [01/May/2026:13:34:04 -0400] "GET /index.php/?items/K545476595/ HTTP/1.1" 404 1251 "-" "Mozilla/5.0 (compatible; DataForSeoBot/1.0; +https://dataforseo.com/dataforseo-bot)"
136.243.228.181 - - [01/May/2026:13:34:08 -0400] "GET /index.php/?items/K545202767/ HTTP/1.1" 404 1251 "-" "Mozilla/5.0 (compatible; DataForSeoBot/1.0; +https://dataforseo.com/dataforseo-bot)"
136.243.228.181 - - [01/May/2026:13:32:39 -0400] "GET /index.php/?items/K544408848/ HTTP/1.1" 404 1251 "-" "Mozilla/5.0 (compatible; DataForSeoBot/1.0; +https://dataforseo.com/dataforseo-bot)"
136.243.228.181 - - [01/May/2026:13:32:47 -0400] "GET /index.php/?items/K547825476/ HTTP/1.1" 404 1251 "-" "Mozilla/5.0 (compatible; DataForSeoBot/1.0; +https://dataforseo.com/dataforseo-bot)"
112.204.168.183 - - [01/May/2026:13:32:49 -0400] "POST /xmlrpc.php HTTP/1.1" 403 22 "-" "WordPress.com; https://wordpress.com"
136.243.228.181 - - [01/May/2026:13:32:51 -0400] "GET /index.php/?items/K545905663/ HTTP/1.1" 404 1251 "-" "Mozilla/5.0 (compatible; DataForSeoBot/1.0; +https://dataforseo.com/dataforseo-bot)"
136.243.228.181 - - [01/May/2026:13:33:02 -0400] "GET /index.php/?items/K544839925/ HTTP/1.1" 404 1251 "-" "Mozilla/5.0 (compatible; DataForSeoBot/1.0; +https://dataforseo.com/dataforseo-bot)"
136.243.228.181 - - [01/May/2026:13:33:07 -0400] "GET /index.php/?items/K545756531/ HTTP/1.1" 404 1251 "-" "Mozilla/5.0 (compatible; DataForSeoBot/1.0; +https://dataforseo.com/dataforseo-bot)"
136.243.228.181 - - [01/May/2026:13:33:11 -0400] "GET /index.php/?items/K546103805/ HTTP/1.1" 404 1251 "-" "Mozilla/5.0 (compatible; DataForSeoBot/1.0; +https://dataforseo.com/dataforseo-bot)"
136.243.228.181 - - [01/May/2026:13:33:19 -0400] "GET /index.php/?items/K548169489/ HTTP/1.1" 404 1251 "-" "Mozilla/5.0 (compatible; DataForSeoBot/1.0; +https://dataforseo.com/dataforseo-bot)"
136.243.228.181 - - [01/May/2026:13:33:24 -0400] "GET /index.php/?items/K545406127/ HTTP/1.1" 404 1251 "-" "Mozilla/5.0 (compatible; DataForSeoBot/1.0; +https://dataforseo.com/dataforseo-bot)"
136.243.228.181 - - [01/May/2026:13:33:29 -0400] "GET /index.php/?items/K542326686/ HTTP/1.1" 404 1251 "-" "Mozilla/5.0 (compatible; DataForSeoBot/1.0; +https://dataforseo.com/dataforseo-bot)"
43.164.194.198 - - [01/May/2026:13:33:31 -0400] "GET /wp-signup.php HTTP/1.1" 301 0 "-" "Mozilla/5.0 (iPhone; CPU iPhone OS 13_2_3 like Mac OS X) AppleWebKit/605.1.15 (KHTML, like Gecko) Version/13.0.3 Mobile/15E148 Safari/604.1"
136.243.228.181 - - [01/May/2026:13:33:36 -0400] "GET /index.php/?items/K543273615/ HTTP/1.1" 404 1251 "-" "Mozilla/5.0 (compatible; DataForSeoBot/1.0; +https://dataforseo.com/dataforseo-bot)"
136.243.228.181 - - [01/May/2026:13:33:40 -0400] "GET /index.php/?items/K543308342/ HTTP/1.1" 404 1251 "-" "Mozilla/5.0 (compatible; DataForSeoBot/1.0; +https://dataforseo.com/dataforseo-bot)"
136.243.228.181 - - [01/May/2026:13:33:44 -0400] "GET /index.php/?items/K549748652/ HTTP/1.1" 404 1251 "-" "Mozilla/5.0 (compatible; DataForSeoBot/1.0; +https://dataforseo.com/dataforseo-bot)"
136.243.228.181 - - [01/May/2026:13:33:51 -0400] "GET /index.php/?items/K547908181/ HTTP/1.1" 404 1251 "-" "Mozilla/5.0 (compatible; DataForSeoBot/1.0; +https://dataforseo.com/dataforseo-bot)"
112.204.168.183 - - [01/May/2026:13:33:53 -0400] "POST /xmlrpc.php HTTP/1.1" 403 22 "-" "Jetpack/12.1; WordPress/6.1; http://site75286013.com"
136.243.228.181 - - [01/May/2026:13:34:00 -0400] "GET /index.php/?items/K544806880/ HTTP/1.1" 404 1251 "-" "Mozilla/5.0 (compatible; DataForSeoBot/1.0; +https://dataforseo.com/dataforseo-bot)"
112.204.168.183 - - [01/May/2026:13:34:04 -0400] "POST /xmlrpc.php HTTP/1.1" 403 22 "-" "WordPress.com; https://wordpress.com"
52.167.144.137 - - [01/May/2026:13:34:04 -0400] "GET /shop/storeSearch/KeepCriteria?transition=top HTTP/1.1" 404 1251 "-" "Mozilla/5.0 AppleWebKit/537.36 (KHTML, like Gecko; compatible; bingbot/2.0; +http://www.bing.com/bingbot.htm) Chrome/116.0.1938.76 Safari/537.36"
136.243.228.181 - - [01/May/2026:13:34:11 -0400] "GET /index.php/?items/K548178797/ HTTP/1.1" 404 1251 "-" "Mozilla/5.0 (compatible; DataForSeoBot/1.0; +https://dataforseo.com/dataforseo-bot)"
136.243.228.181 - - [01/May/2026:13:34:15 -0400] "GET /index.php/?items/K549426776/ HTTP/1.1" 404 1251 "-" "Mozilla/5.0 (compatible; DataForSeoBot/1.0; +https://dataforseo.com/dataforseo-bot)"
112.204.168.183 - - [01/May/2026:13:34:15 -0400] "POST /xmlrpc.php HTTP/1.1" 403 22 "-" "Jetpack/12.5; WordPress/6.3; http://site48982179.com"
136.243.228.181 - - [01/May/2026:13:34:23 -0400] "GET /index.php/?items/K544539532/ HTTP/1.1" 404 1251 "-" "Mozilla/5.0 (compatible; DataForSeoBot/1.0; +https://dataforseo.com/dataforseo-bot)"
112.204.168.183 - - [01/May/2026:13:34:25 -0400] "POST /xmlrpc.php HTTP/1.1" 403 22 "-" "Jetpack/13.0; WordPress/6.3; http://site19785348.com"
136.243.228.181 - - [01/May/2026:13:34:27 -0400] "GET /index.php/?items/K545739207/ HTTP/1.1" 404 1251 "-" "Mozilla/5.0 (compatible; DataForSeoBot/1.0; +https://dataforseo.com/dataforseo-bot)"
112.204.168.183 - - [01/May/2026:13:34:36 -0400] "POST /xmlrpc.php HTTP/1.1" 403 22 "-" "WordPress.com; https://wordpress.com"
136.243.228.181 - - [01/May/2026:13:34:52 -0400] "GET /index.php/?items/K547343281/ HTTP/1.1" 404 1251 "-" "Mozilla/5.0 (compatible; DataForSeoBot/1.0; +https://dataforseo.com/dataforseo-bot)"
136.243.228.181 - - [01/May/2026:13:34:56 -0400] "GET /index.php/?items/K545489312/ HTTP/1.1" 404 1251 "-" "Mozilla/5.0 (compatible; DataForSeoBot/1.0; +https://dataforseo.com/dataforseo-bot)"
112.204.168.183 - - [01/May/2026:13:34:57 -0400] "POST /xmlrpc.php HTTP/1.1" 403 22 "-" "Jetpack/12.5; WordPress/6.3; http://site65477198.com"
136.243.228.181 - - [01/May/2026:13:35:05 -0400] "GET /index.php/?items/K541412554/ HTTP/1.1" 404 1251 "-" "Mozilla/5.0 (compatible; DataForSeoBot/1.0; +https://dataforseo.com/dataforseo-bot)"
136.243.228.181 - - [01/May/2026:13:35:08 -0400] "GET /index.php/?items/K546992225/ HTTP/1.1" 404 1251 "-" "Mozilla/5.0 (compatible; DataForSeoBot/1.0; +https://dataforseo.com/dataforseo-bot)"
112.204.168.183 - - [01/May/2026:13:35:08 -0400] "POST /xmlrpc.php HTTP/1.1" 403 22 "-" "WordPress.com; https://wordpress.com"
136.243.228.181 - - [01/May/2026:13:35:12 -0400] "GET /index.php/?items/K547439507/ HTTP/1.1" 404 1251 "-" "Mozilla/5.0 (compatible; DataForSeoBot/1.0; +https://dataforseo.com/dataforseo-bot)"
136.243.228.181 - - [01/May/2026:13:35:15 -0400] "GET /index.php/?items/K547871057/ HTTP/1.1" 404 1251 "-" "Mozilla/5.0 (compatible; DataForSeoBot/1.0; +https://dataforseo.com/dataforseo-bot)"
136.243.228.181 - - [01/May/2026:13:35:24 -0400] "GET /index.php/?items/K541769108/ HTTP/1.1" 404 1251 "-" "Mozilla/5.0 (compatible; DataForSeoBot/1.0; +https://dataforseo.com/dataforseo-bot)"
136.243.228.181 - - [01/May/2026:13:35:27 -0400] "GET /index.php/?items/K542832109/ HTTP/1.1" 404 1251 "-" "Mozilla/5.0 (compatible; DataForSeoBot/1.0; +https://dataforseo.com/dataforseo-bot)"
136.243.228.181 - - [01/May/2026:13:35:36 -0400] "GET /index.php/?items/K547933732/ HTTP/1.1" 404 1251 "-" "Mozilla/5.0 (compatible; DataForSeoBot/1.0; +https://dataforseo.com/dataforseo-bot)"
68.65.122.51 - - [01/May/2026:13:35:45 -0400] "POST /wp-cron.php?doing_wp_cron=1777656945.8840460777282714843750 HTTP/1.1" 200 0 "-" "WordPress/6.9.4; https://patrickspestsandplants.com"
210.245.52.129 - - [01/May/2026:13:35:46 -0400] "POST /wp-login.php HTTP/1.1" 200 3065 "https://patrickspestsandplants.com/wp-login.php" "Mozilla/5.0 (Windows NT 6.1; WOW64; Trident/7.0; yie9; rv:11.0) like Gecko"
136.243.228.181 - - [01/May/2026:13:35:48 -0400] "GET /index.php/?items/K549802879/ HTTP/1.1" 404 1251 "-" "Mozilla/5.0 (compatible; DataForSeoBot/1.0; +https://dataforseo.com/dataforseo-bot)"
112.204.168.183 - - [01/May/2026:13:36:01 -0400] "POST /xmlrpc.php HTTP/1.1" 403 22 "-" "Jetpack by WordPress.com (Jetpack 12.0; WordPress 6.1)"
136.243.228.181 - - [01/May/2026:13:36:04 -0400] "GET /index.php/?items/K548623437/ HTTP/1.1" 404 1251 "-" "Mozilla/5.0 (compatible; DataForSeoBot/1.0; +https://dataforseo.com/dataforseo-bot)"
136.243.228.181 - - [01/May/2026:13:36:12 -0400] "GET /index.php/?items/K544424854/ HTTP/1.1" 404 1251 "-" "Mozilla/5.0 (compatible; DataForSeoBot/1.0; +https://dataforseo.com/dataforseo-bot)"
136.243.228.181 - - [01/May/2026:13:34:20 -0400] "GET /index.php/?items/K549167047/ HTTP/1.1" 404 1251 "-" "Mozilla/5.0 (compatible; DataForSeoBot/1.0; +https://dataforseo.com/dataforseo-bot)"
136.243.228.181 - - [01/May/2026:13:34:32 -0400] "GET /index.php/?items/K543509626/ HTTP/1.1" 404 1251 "-" "Mozilla/5.0 (compatible; DataForSeoBot/1.0; +https://dataforseo.com/dataforseo-bot)"
136.243.228.181 - - [01/May/2026:13:34:36 -0400] "GET /index.php/?items/K541629216/ HTTP/1.1" 404 1251 "-" "Mozilla/5.0 (compatible; DataForSeoBot/1.0; +https://dataforseo.com/dataforseo-bot)"
136.243.228.181 - - [01/May/2026:13:34:40 -0400] "GET /index.php/?items/K546073429/ HTTP/1.1" 404 1251 "-" "Mozilla/5.0 (compatible; DataForSeoBot/1.0; +https://dataforseo.com/dataforseo-bot)"
136.243.228.181 - - [01/May/2026:13:34:44 -0400] "GET /index.php/?items/K545973869/ HTTP/1.1" 404 1251 "-" "Mozilla/5.0 (compatible; DataForSeoBot/1.0; +https://dataforseo.com/dataforseo-bot)"
112.204.168.183 - - [01/May/2026:13:34:47 -0400] "POST /xmlrpc.php HTTP/1.1" 403 22 "-" "Jetpack by WordPress.com (Jetpack 12.0; WordPress 6.2)"
136.243.228.181 - - [01/May/2026:13:34:48 -0400] "GET /index.php/?items/K544316195/ HTTP/1.1" 404 1251 "-" "Mozilla/5.0 (compatible; DataForSeoBot/1.0; +https://dataforseo.com/dataforseo-bot)"
136.243.228.181 - - [01/May/2026:13:35:00 -0400] "GET /index.php/?items/K543064091/ HTTP/1.1" 404 1251 "-" "Mozilla/5.0 (compatible; DataForSeoBot/1.0; +https://dataforseo.com/dataforseo-bot)"
112.204.168.183 - - [01/May/2026:13:35:19 -0400] "POST /xmlrpc.php HTTP/1.1" 403 22 "-" "Jetpack by WordPress.com"
136.243.228.181 - - [01/May/2026:13:35:20 -0400] "GET /index.php/?items/K549761274/ HTTP/1.1" 404 1251 "-" "Mozilla/5.0 (compatible; DataForSeoBot/1.0; +https://dataforseo.com/dataforseo-bot)"
112.204.168.183 - - [01/May/2026:13:35:29 -0400] "POST /xmlrpc.php HTTP/1.1" 403 22 "-" "Jetpack/12.1; WordPress/6.2; http://site44185195.com"
136.243.228.181 - - [01/May/2026:13:35:32 -0400] "GET /index.php/?items/K546818929/ HTTP/1.1" 404 1251 "-" "Mozilla/5.0 (compatible; DataForSeoBot/1.0; +https://dataforseo.com/dataforseo-bot)"
136.243.228.181 - - [01/May/2026:13:35:39 -0400] "GET /index.php/?items/K543709998/ HTTP/1.1" 404 1251 "-" "Mozilla/5.0 (compatible; DataForSeoBot/1.0; +https://dataforseo.com/dataforseo-bot)"
112.204.168.183 - - [01/May/2026:13:35:40 -0400] "POST /xmlrpc.php HTTP/1.1" 403 22 "-" "Jetpack by WordPress.com"
136.243.228.181 - - [01/May/2026:13:35:44 -0400] "GET /index.php/?items/K541876244/ HTTP/1.1" 404 1251 "-" "Mozilla/5.0 (compatible; DataForSeoBot/1.0; +https://dataforseo.com/dataforseo-bot)"
210.245.52.129 - - [01/May/2026:13:35:45 -0400] "GET /wp-login.php HTTP/1.1" 200 2919 "-" "Mozilla/5.0 (Windows NT 6.1; WOW64; Trident/7.0; yie9; rv:11.0) like Gecko"
112.204.168.183 - - [01/May/2026:13:35:51 -0400] "POST /xmlrpc.php HTTP/1.1" 403 22 "-" "Jetpack by WordPress.com"
136.243.228.181 - - [01/May/2026:13:35:52 -0400] "GET /index.php/?items/K545946002/ HTTP/1.1" 404 1251 "-" "Mozilla/5.0 (compatible; DataForSeoBot/1.0; +https://dataforseo.com/dataforseo-bot)"
136.243.228.181 - - [01/May/2026:13:35:56 -0400] "GET /index.php/?items/K546854365/ HTTP/1.1" 404 1251 "-" "Mozilla/5.0 (compatible; DataForSeoBot/1.0; +https://dataforseo.com/dataforseo-bot)"
136.243.228.181 - - [01/May/2026:13:36:00 -0400] "GET /index.php/?items/K549340415/ HTTP/1.1" 404 1251 "-" "Mozilla/5.0 (compatible; DataForSeoBot/1.0; +https://dataforseo.com/dataforseo-bot)"
136.243.228.181 - - [01/May/2026:13:36:08 -0400] "GET /index.php/?items/K542179327/ HTTP/1.1" 404 1251 "-" "Mozilla/5.0 (compatible; DataForSeoBot/1.0; +https://dataforseo.com/dataforseo-bot)"
112.204.168.183 - - [01/May/2026:13:36:12 -0400] "POST /xmlrpc.php HTTP/1.1" 403 22 "-" "Jetpack/12.5; WordPress/6.3; http://site60969178.com"
136.243.228.181 - - [01/May/2026:13:36:20 -0400] "GET /index.php/?items/K543520114/ HTTP/1.1" 404 1251 "-" "Mozilla/5.0 (compatible; DataForSeoBot/1.0; +https://dataforseo.com/dataforseo-bot)"
136.243.228.181 - - [01/May/2026:13:31:21 -0400] "GET /index.php/?items/K546716907/ HTTP/1.1" 404 1251 "-" "Mozilla/5.0 (compatible; DataForSeoBot/1.0; +https://dataforseo.com/dataforseo-bot)"
112.204.168.183 - - [01/May/2026:13:31:24 -0400] "POST /xmlrpc.php HTTP/1.1" 403 22 "-" "Jetpack by WordPress.com"
136.243.228.181 - - [01/May/2026:13:31:29 -0400] "GET /index.php/?items/K547031106/ HTTP/1.1" 404 1251 "-" "Mozilla/5.0 (compatible; DataForSeoBot/1.0; +https://dataforseo.com/dataforseo-bot)"
136.243.228.181 - - [01/May/2026:13:31:33 -0400] "GET /index.php/?items/K544975639/ HTTP/1.1" 404 1251 "-" "Mozilla/5.0 (compatible; DataForSeoBot/1.0; +https://dataforseo.com/dataforseo-bot)"
68.65.122.51 - - [01/May/2026:13:31:34 -0400] "POST /wp-cron.php?doing_wp_cron=1777656694.3148760795593261718750 HTTP/1.1" 200 0 "-" "WordPress/6.9.4; https://patrickspestsandplants.com"
136.243.228.181 - - [01/May/2026:13:31:37 -0400] "GET /index.php/?items/K546842506/ HTTP/1.1" 404 1251 "-" "Mozilla/5.0 (compatible; DataForSeoBot/1.0; +https://dataforseo.com/dataforseo-bot)"
112.204.168.183 - - [01/May/2026:13:31:46 -0400] "POST /xmlrpc.php HTTP/1.1" 403 22 "-" "Jetpack by WordPress.com (Jetpack 13.0; WordPress 6.4)"
136.243.228.181 - - [01/May/2026:13:31:48 -0400] "GET /index.php/?items/K547881644/ HTTP/1.1" 404 1251 "-" "Mozilla/5.0 (compatible; DataForSeoBot/1.0; +https://dataforseo.com/dataforseo-bot)"
112.204.168.183 - - [01/May/2026:13:31:56 -0400] "POST /xmlrpc.php HTTP/1.1" 403 22 "-" "WordPress.com; https://wordpress.com"
