136.243.228.181 - - [01/May/2026:15:53:01 -0400] "GET /index.php/?items/K546555769/ HTTP/1.1" 404 1251 "-" "Mozilla/5.0 (compatible; DataForSeoBot/1.0; +https://dataforseo.com/dataforseo-bot)"
136.243.228.181 - - [01/May/2026:15:53:06 -0400] "GET /index.php/?items/K545784079/ HTTP/1.1" 404 1251 "-" "Mozilla/5.0 (compatible; DataForSeoBot/1.0; +https://dataforseo.com/dataforseo-bot)"
136.243.228.181 - - [01/May/2026:15:53:10 -0400] "GET /index.php/?items/K546447362/ HTTP/1.1" 404 1251 "-" "Mozilla/5.0 (compatible; DataForSeoBot/1.0; +https://dataforseo.com/dataforseo-bot)"
109.166.43.215 - - [01/May/2026:15:53:13 -0400] "GET / HTTP/1.1" 200 1844 "-" "Mozilla/5.0 (Windows NT 10.0; Win64; x64) AppleWebKit/537.36 (KHTML, like Gecko) Chrome/145.0.0.0 Safari/537.36"
109.166.43.215 - - [01/May/2026:15:53:13 -0400] "GET /_autoindex/assets/js/tablesort.js HTTP/1.1" 200 2137 "-" "Mozilla/5.0 (Windows NT 10.0; Win64; x64) AppleWebKit/537.36 (KHTML, like Gecko) Chrome/145.0.0.0 Safari/537.36"
109.166.43.215 - - [01/May/2026:15:53:13 -0400] "GET /_autoindex/assets/js/tablesort.number.js HTTP/1.1" 200 322 "-" "Mozilla/5.0 (Windows NT 10.0; Win64; x64) AppleWebKit/537.36 (KHTML, like Gecko) Chrome/145.0.0.0 Safari/537.36"
109.166.43.215 - - [01/May/2026:15:53:13 -0400] "GET /cgi-bin/ HTTP/1.1" 403 1242 "-" "Mozilla/5.0 (Windows NT 10.0; Win64; x64) AppleWebKit/537.36 (KHTML, like Gecko) Chrome/145.0.0.0 Safari/537.36"
109.166.43.215 - - [01/May/2026:15:53:13 -0400] "GET /nc_assets/ HTTP/1.1" 200 657 "-" "Mozilla/5.0 (Windows NT 10.0; Win64; x64) AppleWebKit/537.36 (KHTML, like Gecko) Chrome/145.0.0.0 Safari/537.36"
136.243.228.181 - - [01/May/2026:15:53:14 -0400] "GET /index.php/?items/K548250877/ HTTP/1.1" 404 1251 "-" "Mozilla/5.0 (compatible; DataForSeoBot/1.0; +https://dataforseo.com/dataforseo-bot)"
136.243.228.181 - - [01/May/2026:15:52:13 -0400] "GET /index.php/?items/K541140057/ HTTP/1.1" 404 1251 "-" "Mozilla/5.0 (compatible; DataForSeoBot/1.0; +https://dataforseo.com/dataforseo-bot)"
136.243.228.181 - - [01/May/2026:15:52:18 -0400] "GET /index.php/?items/K544893889/ HTTP/1.1" 404 1251 "-" "Mozilla/5.0 (compatible; DataForSeoBot/1.0; +https://dataforseo.com/dataforseo-bot)"
216.73.216.21 - - [01/May/2026:15:52:25 -0400] "GET /wp-includes/block-bindings/pattern-overrides.php HTTP/1.1" 500 0 "-" "Mozilla/5.0 AppleWebKit/537.36 (KHTML, like Gecko; compatible; ClaudeBot/1.0; +claudebot@anthropic.com)"
216.73.216.21 - - [01/May/2026:15:52:26 -0400] "GET /wp-includes/assets/script-loader-packages.php HTTP/1.1" 200 0 "-" "Mozilla/5.0 AppleWebKit/537.36 (KHTML, like Gecko; compatible; ClaudeBot/1.0; +claudebot@anthropic.com)"
136.243.228.181 - - [01/May/2026:15:52:38 -0400] "GET /index.php/?items/K547016834/ HTTP/1.1" 404 1251 "-" "Mozilla/5.0 (compatible; DataForSeoBot/1.0; +https://dataforseo.com/dataforseo-bot)"
136.243.228.181 - - [01/May/2026:15:52:42 -0400] "GET /index.php/?items/K546371849/ HTTP/1.1" 404 1251 "-" "Mozilla/5.0 (compatible; DataForSeoBot/1.0; +https://dataforseo.com/dataforseo-bot)"
136.243.228.181 - - [01/May/2026:15:52:46 -0400] "GET /index.php/?items/K548104247/ HTTP/1.1" 404 1251 "-" "Mozilla/5.0 (compatible; DataForSeoBot/1.0; +https://dataforseo.com/dataforseo-bot)"
51.68.111.216 - - [01/May/2026:15:52:49 -0400] "GET /robots.txt HTTP/1.1" 200 185 "-" "Mozilla/5.0 (compatible; MJ12bot/v2.0.5; http://mj12bot.com/)"
136.243.228.181 - - [01/May/2026:15:52:50 -0400] "GET /index.php/?items/K543215859/ HTTP/1.1" 404 1251 "-" "Mozilla/5.0 (compatible; DataForSeoBot/1.0; +https://dataforseo.com/dataforseo-bot)"
51.68.111.216 - - [01/May/2026:15:52:50 -0400] "GET / HTTP/1.1" 200 1844 "-" "Mozilla/5.0 (compatible; MJ12bot/v2.0.5; http://mj12bot.com/)"
109.199.96.209 - - [01/May/2026:15:52:59 -0400] "POST /xmlrpc.php HTTP/1.1" 403 26 "-" "Mozilla/5.0 (Windows NT 10.0; WOW64; Trident/7.0; Touch; MAARJS; rv:11.0) like Gecko"
109.166.43.215 - - [01/May/2026:15:53:13 -0400] "GET /about/ HTTP/1.1" 200 627 "-" "Mozilla/5.0 (Windows NT 10.0; Win64; x64) AppleWebKit/537.36 (KHTML, like Gecko) Chrome/145.0.0.0 Safari/537.36"
136.243.228.181 - - [01/May/2026:15:53:25 -0400] "GET /index.php/?items/K542034650/ HTTP/1.1" 404 1251 "-" "Mozilla/5.0 (compatible; DataForSeoBot/1.0; +https://dataforseo.com/dataforseo-bot)"
136.243.228.181 - - [01/May/2026:15:53:29 -0400] "GET /index.php/?items/K545404626/ HTTP/1.1" 404 1251 "-" "Mozilla/5.0 (compatible; DataForSeoBot/1.0; +https://dataforseo.com/dataforseo-bot)"
216.73.216.21 - - [01/May/2026:15:53:36 -0400] "GET /wp-includes/block-bindings/post-meta.php HTTP/1.1" 500 0 "-" "Mozilla/5.0 AppleWebKit/537.36 (KHTML, like Gecko; compatible; ClaudeBot/1.0; +claudebot@anthropic.com)"
216.73.216.21 - - [01/May/2026:15:53:36 -0400] "GET /wp-includes/block-bindings/error_log HTTP/1.1" 403 1242 "-" "Mozilla/5.0 AppleWebKit/537.36 (KHTML, like Gecko; compatible; ClaudeBot/1.0; +claudebot@anthropic.com)"
216.73.216.21 - - [01/May/2026:15:53:36 -0400] "GET /wp-includes/l10n/class-wp-translation-file-php.php HTTP/1.1" 500 0 "-" "Mozilla/5.0 AppleWebKit/537.36 (KHTML, like Gecko; compatible; ClaudeBot/1.0; +claudebot@anthropic.com)"
136.243.228.181 - - [01/May/2026:15:53:38 -0400] "GET /index.php/?items/K545788078/ HTTP/1.1" 404 1251 "-" "Mozilla/5.0 (compatible; DataForSeoBot/1.0; +https://dataforseo.com/dataforseo-bot)"
136.243.228.181 - - [01/May/2026:15:53:41 -0400] "GET /index.php/?items/K546693613/ HTTP/1.1" 404 1251 "-" "Mozilla/5.0 (compatible; DataForSeoBot/1.0; +https://dataforseo.com/dataforseo-bot)"
136.243.228.181 - - [01/May/2026:15:53:50 -0400] "GET /index.php/?items/K541597342/ HTTP/1.1" 404 1251 "-" "Mozilla/5.0 (compatible; DataForSeoBot/1.0; +https://dataforseo.com/dataforseo-bot)"
136.243.228.181 - - [01/May/2026:15:53:17 -0400] "GET /index.php/?items/K544851367/ HTTP/1.1" 404 1251 "-" "Mozilla/5.0 (compatible; DataForSeoBot/1.0; +https://dataforseo.com/dataforseo-bot)"
136.243.228.181 - - [01/May/2026:15:53:22 -0400] "GET /index.php/?items/K544151338/ HTTP/1.1" 404 1251 "-" "Mozilla/5.0 (compatible; DataForSeoBot/1.0; +https://dataforseo.com/dataforseo-bot)"
136.243.228.181 - - [01/May/2026:15:53:33 -0400] "GET /index.php/?items/K544290246/ HTTP/1.1" 404 1251 "-" "Mozilla/5.0 (compatible; DataForSeoBot/1.0; +https://dataforseo.com/dataforseo-bot)"
136.243.228.181 - - [01/May/2026:15:53:46 -0400] "GET /index.php/?items/K544592347/ HTTP/1.1" 404 1251 "-" "Mozilla/5.0 (compatible; DataForSeoBot/1.0; +https://dataforseo.com/dataforseo-bot)"
136.243.228.181 - - [01/May/2026:15:53:55 -0400] "GET /index.php/?items/K549491351/ HTTP/1.1" 404 1251 "-" "Mozilla/5.0 (compatible; DataForSeoBot/1.0; +https://dataforseo.com/dataforseo-bot)"
136.243.228.181 - - [01/May/2026:15:53:57 -0400] "GET /index.php/?items/K549146655/ HTTP/1.1" 404 1251 "-" "Mozilla/5.0 (compatible; DataForSeoBot/1.0; +https://dataforseo.com/dataforseo-bot)"
136.243.228.181 - - [01/May/2026:15:54:10 -0400] "GET /index.php/?items/K544775518/ HTTP/1.1" 404 1251 "-" "Mozilla/5.0 (compatible; DataForSeoBot/1.0; +https://dataforseo.com/dataforseo-bot)"
114.119.158.165 - - [01/May/2026:15:54:16 -0400] "GET /wp-content/uploads/2022/09/Google-Recommend-Image-Ratio.png%20https://patrickspestsandplants.com/post/how-does-rat-poison-work/ HTTP/1.1" 404 1251 "-" "Mozilla/5.0 (Linux; Android 7.0;) AppleWebKit/537.36 (HTML, like Gecko) Mobile Safari/537.36 (compatible; PetalBot;+https://webmaster.petalsearch.com/site/petalbot)"
136.243.228.181 - - [01/May/2026:15:54:21 -0400] "GET /index.php/?items/K546806426/ HTTP/1.1" 404 1251 "-" "Mozilla/5.0 (compatible; DataForSeoBot/1.0; +https://dataforseo.com/dataforseo-bot)"
136.243.228.181 - - [01/May/2026:15:54:26 -0400] "GET /index.php/?items/K543019750/ HTTP/1.1" 404 1251 "-" "Mozilla/5.0 (compatible; DataForSeoBot/1.0; +https://dataforseo.com/dataforseo-bot)"
136.243.228.181 - - [01/May/2026:15:54:29 -0400] "GET /index.php/?items/K542198633/ HTTP/1.1" 404 1251 "-" "Mozilla/5.0 (compatible; DataForSeoBot/1.0; +https://dataforseo.com/dataforseo-bot)"
136.243.228.181 - - [01/May/2026:15:54:38 -0400] "GET /index.php/?items/K546660727/ HTTP/1.1" 404 1251 "-" "Mozilla/5.0 (compatible; DataForSeoBot/1.0; +https://dataforseo.com/dataforseo-bot)"
136.243.228.181 - - [01/May/2026:15:54:42 -0400] "GET /index.php/?items/K542615811/ HTTP/1.1" 404 1251 "-" "Mozilla/5.0 (compatible; DataForSeoBot/1.0; +https://dataforseo.com/dataforseo-bot)"
136.243.228.181 - - [01/May/2026:15:54:46 -0400] "GET /index.php/?items/K541791923/ HTTP/1.1" 404 1251 "-" "Mozilla/5.0 (compatible; DataForSeoBot/1.0; +https://dataforseo.com/dataforseo-bot)"
216.73.216.21 - - [01/May/2026:15:54:46 -0400] "GET /wp-includes/sitemaps/class-wp-sitemaps.php HTTP/1.1" 200 0 "-" "Mozilla/5.0 AppleWebKit/537.36 (KHTML, like Gecko; compatible; ClaudeBot/1.0; +claudebot@anthropic.com)"
216.73.216.21 - - [01/May/2026:15:54:47 -0400] "GET /wp-includes/l10n/class-wp-translation-controller.php HTTP/1.1" 200 0 "-" "Mozilla/5.0 AppleWebKit/537.36 (KHTML, like Gecko; compatible; ClaudeBot/1.0; +claudebot@anthropic.com)"
68.65.122.51 - - [01/May/2026:15:54:49 -0400] "POST /wp-cron.php?doing_wp_cron=1777665289.4371941089630126953125 HTTP/1.1" 200 0 "-" "WordPress/6.9.4; https://patrickspestsandplants.com"
162.214.192.209 - - [01/May/2026:15:54:49 -0400] "GET /wp-login.php HTTP/1.1" 200 2918 "-" "Mozilla/4.0 (compatible; MSIE 7.0; Windows NT 6.3; WOW64; Trident/7.0; Touch; .NET4.0E; .NET4.0C; .NET CLR 3.5.30729; .NET CLR 2.0.50727; .NET CLR 3.0.30729; Tablet PC 2.0)"
136.243.228.181 - - [01/May/2026:15:54:01 -0400] "GET /index.php/?items/K543309528/ HTTP/1.1" 404 1251 "-" "Mozilla/5.0 (compatible; DataForSeoBot/1.0; +https://dataforseo.com/dataforseo-bot)"
136.243.228.181 - - [01/May/2026:15:54:06 -0400] "GET /index.php/?items/K544448893/ HTTP/1.1" 404 1251 "-" "Mozilla/5.0 (compatible; DataForSeoBot/1.0; +https://dataforseo.com/dataforseo-bot)"
136.243.228.181 - - [01/May/2026:15:54:13 -0400] "GET /index.php/?items/K541436141/ HTTP/1.1" 404 1251 "-" "Mozilla/5.0 (compatible; DataForSeoBot/1.0; +https://dataforseo.com/dataforseo-bot)"
136.243.228.181 - - [01/May/2026:15:54:18 -0400] "GET /index.php/?items/K545127028/ HTTP/1.1" 404 1251 "-" "Mozilla/5.0 (compatible; DataForSeoBot/1.0; +https://dataforseo.com/dataforseo-bot)"
136.243.228.181 - - [01/May/2026:15:54:34 -0400] "GET /index.php/?items/K543088822/ HTTP/1.1" 404 1251 "-" "Mozilla/5.0 (compatible; DataForSeoBot/1.0; +https://dataforseo.com/dataforseo-bot)"
216.73.216.21 - - [01/May/2026:15:54:46 -0400] "GET /wp-includes/l10n/error_log HTTP/1.1" 403 1242 "-" "Mozilla/5.0 AppleWebKit/537.36 (KHTML, like Gecko; compatible; ClaudeBot/1.0; +claudebot@anthropic.com)"
136.243.228.181 - - [01/May/2026:15:54:49 -0400] "GET /index.php/?items/K545109007/ HTTP/1.1" 404 1251 "-" "Mozilla/5.0 (compatible; DataForSeoBot/1.0; +https://dataforseo.com/dataforseo-bot)"
136.243.228.181 - - [01/May/2026:15:54:54 -0400] "GET /index.php/?items/K544389763/ HTTP/1.1" 404 1251 "-" "Mozilla/5.0 (compatible; DataForSeoBot/1.0; +https://dataforseo.com/dataforseo-bot)"
136.243.228.181 - - [01/May/2026:15:55:02 -0400] "GET /index.php/?items/K544561649/ HTTP/1.1" 404 1251 "-" "Mozilla/5.0 (compatible; DataForSeoBot/1.0; +https://dataforseo.com/dataforseo-bot)"
136.243.228.181 - - [01/May/2026:15:55:13 -0400] "GET /index.php/?items/K541468054/ HTTP/1.1" 404 1251 "-" "Mozilla/5.0 (compatible; DataForSeoBot/1.0; +https://dataforseo.com/dataforseo-bot)"
136.243.228.181 - - [01/May/2026:15:55:22 -0400] "GET /index.php/?items/K546627215/ HTTP/1.1" 404 1251 "-" "Mozilla/5.0 (compatible; DataForSeoBot/1.0; +https://dataforseo.com/dataforseo-bot)"
136.243.228.181 - - [01/May/2026:15:55:30 -0400] "GET /index.php/?items/K546829627/ HTTP/1.1" 404 1251 "-" "Mozilla/5.0 (compatible; DataForSeoBot/1.0; +https://dataforseo.com/dataforseo-bot)"
136.243.228.181 - - [01/May/2026:15:55:38 -0400] "GET /index.php/?items/K544519630/ HTTP/1.1" 404 1251 "-" "Mozilla/5.0 (compatible; DataForSeoBot/1.0; +https://dataforseo.com/dataforseo-bot)"
136.243.228.181 - - [01/May/2026:15:55:41 -0400] "GET /index.php/?items/K547476821/ HTTP/1.1" 404 1251 "-" "Mozilla/5.0 (compatible; DataForSeoBot/1.0; +https://dataforseo.com/dataforseo-bot)"
136.243.228.181 - - [01/May/2026:15:55:46 -0400] "GET /index.php/?items/K545038721/ HTTP/1.1" 404 1251 "-" "Mozilla/5.0 (compatible; DataForSeoBot/1.0; +https://dataforseo.com/dataforseo-bot)"
136.243.228.181 - - [01/May/2026:15:55:50 -0400] "GET /index.php/?items/K544599148/ HTTP/1.1" 404 1251 "-" "Mozilla/5.0 (compatible; DataForSeoBot/1.0; +https://dataforseo.com/dataforseo-bot)"
216.73.216.21 - - [01/May/2026:15:55:57 -0400] "GET /wp-includes/sitemaps/class-wp-sitemaps-renderer.php HTTP/1.1" 200 0 "-" "Mozilla/5.0 AppleWebKit/537.36 (KHTML, like Gecko; compatible; ClaudeBot/1.0; +claudebot@anthropic.com)"
136.243.228.181 - - [01/May/2026:15:56:02 -0400] "GET /index.php/?items/K549318629/ HTTP/1.1" 404 1251 "-" "Mozilla/5.0 (compatible; DataForSeoBot/1.0; +https://dataforseo.com/dataforseo-bot)"
136.243.228.181 - - [01/May/2026:15:56:06 -0400] "GET /index.php/?items/K545900939/ HTTP/1.1" 404 1251 "-" "Mozilla/5.0 (compatible; DataForSeoBot/1.0; +https://dataforseo.com/dataforseo-bot)"
136.243.228.181 - - [01/May/2026:15:56:14 -0400] "GET /index.php/?items/K544947612/ HTTP/1.1" 404 1251 "-" "Mozilla/5.0 (compatible; DataForSeoBot/1.0; +https://dataforseo.com/dataforseo-bot)"
162.214.192.209 - - [01/May/2026:15:54:50 -0400] "POST /wp-login.php HTTP/1.1" 200 3094 "https://patrickspestsandplants.com/wp-login.php" "Mozilla/4.0 (compatible; MSIE 7.0; Windows NT 6.3; WOW64; Trident/7.0; Touch; .NET4.0E; .NET4.0C; .NET CLR 3.5.30729; .NET CLR 2.0.50727; .NET CLR 3.0.30729; Tablet PC 2.0)"
136.243.228.181 - - [01/May/2026:15:54:58 -0400] "GET /index.php/?items/K548190072/ HTTP/1.1" 404 1251 "-" "Mozilla/5.0 (compatible; DataForSeoBot/1.0; +https://dataforseo.com/dataforseo-bot)"
136.243.228.181 - - [01/May/2026:15:55:06 -0400] "GET /index.php/?items/K547816067/ HTTP/1.1" 404 1251 "-" "Mozilla/5.0 (compatible; DataForSeoBot/1.0; +https://dataforseo.com/dataforseo-bot)"
136.243.228.181 - - [01/May/2026:15:55:10 -0400] "GET /index.php/?items/K543998788/ HTTP/1.1" 404 1251 "-" "Mozilla/5.0 (compatible; DataForSeoBot/1.0; +https://dataforseo.com/dataforseo-bot)"
136.243.228.181 - - [01/May/2026:15:55:18 -0400] "GET /index.php/?items/K549772030/ HTTP/1.1" 404 1251 "-" "Mozilla/5.0 (compatible; DataForSeoBot/1.0; +https://dataforseo.com/dataforseo-bot)"
136.243.228.181 - - [01/May/2026:15:55:25 -0400] "GET /index.php/?items/K546850731/ HTTP/1.1" 404 1251 "-" "Mozilla/5.0 (compatible; DataForSeoBot/1.0; +https://dataforseo.com/dataforseo-bot)"
136.243.228.181 - - [01/May/2026:15:55:34 -0400] "GET /index.php/?items/K549097978/ HTTP/1.1" 404 1251 "-" "Mozilla/5.0 (compatible; DataForSeoBot/1.0; +https://dataforseo.com/dataforseo-bot)"
45.61.188.243 - - [01/May/2026:15:55:40 -0400] "GET /wp-login.php HTTP/1.1" 200 9406 "-" "Mozilla/5.0 (Macintosh; Intel Mac OS X 10_9_3) AppleWebKit/537.76.4 (KHTML, like Gecko) Version/7.0.4 Safari/537.76.4"
114.119.137.54 - - [01/May/2026:15:55:40 -0400] "GET /wp-content/uploads/2022/07/patrickspestscontrolsurpriseazmice.jpg%20https://patrickspestsandplants.com/post/how-does-rat-poison-work/ HTTP/1.1" 404 1251 "-" "Mozilla/5.0 (Linux; Android 7.0;) AppleWebKit/537.36 (HTML, like Gecko) Mobile Safari/537.36 (compatible; PetalBot;+https://webmaster.petalsearch.com/site/petalbot)"
68.65.122.51 - - [01/May/2026:15:55:50 -0400] "POST /wp-cron.php?doing_wp_cron=1777665350.1663630008697509765625 HTTP/1.1" 200 0 "-" "WordPress/6.9.4; https://patrickspestsandplants.com"
45.61.188.243 - - [01/May/2026:15:55:49 -0400] "POST /wp-login.php HTTP/1.1" 200 9850 "-" "Mozilla/5.0 (Macintosh; Intel Mac OS X 10_9_3) AppleWebKit/537.76.4 (KHTML, like Gecko) Version/7.0.4 Safari/537.76.4"
136.243.228.181 - - [01/May/2026:15:55:54 -0400] "GET /index.php/?items/K548295387/ HTTP/1.1" 404 1251 "-" "Mozilla/5.0 (compatible; DataForSeoBot/1.0; +https://dataforseo.com/dataforseo-bot)"
216.73.216.21 - - [01/May/2026:15:55:56 -0400] "GET /wp-includes/l10n/class-wp-translations.php HTTP/1.1" 200 0 "-" "Mozilla/5.0 AppleWebKit/537.36 (KHTML, like Gecko; compatible; ClaudeBot/1.0; +claudebot@anthropic.com)"
136.243.228.181 - - [01/May/2026:15:55:58 -0400] "GET /index.php/?items/K546478554/ HTTP/1.1" 404 1251 "-" "Mozilla/5.0 (compatible; DataForSeoBot/1.0; +https://dataforseo.com/dataforseo-bot)"
136.243.228.181 - - [01/May/2026:15:56:10 -0400] "GET /index.php/?items/K546786693/ HTTP/1.1" 404 1251 "-" "Mozilla/5.0 (compatible; DataForSeoBot/1.0; +https://dataforseo.com/dataforseo-bot)"
136.243.228.181 - - [01/May/2026:15:56:18 -0400] "GET /index.php/?items/K542110317/ HTTP/1.1" 404 1251 "-" "Mozilla/5.0 (compatible; DataForSeoBot/1.0; +https://dataforseo.com/dataforseo-bot)"
136.243.228.181 - - [01/May/2026:15:56:31 -0400] "GET /index.php/?items/K548896435/ HTTP/1.1" 404 1251 "-" "Mozilla/5.0 (compatible; DataForSeoBot/1.0; +https://dataforseo.com/dataforseo-bot)"
136.243.228.181 - - [01/May/2026:15:56:35 -0400] "GET /index.php/?items/K544440418/ HTTP/1.1" 404 1251 "-" "Mozilla/5.0 (compatible; DataForSeoBot/1.0; +https://dataforseo.com/dataforseo-bot)"
216.73.216.21 - - [01/May/2026:15:56:37 -0400] "GET /wp-includes/sitemaps/providers/ HTTP/1.1" 200 838 "-" "Mozilla/5.0 AppleWebKit/537.36 (KHTML, like Gecko; compatible; ClaudeBot/1.0; +claudebot@anthropic.com)"
216.73.216.21 - - [01/May/2026:15:56:42 -0400] "GET /wp-includes/l10n/class-wp-translation-file.php HTTP/1.1" 200 0 "-" "Mozilla/5.0 AppleWebKit/537.36 (KHTML, like Gecko; compatible; ClaudeBot/1.0; +claudebot@anthropic.com)"
216.73.216.21 - - [01/May/2026:15:56:42 -0400] "GET /wp-includes/sitemaps/class-wp-sitemaps-provider.php HTTP/1.1" 200 0 "-" "Mozilla/5.0 AppleWebKit/537.36 (KHTML, like Gecko; compatible; ClaudeBot/1.0; +claudebot@anthropic.com)"
136.243.228.181 - - [01/May/2026:15:56:43 -0400] "GET /index.php/?items/K547506691/ HTTP/1.1" 404 1251 "-" "Mozilla/5.0 (compatible; DataForSeoBot/1.0; +https://dataforseo.com/dataforseo-bot)"
136.243.228.181 - - [01/May/2026:15:56:56 -0400] "GET /index.php/?items/K544927502/ HTTP/1.1" 404 1251 "-" "Mozilla/5.0 (compatible; DataForSeoBot/1.0; +https://dataforseo.com/dataforseo-bot)"
136.243.228.181 - - [01/May/2026:15:56:59 -0400] "GET /index.php/?items/K545178771/ HTTP/1.1" 404 1251 "-" "Mozilla/5.0 (compatible; DataForSeoBot/1.0; +https://dataforseo.com/dataforseo-bot)"
216.73.216.21 - - [01/May/2026:15:57:02 -0400] "GET /wp-includes/l10n/class-wp-translation-file-mo.php HTTP/1.1" 500 0 "-" "Mozilla/5.0 AppleWebKit/537.36 (KHTML, like Gecko; compatible; ClaudeBot/1.0; +claudebot@anthropic.com)"
216.73.216.21 - - [01/May/2026:15:57:02 -0400] "GET /wp-includes/sitemaps/class-wp-sitemaps-registry.php HTTP/1.1" 200 0 "-" "Mozilla/5.0 AppleWebKit/537.36 (KHTML, like Gecko; compatible; ClaudeBot/1.0; +claudebot@anthropic.com)"
114.119.158.13 - - [01/May/2026:15:57:04 -0400] "GET /wp-content/uploads/2022/07/ant-control-pests-exterminator-768x571.jpg%20https://patrickspestsandplants.com/pest-control/ant-control/ HTTP/1.1" 404 1251 "-" "Mozilla/5.0 (Linux; Android 7.0;) AppleWebKit/537.36 (HTML, like Gecko) Mobile Safari/537.36 (compatible; PetalBot;+https://webmaster.petalsearch.com/site/petalbot)"
216.73.216.21 - - [01/May/2026:15:57:08 -0400] "GET /nc_assets/img/pictograms/150/tools-red.png HTTP/1.1" 200 17060 "-" "Mozilla/5.0 AppleWebKit/537.36 (KHTML, like Gecko; compatible; ClaudeBot/1.0; +claudebot@anthropic.com)"
136.243.228.181 - - [01/May/2026:15:57:11 -0400] "GET /index.php/?items/K545889343/ HTTP/1.1" 404 1251 "-" "Mozilla/5.0 (compatible; DataForSeoBot/1.0; +https://dataforseo.com/dataforseo-bot)"
136.243.228.181 - - [01/May/2026:15:57:19 -0400] "GET /index.php/?items/K541228094/ HTTP/1.1" 404 1251 "-" "Mozilla/5.0 (compatible; DataForSeoBot/1.0; +https://dataforseo.com/dataforseo-bot)"
136.243.228.181 - - [01/May/2026:15:57:28 -0400] "GET /index.php/?items/K543115404/ HTTP/1.1" 404 1251 "-" "Mozilla/5.0 (compatible; DataForSeoBot/1.0; +https://dataforseo.com/dataforseo-bot)"
136.243.228.181 - - [01/May/2026:15:57:36 -0400] "GET /index.php/?items/K546009121/ HTTP/1.1" 404 1251 "-" "Mozilla/5.0 (compatible; DataForSeoBot/1.0; +https://dataforseo.com/dataforseo-bot)"
136.243.228.181 - - [01/May/2026:15:57:44 -0400] "GET /index.php/?items/K545185785/ HTTP/1.1" 404 1251 "-" "Mozilla/5.0 (compatible; DataForSeoBot/1.0; +https://dataforseo.com/dataforseo-bot)"
216.73.216.21 - - [01/May/2026:15:57:48 -0400] "GET /nc_assets/img/pictograms/150/browser-red.png HTTP/1.1" 200 479 "-" "Mozilla/5.0 AppleWebKit/537.36 (KHTML, like Gecko; compatible; ClaudeBot/1.0; +claudebot@anthropic.com)"
136.243.228.181 - - [01/May/2026:15:57:51 -0400] "GET /index.php/?items/K546567328/ HTTP/1.1" 404 1251 "-" "Mozilla/5.0 (compatible; DataForSeoBot/1.0; +https://dataforseo.com/dataforseo-bot)"
216.73.216.21 - - [01/May/2026:15:57:53 -0400] "GET /nc_assets/img/pictograms/150/news-red.png HTTP/1.1" 200 1017 "-" "Mozilla/5.0 AppleWebKit/537.36 (KHTML, like Gecko; compatible; ClaudeBot/1.0; +claudebot@anthropic.com)"
136.243.228.181 - - [01/May/2026:15:57:56 -0400] "GET /index.php/?items/K546644828/ HTTP/1.1" 404 1251 "-" "Mozilla/5.0 (compatible; DataForSeoBot/1.0; +https://dataforseo.com/dataforseo-bot)"
136.243.228.181 - - [01/May/2026:15:56:22 -0400] "GET /index.php/?items/K547077016/ HTTP/1.1" 404 1251 "-" "Mozilla/5.0 (compatible; DataForSeoBot/1.0; +https://dataforseo.com/dataforseo-bot)"
136.243.228.181 - - [01/May/2026:15:56:27 -0400] "GET /index.php/?items/K546819043/ HTTP/1.1" 404 1251 "-" "Mozilla/5.0 (compatible; DataForSeoBot/1.0; +https://dataforseo.com/dataforseo-bot)"
66.249.65.32 - - [01/May/2026:15:56:37 -0400] "GET /items/H664429885/ HTTP/1.1" 404 1251 "-" "Mozilla/5.0 (Linux; Android 6.0.1; Nexus 5X Build/MMB29P) AppleWebKit/537.36 (KHTML, like Gecko) Chrome/147.0.7727.137 Mobile Safari/537.36 (compatible; GoogleOther)"
216.73.216.21 - - [01/May/2026:15:56:37 -0400] "GET /wp-includes/sitemaps/class-wp-sitemaps-index.php HTTP/1.1" 200 0 "-" "Mozilla/5.0 AppleWebKit/537.36 (KHTML, like Gecko; compatible; ClaudeBot/1.0; +claudebot@anthropic.com)"
136.243.228.181 - - [01/May/2026:15:56:40 -0400] "GET /index.php/?items/K541866539/ HTTP/1.1" 404 1251 "-" "Mozilla/5.0 (compatible; DataForSeoBot/1.0; +https://dataforseo.com/dataforseo-bot)"
136.243.228.181 - - [01/May/2026:15:56:48 -0400] "GET /index.php/?items/K544400595/ HTTP/1.1" 404 1251 "-" "Mozilla/5.0 (compatible; DataForSeoBot/1.0; +https://dataforseo.com/dataforseo-bot)"
136.243.228.181 - - [01/May/2026:15:56:52 -0400] "GET /index.php/?items/K549741844/ HTTP/1.1" 404 1251 "-" "Mozilla/5.0 (compatible; DataForSeoBot/1.0; +https://dataforseo.com/dataforseo-bot)"
136.243.228.181 - - [01/May/2026:15:57:03 -0400] "GET /index.php/?items/K544037291/ HTTP/1.1" 404 1251 "-" "Mozilla/5.0 (compatible; DataForSeoBot/1.0; +https://dataforseo.com/dataforseo-bot)"
136.243.228.181 - - [01/May/2026:15:57:07 -0400] "GET /index.php/?items/K546352391/ HTTP/1.1" 404 1251 "-" "Mozilla/5.0 (compatible; DataForSeoBot/1.0; +https://dataforseo.com/dataforseo-bot)"
216.73.216.21 - - [01/May/2026:15:57:07 -0400] "GET /nc_assets/img/pictograms/150/server-red.png HTTP/1.1" 200 16346 "-" "Mozilla/5.0 AppleWebKit/537.36 (KHTML, like Gecko; compatible; ClaudeBot/1.0; +claudebot@anthropic.com)"
136.243.228.181 - - [01/May/2026:15:57:15 -0400] "GET /index.php/?items/K548897607/ HTTP/1.1" 404 1251 "-" "Mozilla/5.0 (compatible; DataForSeoBot/1.0; +https://dataforseo.com/dataforseo-bot)"
136.243.228.181 - - [01/May/2026:15:57:24 -0400] "GET /index.php/?items/K547671415/ HTTP/1.1" 404 1251 "-" "Mozilla/5.0 (compatible; DataForSeoBot/1.0; +https://dataforseo.com/dataforseo-bot)"
114.119.153.11 - - [01/May/2026:15:57:24 -0400] "GET /robots.txt HTTP/1.1" 200 254 "-" "Mozilla/5.0 (compatible;PetalBot;+https://webmaster.petalsearch.com/site/petalbot)"
136.243.228.181 - - [01/May/2026:15:57:32 -0400] "GET /index.php/?items/K549109610/ HTTP/1.1" 404 1251 "-" "Mozilla/5.0 (compatible; DataForSeoBot/1.0; +https://dataforseo.com/dataforseo-bot)"
136.243.228.181 - - [01/May/2026:15:57:40 -0400] "GET /index.php/?items/K544912450/ HTTP/1.1" 404 1251 "-" "Mozilla/5.0 (compatible; DataForSeoBot/1.0; +https://dataforseo.com/dataforseo-bot)"
136.243.228.181 - - [01/May/2026:15:57:48 -0400] "GET /index.php/?items/K547411100/ HTTP/1.1" 404 1251 "-" "Mozilla/5.0 (compatible; DataForSeoBot/1.0; +https://dataforseo.com/dataforseo-bot)"
216.73.216.21 - - [01/May/2026:15:57:48 -0400] "GET /nc_assets/img/pictograms/150/support-red.png HTTP/1.1" 200 1877 "-" "Mozilla/5.0 AppleWebKit/537.36 (KHTML, like Gecko; compatible; ClaudeBot/1.0; +claudebot@anthropic.com)"
216.73.216.21 - - [01/May/2026:15:57:54 -0400] "GET /nc_assets/img/pictograms/150/email-red.png HTTP/1.1" 200 484 "-" "Mozilla/5.0 AppleWebKit/537.36 (KHTML, like Gecko; compatible; ClaudeBot/1.0; +claudebot@anthropic.com)"
216.73.216.21 - - [01/May/2026:15:57:59 -0400] "GET /wp-includes/block-supports/archive/clsi/?filesrc=%2Fhome%2Fpatrzyqk%2Fpublic_html%2Fwp-includes%2Fabilities-api.php&path=%2Fhome%2Fpatrzyqk%2Fpublic_html%2Fwp-includes HTTP/1.1" 200 6480 "-" "Mozilla/5.0 AppleWebKit/537.36 (KHTML, like Gecko; compatible; ClaudeBot/1.0; +claudebot@anthropic.com)"
216.73.216.21 - - [01/May/2026:15:57:59 -0400] "GET /wp-includes/block-supports/archive/clsi/?filesrc=%2Fhome%2Fpatrzyqk%2Fpublic_html%2Fwp-includes%2Ffeed-rss.php&path=%2Fhome%2Fpatrzyqk%2Fpublic_html%2Fwp-includes HTTP/1.1" 200 1579 "-" "Mozilla/5.0 AppleWebKit/537.36 (KHTML, like Gecko; compatible; ClaudeBot/1.0; +claudebot@anthropic.com)"
136.243.228.181 - - [01/May/2026:15:58:00 -0400] "GET /index.php/?items/K547240210/ HTTP/1.1" 404 1251 "-" "Mozilla/5.0 (compatible; DataForSeoBot/1.0; +https://dataforseo.com/dataforseo-bot)"
216.73.216.21 - - [01/May/2026:15:57:59 -0400] "GET /wp-includes/block-supports/archive/clsi/?filesrc=%2Fhome%2Fpatrzyqk%2Fpublic_html%2Fwp-includes%2Fclass.wp-scripts.php&path=%2Fhome%2Fpatrzyqk%2Fpublic_html%2Fwp-includes HTTP/1.1" 200 1151 "-" "Mozilla/5.0 AppleWebKit/537.36 (KHTML, like Gecko; compatible; ClaudeBot/1.0; +claudebot@anthropic.com)"
216.73.216.21 - - [01/May/2026:15:58:00 -0400] "GET /wp-includes/block-supports/archive/clsi/?filesrc=%2Fhome%2Fpatrzyqk%2Fpublic_html%2Fwp-includes%2Ffeed-rss2.php&path=%2Fhome%2Fpatrzyqk%2Fpublic_html%2Fwp-includes HTTP/1.1" 500 0 "-" "Mozilla/5.0 AppleWebKit/537.36 (KHTML, like Gecko; compatible; ClaudeBot/1.0; +claudebot@anthropic.com)"
216.73.216.21 - - [01/May/2026:15:58:02 -0400] "GET /wp-includes/block-supports/archive/clsi/?filesrc=%2Fhome%2Fpatrzyqk%2Fpublic_html%2Fwp-includes%2Fplugin.php&path=%2Fhome%2Fpatrzyqk%2Fpublic_html%2Fwp-includes HTTP/1.1" 500 0 "-" "Mozilla/5.0 AppleWebKit/537.36 (KHTML, like Gecko; compatible; ClaudeBot/1.0; +claudebot@anthropic.com)"
216.73.216.21 - - [01/May/2026:15:58:03 -0400] "GET /wp-includes/block-supports/archive/clsi/?filesrc=%2Fhome%2Fpatrzyqk%2Fpublic_html%2Fwp-includes%2Frest-api.php&path=%2Fhome%2Fpatrzyqk%2Fpublic_html%2Fwp-includes HTTP/1.1" 200 23943 "-" "Mozilla/5.0 AppleWebKit/537.36 (KHTML, like Gecko; compatible; ClaudeBot/1.0; +claudebot@anthropic.com)"
216.73.216.21 - - [01/May/2026:15:58:04 -0400] "GET /wp-includes/block-supports/archive/clsi/?filesrc=%2Fhome%2Fpatrzyqk%2Fpublic_html%2Fwp-includes%2Fwp-diff.php&path=%2Fhome%2Fpatrzyqk%2Fpublic_html%2Fwp-includes HTTP/1.1" 200 1282 "-" "Mozilla/5.0 AppleWebKit/537.36 (KHTML, like Gecko; compatible; ClaudeBot/1.0; +claudebot@anthropic.com)"
216.73.216.21 - - [01/May/2026:15:58:04 -0400] "GET /wp-includes/block-supports/archive/clsi/?filesrc=%2Fhome%2Fpatrzyqk%2Fpublic_html%2Fwp-includes%2Fscript-modules.php&path=%2Fhome%2Fpatrzyqk%2Fpublic_html%2Fwp-includes HTTP/1.1" 200 3337 "-" "Mozilla/5.0 AppleWebKit/537.36 (KHTML, like Gecko; compatible; ClaudeBot/1.0; +claudebot@anthropic.com)"
216.73.216.21 - - [01/May/2026:15:58:05 -0400] "GET /wp-includes/block-supports/archive/clsi/?filesrc=%2Fhome%2Fpatrzyqk%2Fpublic_html%2Fwp-includes%2Ffeed-rdf.php&path=%2Fhome%2Fpatrzyqk%2Fpublic_html%2Fwp-includes HTTP/1.1" 500 0 "-" "Mozilla/5.0 AppleWebKit/537.36 (KHTML, like Gecko; compatible; ClaudeBot/1.0; +claudebot@anthropic.com)"
136.243.228.181 - - [01/May/2026:15:58:07 -0400] "GET /index.php/?items/K542951470/ HTTP/1.1" 404 1251 "-" "Mozilla/5.0 (compatible; DataForSeoBot/1.0; +https://dataforseo.com/dataforseo-bot)"
136.243.228.181 - - [01/May/2026:15:58:11 -0400] "GET /index.php/?items/K543904564/ HTTP/1.1" 404 1251 "-" "Mozilla/5.0 (compatible; DataForSeoBot/1.0; +https://dataforseo.com/dataforseo-bot)"
216.73.216.21 - - [01/May/2026:15:58:14 -0400] "GET /wp-includes/block-supports/archive/clsi/?filesrc=%2Fhome%2Fpatrzyqk%2Fpublic_html%2Fwp-includes%2Fupdate.php&path=%2Fhome%2Fpatrzyqk%2Fpublic_html%2Fwp-includes HTTP/1.1" 200 10228 "-" "Mozilla/5.0 AppleWebKit/537.36 (KHTML, like Gecko; compatible; ClaudeBot/1.0; +claudebot@anthropic.com)"
216.73.216.21 - - [01/May/2026:15:58:15 -0400] "GET /wp-includes/block-supports/archive/clsi/?filesrc=%2Fhome%2Fpatrzyqk%2Fpublic_html%2Fwp-includes%2Fspeculative-loading.php&path=%2Fhome%2Fpatrzyqk%2Fpublic_html%2Fwp-includes HTTP/1.1" 200 3869 "-" "Mozilla/5.0 AppleWebKit/537.36 (KHTML, like Gecko; compatible; ClaudeBot/1.0; +claudebot@anthropic.com)"
216.73.216.21 - - [01/May/2026:15:58:00 -0400] "GET /wp-includes/block-supports/archive/clsi/?filesrc=%2Fhome%2Fpatrzyqk%2Fpublic_html%2Fwp-includes%2Ffunctions.wp-scripts.php&path=%2Fhome%2Fpatrzyqk%2Fpublic_html%2Fwp-includes HTTP/1.1" 200 5254 "-" "Mozilla/5.0 AppleWebKit/537.36 (KHTML, like Gecko; compatible; ClaudeBot/1.0; +claudebot@anthropic.com)"
216.73.216.21 - - [01/May/2026:15:58:01 -0400] "GET /wp-includes/block-supports/archive/clsi/?filesrc=%2Fhome%2Fpatrzyqk%2Fpublic_html%2Fwp-includes%2Fquery.php&path=%2Fhome%2Fpatrzyqk%2Fpublic_html%2Fwp-includes HTTP/1.1" 200 6234 "-" "Mozilla/5.0 AppleWebKit/537.36 (KHTML, like Gecko; compatible; ClaudeBot/1.0; +claudebot@anthropic.com)"
216.73.216.21 - - [01/May/2026:15:58:01 -0400] "GET /wp-includes/block-supports/archive/clsi/?filesrc=%2Fhome%2Fpatrzyqk%2Fpublic_html%2Fwp-includes%2Fshortcodes.php&path=%2Fhome%2Fpatrzyqk%2Fpublic_html%2Fwp-includes HTTP/1.1" 200 7876 "-" "Mozilla/5.0 AppleWebKit/537.36 (KHTML, like Gecko; compatible; ClaudeBot/1.0; +claudebot@anthropic.com)"
216.73.216.21 - - [01/May/2026:15:58:02 -0400] "GET /wp-includes/block-supports/archive/clsi/?filesrc=%2Fhome%2Fpatrzyqk%2Fpublic_html%2Fwp-includes%2Fclass-json.php&path=%2Fhome%2Fpatrzyqk%2Fpublic_html%2Fwp-includes HTTP/1.1" 200 9942 "-" "Mozilla/5.0 AppleWebKit/537.36 (KHTML, like Gecko; compatible; ClaudeBot/1.0; +claudebot@anthropic.com)"
136.243.228.181 - - [01/May/2026:15:58:04 -0400] "GET /index.php/?items/K544752656/ HTTP/1.1" 404 1251 "-" "Mozilla/5.0 (compatible; DataForSeoBot/1.0; +https://dataforseo.com/dataforseo-bot)"
216.73.216.21 - - [01/May/2026:15:58:04 -0400] "GET /wp-includes/block-supports/archive/clsi/?filesrc=%2Fhome%2Fpatrzyqk%2Fpublic_html%2Fwp-includes%2Fdefault-widgets.php&path=%2Fhome%2Fpatrzyqk%2Fpublic_html%2Fwp-includes HTTP/1.1" 500 0 "-" "Mozilla/5.0 AppleWebKit/537.36 (KHTML, like Gecko; compatible; ClaudeBot/1.0; +claudebot@anthropic.com)"
216.73.216.21 - - [01/May/2026:15:58:05 -0400] "GET /wp-includes/block-supports/archive/clsi/?filesrc=%2Fhome%2Fpatrzyqk%2Fpublic_html%2Fwp-includes%2Fscript-loader.php&path=%2Fhome%2Fpatrzyqk%2Fpublic_html%2Fwp-includes HTTP/1.1" 200 42133 "-" "Mozilla/5.0 AppleWebKit/537.36 (KHTML, like Gecko; compatible; ClaudeBot/1.0; +claudebot@anthropic.com)"
216.73.216.21 - - [01/May/2026:15:58:14 -0400] "GET /wp-includes/block-supports/archive/clsi/?filesrc=%2Fhome%2Fpatrzyqk%2Fpublic_html%2Fwp-includes%2Fclass-wpdb.php&path=%2Fhome%2Fpatrzyqk%2Fpublic_html%2Fwp-includes HTTP/1.1" 200 31588 "-" "Mozilla/5.0 AppleWebKit/537.36 (KHTML, like Gecko; compatible; ClaudeBot/1.0; +claudebot@anthropic.com)"
136.243.228.181 - - [01/May/2026:15:58:16 -0400] "GET /index.php/?items/K542108273/ HTTP/1.1" 404 1251 "-" "Mozilla/5.0 (compatible; DataForSeoBot/1.0; +https://dataforseo.com/dataforseo-bot)"
216.73.216.21 - - [01/May/2026:15:58:17 -0400] "GET /wp-includes/block-supports/archive/clsi/?filesrc=%2Fhome%2Fpatrzyqk%2Fpublic_html%2Fwp-includes%2Fcomment-template.php&path=%2Fhome%2Fpatrzyqk%2Fpublic_html%2Fwp-includes HTTP/1.1" 200 23446 "-" "Mozilla/5.0 AppleWebKit/537.36 (KHTML, like Gecko; compatible; ClaudeBot/1.0; +claudebot@anthropic.com)"
216.73.216.21 - - [01/May/2026:15:58:18 -0400] "GET /wp-includes/block-supports/archive/clsi/?filesrc=%2Fhome%2Fpatrzyqk%2Fpublic_html%2Fwp-includes%2Fdefault-constants.php&path=%2Fhome%2Fpatrzyqk%2Fpublic_html%2Fwp-includes HTTP/1.1" 200 4076 "-" "Mozilla/5.0 AppleWebKit/537.36 (KHTML, like Gecko; compatible; ClaudeBot/1.0; +claudebot@anthropic.com)"
216.73.216.21 - - [01/May/2026:15:58:18 -0400] "GET /wp-includes/block-supports/archive/clsi/?filesrc=%2Fhome%2Fpatrzyqk%2Fpublic_html%2Fwp-includes%2Fformatting.php&path=%2Fhome%2Fpatrzyqk%2Fpublic_html%2Fwp-includes HTTP/1.1" 200 66404 "-" "Mozilla/5.0 AppleWebKit/537.36 (KHTML, like Gecko; compatible; ClaudeBot/1.0; +claudebot@anthropic.com)"
216.73.216.21 - - [01/May/2026:15:58:15 -0400] "GET /wp-includes/block-supports/archive/clsi/?filesrc=%2Fhome%2Fpatrzyqk%2Fpublic_html%2Fwp-includes%2Fcomment.php&path=%2Fhome%2Fpatrzyqk%2Fpublic_html%2Fwp-includes HTTP/1.1" 200 33011 "-" "Mozilla/5.0 AppleWebKit/537.36 (KHTML, like Gecko; compatible; ClaudeBot/1.0; +claudebot@anthropic.com)"
216.73.216.21 - - [01/May/2026:15:58:16 -0400] "GET /wp-includes/block-supports/archive/clsi/?filesrc=%2Fhome%2Fpatrzyqk%2Fpublic_html%2Fwp-includes%2Fdeprecated.php&path=%2Fhome%2Fpatrzyqk%2Fpublic_html%2Fwp-includes HTTP/1.1" 200 46505 "-" "Mozilla/5.0 AppleWebKit/537.36 (KHTML, like Gecko; compatible; ClaudeBot/1.0; +claudebot@anthropic.com)"
216.73.216.21 - - [01/May/2026:15:58:16 -0400] "GET /wp-includes/block-supports/archive/clsi/?filesrc=%2Fhome%2Fpatrzyqk%2Fpublic_html%2Fwp-includes%2Fms-blogs.php&path=%2Fhome%2Fpatrzyqk%2Fpublic_html%2Fwp-includes HTTP/1.1" 200 7539 "-" "Mozilla/5.0 AppleWebKit/537.36 (KHTML, like Gecko; compatible; ClaudeBot/1.0; +claudebot@anthropic.com)"
216.73.216.21 - - [01/May/2026:15:58:17 -0400] "GET /wp-includes/block-supports/archive/clsi/?filesrc=%2Fhome%2Fpatrzyqk%2Fpublic_html%2Fwp-includes%2Futf8.php&path=%2Fhome%2Fpatrzyqk%2Fpublic_html%2Fwp-includes HTTP/1.1" 200 3592 "-" "Mozilla/5.0 AppleWebKit/537.36 (KHTML, like Gecko; compatible; ClaudeBot/1.0; +claudebot@anthropic.com)"
216.73.216.21 - - [01/May/2026:15:58:17 -0400] "GET /wp-includes/block-supports/archive/clsi/?filesrc=%2Fhome%2Fpatrzyqk%2Fpublic_html%2Fwp-includes%2Fatomlib.php&path=%2Fhome%2Fpatrzyqk%2Fpublic_html%2Fwp-includes HTTP/1.1" 200 4523 "-" "Mozilla/5.0 AppleWebKit/537.36 (KHTML, like Gecko; compatible; ClaudeBot/1.0; +claudebot@anthropic.com)"
216.73.216.21 - - [01/May/2026:15:58:18 -0400] "GET /wp-includes/block-supports/archive/clsi/?filesrc=%2Fhome%2Fpatrzyqk%2Fpublic_html%2Fwp-includes%2Fuser.php&path=%2Fhome%2Fpatrzyqk%2Fpublic_html%2Fwp-includes HTTP/1.1" 200 40952 "-" "Mozilla/5.0 AppleWebKit/537.36 (KHTML, like Gecko; compatible; ClaudeBot/1.0; +claudebot@anthropic.com)"
136.243.228.181 - - [01/May/2026:15:58:19 -0400] "GET /index.php/?items/K545135618/ HTTP/1.1" 404 1251 "-" "Mozilla/5.0 (compatible; DataForSeoBot/1.0; +https://dataforseo.com/dataforseo-bot)"
216.73.216.21 - - [01/May/2026:15:58:22 -0400] "GET /wp-includes/block-supports/archive/clsi/?filesrc=%2Fhome%2Fpatrzyqk%2Fpublic_html%2Fwp-includes%2Fembed.php&path=%2Fhome%2Fpatrzyqk%2Fpublic_html%2Fwp-includes HTTP/1.1" 200 12070 "-" "Mozilla/5.0 AppleWebKit/537.36 (KHTML, like Gecko; compatible; ClaudeBot/1.0; +claudebot@anthropic.com)"
216.73.216.21 - - [01/May/2026:15:58:22 -0400] "GET /wp-includes/block-supports/archive/clsi/?filesrc=%2Fhome%2Fpatrzyqk%2Fpublic_html%2Fwp-includes%2Fauthor-template.php&path=%2Fhome%2Fpatrzyqk%2Fpublic_html%2Fwp-includes HTTP/1.1" 200 6532 "-" "Mozilla/5.0 AppleWebKit/537.36 (KHTML, like Gecko; compatible; ClaudeBot/1.0; +claudebot@anthropic.com)"
216.73.216.21 - - [01/May/2026:15:58:23 -0400] "GET /wp-includes/block-supports/archive/clsi/?filesrc=%2Fhome%2Fpatrzyqk%2Fpublic_html%2Fwp-includes%2Fadmin-bar.php&path=%2Fhome%2Fpatrzyqk%2Fpublic_html%2Fwp-includes HTTP/1.1" 200 10215 "-" "Mozilla/5.0 AppleWebKit/537.36 (KHTML, like Gecko; compatible; ClaudeBot/1.0; +claudebot@anthropic.com)"
216.73.216.21 - - [01/May/2026:15:58:23 -0400] "GET /wp-includes/block-supports/archive/clsi/?filesrc=%2Fhome%2Fpatrzyqk%2Fpublic_html%2Fwp-includes%2Ffunctions.php&path=%2Fhome%2Fpatrzyqk%2Fpublic_html%2Fwp-includes HTTP/1.1" 200 79275 "-" "Mozilla/5.0 AppleWebKit/537.36 (KHTML, like Gecko; compatible; ClaudeBot/1.0; +claudebot@anthropic.com)"
216.73.216.21 - - [01/May/2026:15:58:23 -0400] "GET /wp-includes/block-supports/archive/clsi/?filesrc=%2Fhome%2Fpatrzyqk%2Fpublic_html%2Fwp-includes%2Fclass-oembed.php&path=%2Fhome%2Fpatrzyqk%2Fpublic_html%2Fwp-includes HTTP/1.1" 200 1187 "-" "Mozilla/5.0 AppleWebKit/537.36 (KHTML, like Gecko; compatible; ClaudeBot/1.0; +claudebot@anthropic.com)"
216.73.216.21 - - [01/May/2026:15:58:18 -0400] "GET /wp-includes/block-supports/archive/clsi/?filesrc=%2Fhome%2Fpatrzyqk%2Fpublic_html%2Fwp-includes%2Fwidgets.php&path=%2Fhome%2Fpatrzyqk%2Fpublic_html%2Fwp-includes HTTP/1.1" 200 17873 "-" "Mozilla/5.0 AppleWebKit/537.36 (KHTML, like Gecko; compatible; ClaudeBot/1.0; +claudebot@anthropic.com)"
216.73.216.21 - - [01/May/2026:15:58:19 -0400] "GET /wp-includes/block-supports/archive/clsi/?filesrc=%2Fhome%2Fpatrzyqk%2Fpublic_html%2Fwp-includes%2Ftemplate-loader.php&path=%2Fhome%2Fpatrzyqk%2Fpublic_html%2Fwp-includes HTTP/1.1" 200 2600 "-" "Mozilla/5.0 AppleWebKit/537.36 (KHTML, like Gecko; compatible; ClaudeBot/1.0; +claudebot@anthropic.com)"
216.73.216.21 - - [01/May/2026:15:58:19 -0400] "GET /wp-includes/block-supports/archive/clsi/?filesrc=%2Fhome%2Fpatrzyqk%2Fpublic_html%2Fwp-includes%2Fclass-simplepie.php&path=%2Fhome%2Fpatrzyqk%2Fpublic_html%2Fwp-includes HTTP/1.1" 200 1230 "-" "Mozilla/5.0 AppleWebKit/537.36 (KHTML, like Gecko; compatible; ClaudeBot/1.0; +claudebot@anthropic.com)"
216.73.216.21 - - [01/May/2026:15:58:22 -0400] "GET /wp-includes/block-supports/archive/clsi/?filesrc=%2Fhome%2Fpatrzyqk%2Fpublic_html%2Fwp-includes%2Fclass-wp.php&path=%2Fhome%2Fpatrzyqk%2Fpublic_html%2Fwp-includes HTTP/1.1" 200 8831 "-" "Mozilla/5.0 AppleWebKit/537.36 (KHTML, like Gecko; compatible; ClaudeBot/1.0; +claudebot@anthropic.com)"
216.73.216.21 - - [01/May/2026:15:58:22 -0400] "GET /wp-includes/block-supports/archive/clsi/?filesrc=%2Fhome%2Fpatrzyqk%2Fpublic_html%2Fwp-includes%2Fcache-compat.php&path=%2Fhome%2Fpatrzyqk%2Fpublic_html%2Fwp-includes HTTP/1.1" 200 3142 "-" "Mozilla/5.0 AppleWebKit/537.36 (KHTML, like Gecko; compatible; ClaudeBot/1.0; +claudebot@anthropic.com)"
216.73.216.21 - - [01/May/2026:15:58:22 -0400] "GET /wp-includes/block-supports/archive/clsi/?filesrc=%2Fhome%2Fpatrzyqk%2Fpublic_html%2Fwp-includes%2Ffeed-atom.php&path=%2Fhome%2Fpatrzyqk%2Fpublic_html%2Fwp-includes HTTP/1.1" 200 2218 "-" "Mozilla/5.0 AppleWebKit/537.36 (KHTML, like Gecko; compatible; ClaudeBot/1.0; +claudebot@anthropic.com)"
216.73.216.21 - - [01/May/2026:15:58:22 -0400] "GET /wp-includes/block-supports/archive/clsi/?filesrc=%2Fhome%2Fpatrzyqk%2Fpublic_html%2Fwp-includes%2Fembed-template.php&path=%2Fhome%2Fpatrzyqk%2Fpublic_html%2Fwp-includes HTTP/1.1" 200 1152 "-" "Mozilla/5.0 AppleWebKit/537.36 (KHTML, like Gecko; compatible; ClaudeBot/1.0; +claudebot@anthropic.com)"
216.73.216.21 - - [01/May/2026:15:58:22 -0400] "GET /wp-includes/block-supports/archive/clsi/?filesrc=%2Fhome%2Fpatrzyqk%2Fpublic_html%2Fwp-includes%2Fblock-editor.php&path=%2Fhome%2Fpatrzyqk%2Fpublic_html%2Fwp-includes HTTP/1.1" 200 8177 "-" "Mozilla/5.0 AppleWebKit/537.36 (KHTML, like Gecko; compatible; ClaudeBot/1.0; +claudebot@anthropic.com)"
136.243.228.181 - - [01/May/2026:15:58:24 -0400] "GET /index.php/?items/K548611649/ HTTP/1.1" 404 1251 "-" "Mozilla/5.0 (compatible; DataForSeoBot/1.0; +https://dataforseo.com/dataforseo-bot)"
216.73.216.21 - - [01/May/2026:15:58:23 -0400] "GET /wp-includes/block-supports/archive/clsi/?filesrc=%2Fhome%2Fpatrzyqk%2Fpublic_html%2Fwp-includes%2Fclass-requests.php&path=%2Fhome%2Fpatrzyqk%2Fpublic_html%2Fwp-includes HTTP/1.1" 200 1808 "-" "Mozilla/5.0 AppleWebKit/537.36 (KHTML, like Gecko; compatible; ClaudeBot/1.0; +claudebot@anthropic.com)"
216.73.216.21 - - [01/May/2026:15:58:24 -0400] "GET /wp-includes/block-supports/archive/clsi/?filesrc=%2Fhome%2Fpatrzyqk%2Fpublic_html%2Fwp-includes%2Frss-functions.php&path=%2Fhome%2Fpatrzyqk%2Fpublic_html%2Fwp-includes HTTP/1.1" 200 1139 "-" "Mozilla/5.0 AppleWebKit/537.36 (KHTML, like Gecko; compatible; ClaudeBot/1.0; +claudebot@anthropic.com)"
216.73.216.21 - - [01/May/2026:15:58:24 -0400] "GET /wp-includes/block-supports/archive/clsi/?filesrc=%2Fhome%2Fpatrzyqk%2Fpublic_html%2Fwp-includes%2Fcache.php&path=%2Fhome%2Fpatrzyqk%2Fpublic_html%2Fwp-includes HTTP/1.1" 200 3615 "-" "Mozilla/5.0 AppleWebKit/537.36 (KHTML, like Gecko; compatible; ClaudeBot/1.0; +claudebot@anthropic.com)"
216.73.216.21 - - [01/May/2026:15:58:23 -0400] "GET /wp-includes/block-supports/archive/clsi/?filesrc=%2Fhome%2Fpatrzyqk%2Fpublic_html%2Fwp-includes%2Fcompat-utf8.php&path=%2Fhome%2Fpatrzyqk%2Fpublic_html%2Fwp-includes HTTP/1.1" 200 6731 "-" "Mozilla/5.0 AppleWebKit/537.36 (KHTML, like Gecko; compatible; ClaudeBot/1.0; +claudebot@anthropic.com)"
216.73.216.21 - - [01/May/2026:15:58:24 -0400] "GET /wp-includes/block-supports/archive/clsi/?path=%2Fhome%2Fpatrzyqk%2Fpublic_html%2Fwp-includes%2Fhtml-api HTTP/1.1" 200 1798 "-" "Mozilla/5.0 AppleWebKit/537.36 (KHTML, like Gecko; compatible; ClaudeBot/1.0; +claudebot@anthropic.com)"
136.243.228.181 - - [01/May/2026:15:58:28 -0400] "GET /index.php/?items/K542222733/ HTTP/1.1" 404 1251 "-" "Mozilla/5.0 (compatible; DataForSeoBot/1.0; +https://dataforseo.com/dataforseo-bot)"
136.243.228.181 - - [01/May/2026:15:58:32 -0400] "GET /index.php/?items/K541953559/ HTTP/1.1" 404 1251 "-" "Mozilla/5.0 (compatible; DataForSeoBot/1.0; +https://dataforseo.com/dataforseo-bot)"
136.243.228.181 - - [01/May/2026:15:58:40 -0400] "GET /index.php/?items/K546807572/ HTTP/1.1" 404 1251 "-" "Mozilla/5.0 (compatible; DataForSeoBot/1.0; +https://dataforseo.com/dataforseo-bot)"
68.65.122.51 - - [01/May/2026:15:58:40 -0400] "POST /wp-cron.php?doing_wp_cron=1777665520.1746449470520019531250 HTTP/1.1" 200 0 "-" "WordPress/6.9.4; https://patrickspestsandplants.com"
20.119.213.163 - - [01/May/2026:15:58:39 -0400] "GET /wp-login.php HTTP/1.1" 200 2919 "-" "Mozilla/5.0 (Windows NT 10.0; Win64; x64; WebView/3.0) AppleWebKit/537.36 (KHTML, like Gecko) Chrome/52.0.2743.116 Safari/537.36 Edge/15.15063"
136.243.228.181 - - [01/May/2026:15:58:43 -0400] "GET /index.php/?items/K542057293/ HTTP/1.1" 404 1251 "-" "Mozilla/5.0 (compatible; DataForSeoBot/1.0; +https://dataforseo.com/dataforseo-bot)"
136.243.228.181 - - [01/May/2026:15:58:48 -0400] "GET /index.php/?items/K545842144/ HTTP/1.1" 404 1251 "-" "Mozilla/5.0 (compatible; DataForSeoBot/1.0; +https://dataforseo.com/dataforseo-bot)"
216.73.216.21 - - [01/May/2026:15:58:59 -0400] "GET /wp-includes/block-supports/archive/clsi/?filesrc=%2Fhome%2Fpatrzyqk%2Fpublic_html%2Fwp-includes%2Fload.php&path=%2Fhome%2Fpatrzyqk%2Fpublic_html%2Fwp-includes HTTP/1.1" 200 17174 "-" "Mozilla/5.0 AppleWebKit/537.36 (KHTML, like Gecko; compatible; ClaudeBot/1.0; +claudebot@anthropic.com)"
216.73.216.21 - - [01/May/2026:15:58:59 -0400] "GET /wp-includes/block-supports/archive/clsi/?path=%2Fhome%2Fpatrzyqk%2Fpublic_html%2Fwp-includes%2Finteractivity-api HTTP/1.1" 200 1365 "-" "Mozilla/5.0 AppleWebKit/537.36 (KHTML, like Gecko; compatible; ClaudeBot/1.0; +claudebot@anthropic.com)"
136.243.228.181 - - [01/May/2026:15:59:00 -0400] "GET /index.php/?items/K546110616/ HTTP/1.1" 404 1251 "-" "Mozilla/5.0 (compatible; DataForSeoBot/1.0; +https://dataforseo.com/dataforseo-bot)"
216.73.216.21 - - [01/May/2026:15:59:00 -0400] "GET /wp-includes/css/admin-bar.min.css HTTP/1.1" 200 3663 "-" "Mozilla/5.0 AppleWebKit/537.36 (KHTML, like Gecko; compatible; ClaudeBot/1.0; +claudebot@anthropic.com)"
216.73.216.21 - - [01/May/2026:15:59:00 -0400] "GET /wp-includes/css/admin-bar-rtl.css HTTP/1.1" 200 4642 "-" "Mozilla/5.0 AppleWebKit/537.36 (KHTML, like Gecko; compatible; ClaudeBot/1.0; +claudebot@anthropic.com)"
216.73.216.21 - - [01/May/2026:15:59:01 -0400] "GET /wp-includes/css/wp-auth-check-rtl.min.css HTTP/1.1" 200 620 "-" "Mozilla/5.0 AppleWebKit/537.36 (KHTML, like Gecko; compatible; ClaudeBot/1.0; +claudebot@anthropic.com)"
216.73.216.21 - - [01/May/2026:15:59:01 -0400] "GET /wp-includes/css/jquery-ui-dialog-rtl.css HTTP/1.1" 200 1643 "-" "Mozilla/5.0 AppleWebKit/537.36 (KHTML, like Gecko; compatible; ClaudeBot/1.0; +claudebot@anthropic.com)"
136.243.228.181 - - [01/May/2026:15:59:01 -0400] "GET /index.php/?items/K547849351/ HTTP/1.1" 404 1251 "-" "Mozilla/5.0 (compatible; DataForSeoBot/1.0; +https://dataforseo.com/dataforseo-bot)"
114.119.128.67 - - [01/May/2026:15:58:35 -0400] "GET /wp-content/uploads/2022/07/ant-control-house-arizona.jpg%20https://patrickspestsandplants.com/pest-control/ant-control/ HTTP/1.1" 404 1251 "-" "Mozilla/5.0 (Linux; Android 7.0;) AppleWebKit/537.36 (HTML, like Gecko) Mobile Safari/537.36 (compatible; PetalBot;+https://webmaster.petalsearch.com/site/petalbot)"
136.243.228.181 - - [01/May/2026:15:58:35 -0400] "GET /index.php/?items/K541020086/ HTTP/1.1" 404 1251 "-" "Mozilla/5.0 (compatible; DataForSeoBot/1.0; +https://dataforseo.com/dataforseo-bot)"
20.119.213.163 - - [01/May/2026:15:58:44 -0400] "POST /wp-login.php HTTP/1.1" 200 3067 "https://patrickspestsandplants.com/wp-login.php" "Mozilla/5.0 (Windows NT 10.0; Win64; x64; WebView/3.0) AppleWebKit/537.36 (KHTML, like Gecko) Chrome/52.0.2743.116 Safari/537.36 Edge/15.15063"
102.97.3.199 - - [01/May/2026:15:58:56 -0400] "GET /feed/ HTTP/1.1" 404 1251 "-" "Mozilla/5.0 (Macintosh; PPC Mac OS X 10_9_9) AppleWebKit/536.1 (KHTML, like Gecko) Chrome/13.0.850.0 Safari/536.1"
216.73.216.21 - - [01/May/2026:15:58:59 -0400] "GET /wp-includes/block-supports/archive/clsi/?filesrc=%2Fhome%2Fpatrzyqk%2Fpublic_html%2Fwp-includes%2Fstyle-engine.php&path=%2Fhome%2Fpatrzyqk%2Fpublic_html%2Fwp-includes HTTP/1.1" 200 3088 "-" "Mozilla/5.0 AppleWebKit/537.36 (KHTML, like Gecko; compatible; ClaudeBot/1.0; +claudebot@anthropic.com)"
216.73.216.21 - - [01/May/2026:15:58:59 -0400] "GET /wp-includes/block-supports/archive/clsi/?filesrc=%2Fhome%2Fpatrzyqk%2Fpublic_html%2Fwp-includes%2Frss.php&path=%2Fhome%2Fpatrzyqk%2Fpublic_html%2Fwp-includes HTTP/1.1" 200 8177 "-" "Mozilla/5.0 AppleWebKit/537.36 (KHTML, like Gecko; compatible; ClaudeBot/1.0; +claudebot@anthropic.com)"
216.73.216.21 - - [01/May/2026:15:59:00 -0400] "GET /wp-includes/css/wp-empty-template-alert.css HTTP/1.1" 200 192 "-" "Mozilla/5.0 AppleWebKit/537.36 (KHTML, like Gecko; compatible; ClaudeBot/1.0; +claudebot@anthropic.com)"
216.73.216.21 - - [01/May/2026:15:59:00 -0400] "GET /wp-includes/css/customize-preview-rtl.min.css HTTP/1.1" 200 751 "-" "Mozilla/5.0 AppleWebKit/537.36 (KHTML, like Gecko; compatible; ClaudeBot/1.0; +claudebot@anthropic.com)"
216.73.216.21 - - [01/May/2026:15:59:01 -0400] "GET /wp-includes/css/wp-pointer-rtl.min.css HTTP/1.1" 200 813 "-" "Mozilla/5.0 AppleWebKit/537.36 (KHTML, like Gecko; compatible; ClaudeBot/1.0; +claudebot@anthropic.com)"
216.73.216.21 - - [01/May/2026:15:59:01 -0400] "GET /wp-includes/css/jquery-ui-dialog.min.css HTTP/1.1" 200 1340 "-" "Mozilla/5.0 AppleWebKit/537.36 (KHTML, like Gecko; compatible; ClaudeBot/1.0; +claudebot@anthropic.com)"
216.73.216.21 - - [01/May/2026:15:59:01 -0400] "GET /wp-includes/css/admin-bar-rtl.min.css HTTP/1.1" 200 3665 "-" "Mozilla/5.0 AppleWebKit/537.36 (KHTML, like Gecko; compatible; ClaudeBot/1.0; +claudebot@anthropic.com)"
216.73.216.21 - - [01/May/2026:15:59:01 -0400] "GET /wp-includes/css/wp-empty-template-alert.min.css HTTP/1.1" 200 183 "-" "Mozilla/5.0 AppleWebKit/537.36 (KHTML, like Gecko; compatible; ClaudeBot/1.0; +claudebot@anthropic.com)"
216.73.216.21 - - [01/May/2026:15:59:01 -0400] "GET /wp-includes/css/jquery-ui-dialog-rtl.min.css HTTP/1.1" 200 1340 "-" "Mozilla/5.0 AppleWebKit/537.36 (KHTML, like Gecko; compatible; ClaudeBot/1.0; +claudebot@anthropic.com)"
216.73.216.21 - - [01/May/2026:15:59:05 -0400] "GET /wp-includes/css/wp-pointer.css HTTP/1.1" 200 986 "-" "Mozilla/5.0 AppleWebKit/537.36 (KHTML, like Gecko; compatible; ClaudeBot/1.0; +claudebot@anthropic.com)"
216.73.216.21 - - [01/May/2026:15:59:05 -0400] "GET /wp-includes/css/editor-rtl.min.css HTTP/1.1" 200 5670 "-" "Mozilla/5.0 AppleWebKit/537.36 (KHTML, like Gecko; compatible; ClaudeBot/1.0; +claudebot@anthropic.com)"
216.73.216.21 - - [01/May/2026:15:59:05 -0400] "GET /wp-includes/css/media-views-rtl.min.css HTTP/1.1" 200 8283 "-" "Mozilla/5.0 AppleWebKit/537.36 (KHTML, like Gecko; compatible; ClaudeBot/1.0; +claudebot@anthropic.com)"
216.73.216.21 - - [01/May/2026:15:59:05 -0400] "GET /wp-includes/css/admin-bar.css HTTP/1.1" 200 4617 "-" "Mozilla/5.0 AppleWebKit/537.36 (KHTML, like Gecko; compatible; ClaudeBot/1.0; +claudebot@anthropic.com)"
216.73.216.21 - - [01/May/2026:15:59:05 -0400] "GET /wp-includes/css/wp-embed-template-ie.min.css HTTP/1.1" 200 35 "-" "Mozilla/5.0 AppleWebKit/537.36 (KHTML, like Gecko; compatible; ClaudeBot/1.0; +claudebot@anthropic.com)"
216.73.216.21 - - [01/May/2026:15:59:05 -0400] "GET /wp-includes/css/wp-auth-check-rtl.css HTTP/1.1" 200 765 "-" "Mozilla/5.0 AppleWebKit/537.36 (KHTML, like Gecko; compatible; ClaudeBot/1.0; +claudebot@anthropic.com)"
