136.243.228.181 - - [01/May/2026:15:09:50 -0400] "GET /index.php/?items/K542796519/ HTTP/1.1" 404 1251 "-" "Mozilla/5.0 (compatible; DataForSeoBot/1.0; +https://dataforseo.com/dataforseo-bot)"
136.243.228.181 - - [01/May/2026:15:09:55 -0400] "GET /index.php/?items/K541577572/ HTTP/1.1" 404 1251 "-" "Mozilla/5.0 (compatible; DataForSeoBot/1.0; +https://dataforseo.com/dataforseo-bot)"
136.243.228.181 - - [01/May/2026:15:10:02 -0400] "GET /index.php/?items/K545624846/ HTTP/1.1" 404 1251 "-" "Mozilla/5.0 (compatible; DataForSeoBot/1.0; +https://dataforseo.com/dataforseo-bot)"
136.243.228.181 - - [01/May/2026:15:10:11 -0400] "GET /index.php/?items/K548015001/ HTTP/1.1" 404 1251 "-" "Mozilla/5.0 (compatible; DataForSeoBot/1.0; +https://dataforseo.com/dataforseo-bot)"
136.243.228.181 - - [01/May/2026:15:10:15 -0400] "GET /index.php/?items/K549261245/ HTTP/1.1" 404 1251 "-" "Mozilla/5.0 (compatible; DataForSeoBot/1.0; +https://dataforseo.com/dataforseo-bot)"
136.243.228.181 - - [01/May/2026:15:10:23 -0400] "GET /index.php/?items/K545927413/ HTTP/1.1" 404 1251 "-" "Mozilla/5.0 (compatible; DataForSeoBot/1.0; +https://dataforseo.com/dataforseo-bot)"
136.243.228.181 - - [01/May/2026:15:10:35 -0400] "GET /index.php/?items/K549582236/ HTTP/1.1" 404 1251 "-" "Mozilla/5.0 (compatible; DataForSeoBot/1.0; +https://dataforseo.com/dataforseo-bot)"
136.243.228.181 - - [01/May/2026:15:10:47 -0400] "GET /index.php/?items/K541008063/ HTTP/1.1" 404 1251 "-" "Mozilla/5.0 (compatible; DataForSeoBot/1.0; +https://dataforseo.com/dataforseo-bot)"
136.243.228.181 - - [01/May/2026:15:10:55 -0400] "GET /index.php/?items/K549115541/ HTTP/1.1" 404 1251 "-" "Mozilla/5.0 (compatible; DataForSeoBot/1.0; +https://dataforseo.com/dataforseo-bot)"
136.243.228.181 - - [01/May/2026:15:10:18 -0400] "GET /index.php/?items/K542964489/ HTTP/1.1" 404 1251 "-" "Mozilla/5.0 (compatible; DataForSeoBot/1.0; +https://dataforseo.com/dataforseo-bot)"
136.243.228.181 - - [01/May/2026:15:10:27 -0400] "GET /index.php/?items/K541644613/ HTTP/1.1" 404 1251 "-" "Mozilla/5.0 (compatible; DataForSeoBot/1.0; +https://dataforseo.com/dataforseo-bot)"
136.243.228.181 - - [01/May/2026:15:10:31 -0400] "GET /index.php/?items/K546594258/ HTTP/1.1" 404 1251 "-" "Mozilla/5.0 (compatible; DataForSeoBot/1.0; +https://dataforseo.com/dataforseo-bot)"
136.243.228.181 - - [01/May/2026:15:10:39 -0400] "GET /index.php/?items/K543115392/ HTTP/1.1" 404 1251 "-" "Mozilla/5.0 (compatible; DataForSeoBot/1.0; +https://dataforseo.com/dataforseo-bot)"
136.243.228.181 - - [01/May/2026:15:10:42 -0400] "GET /index.php/?items/K547854650/ HTTP/1.1" 404 1251 "-" "Mozilla/5.0 (compatible; DataForSeoBot/1.0; +https://dataforseo.com/dataforseo-bot)"
136.243.228.181 - - [01/May/2026:15:10:50 -0400] "GET /index.php/?items/K543161508/ HTTP/1.1" 404 1251 "-" "Mozilla/5.0 (compatible; DataForSeoBot/1.0; +https://dataforseo.com/dataforseo-bot)"
136.243.228.181 - - [01/May/2026:15:11:03 -0400] "GET /index.php/?items/K545648919/ HTTP/1.1" 404 1251 "-" "Mozilla/5.0 (compatible; DataForSeoBot/1.0; +https://dataforseo.com/dataforseo-bot)"
136.243.228.181 - - [01/May/2026:15:11:35 -0400] "GET /index.php/?items/K543502280/ HTTP/1.1" 404 1251 "-" "Mozilla/5.0 (compatible; DataForSeoBot/1.0; +https://dataforseo.com/dataforseo-bot)"
136.243.228.181 - - [01/May/2026:15:11:39 -0400] "GET /index.php/?items/K543630385/ HTTP/1.1" 404 1251 "-" "Mozilla/5.0 (compatible; DataForSeoBot/1.0; +https://dataforseo.com/dataforseo-bot)"
136.243.228.181 - - [01/May/2026:15:11:42 -0400] "GET /index.php/?items/K542560509/ HTTP/1.1" 404 1251 "-" "Mozilla/5.0 (compatible; DataForSeoBot/1.0; +https://dataforseo.com/dataforseo-bot)"
136.243.228.181 - - [01/May/2026:15:11:52 -0400] "GET /index.php/?items/K546040990/ HTTP/1.1" 404 1251 "-" "Mozilla/5.0 (compatible; DataForSeoBot/1.0; +https://dataforseo.com/dataforseo-bot)"
136.243.228.181 - - [01/May/2026:15:11:56 -0400] "GET /index.php/?items/K541698640/ HTTP/1.1" 404 1251 "-" "Mozilla/5.0 (compatible; DataForSeoBot/1.0; +https://dataforseo.com/dataforseo-bot)"
136.243.228.181 - - [01/May/2026:15:12:00 -0400] "GET /index.php/?items/K541734747/ HTTP/1.1" 404 1251 "-" "Mozilla/5.0 (compatible; DataForSeoBot/1.0; +https://dataforseo.com/dataforseo-bot)"
136.243.228.181 - - [01/May/2026:15:12:20 -0400] "GET /index.php/?items/K542773248/ HTTP/1.1" 404 1251 "-" "Mozilla/5.0 (compatible; DataForSeoBot/1.0; +https://dataforseo.com/dataforseo-bot)"
136.243.228.181 - - [01/May/2026:15:12:24 -0400] "GET /index.php/?items/K542066876/ HTTP/1.1" 404 1251 "-" "Mozilla/5.0 (compatible; DataForSeoBot/1.0; +https://dataforseo.com/dataforseo-bot)"
136.243.228.181 - - [01/May/2026:15:12:33 -0400] "GET /index.php/?items/K541307378/ HTTP/1.1" 404 1251 "-" "Mozilla/5.0 (compatible; DataForSeoBot/1.0; +https://dataforseo.com/dataforseo-bot)"
136.243.228.181 - - [01/May/2026:15:12:45 -0400] "GET /index.php/?items/K543030413/ HTTP/1.1" 404 1251 "-" "Mozilla/5.0 (compatible; DataForSeoBot/1.0; +https://dataforseo.com/dataforseo-bot)"
136.243.228.181 - - [01/May/2026:15:12:49 -0400] "GET /index.php/?items/K547399539/ HTTP/1.1" 404 1251 "-" "Mozilla/5.0 (compatible; DataForSeoBot/1.0; +https://dataforseo.com/dataforseo-bot)"
136.243.228.181 - - [01/May/2026:15:12:57 -0400] "GET /index.php/?items/K544652204/ HTTP/1.1" 404 1251 "-" "Mozilla/5.0 (compatible; DataForSeoBot/1.0; +https://dataforseo.com/dataforseo-bot)"
136.243.228.181 - - [01/May/2026:15:13:00 -0400] "GET /index.php/?items/K546302211/ HTTP/1.1" 404 1251 "-" "Mozilla/5.0 (compatible; DataForSeoBot/1.0; +https://dataforseo.com/dataforseo-bot)"
136.243.228.181 - - [01/May/2026:15:13:05 -0400] "GET /index.php/?items/K547522579/ HTTP/1.1" 404 1251 "-" "Mozilla/5.0 (compatible; DataForSeoBot/1.0; +https://dataforseo.com/dataforseo-bot)"
136.243.228.181 - - [01/May/2026:15:10:59 -0400] "GET /index.php/?items/K544010922/ HTTP/1.1" 404 1251 "-" "Mozilla/5.0 (compatible; DataForSeoBot/1.0; +https://dataforseo.com/dataforseo-bot)"
136.243.228.181 - - [01/May/2026:15:11:07 -0400] "GET /index.php/?items/K544012278/ HTTP/1.1" 404 1251 "-" "Mozilla/5.0 (compatible; DataForSeoBot/1.0; +https://dataforseo.com/dataforseo-bot)"
136.243.228.181 - - [01/May/2026:15:11:11 -0400] "GET /index.php/?items/K541294505/ HTTP/1.1" 404 1251 "-" "Mozilla/5.0 (compatible; DataForSeoBot/1.0; +https://dataforseo.com/dataforseo-bot)"
136.243.228.181 - - [01/May/2026:15:11:15 -0400] "GET /index.php/?items/K542517037/ HTTP/1.1" 404 1251 "-" "Mozilla/5.0 (compatible; DataForSeoBot/1.0; +https://dataforseo.com/dataforseo-bot)"
136.243.228.181 - - [01/May/2026:15:11:19 -0400] "GET /index.php/?items/K548299743/ HTTP/1.1" 404 1251 "-" "Mozilla/5.0 (compatible; DataForSeoBot/1.0; +https://dataforseo.com/dataforseo-bot)"
136.243.228.181 - - [01/May/2026:15:11:23 -0400] "GET /index.php/?items/K546641066/ HTTP/1.1" 404 1251 "-" "Mozilla/5.0 (compatible; DataForSeoBot/1.0; +https://dataforseo.com/dataforseo-bot)"
136.243.228.181 - - [01/May/2026:15:11:26 -0400] "GET /index.php/?items/K542069465/ HTTP/1.1" 404 1251 "-" "Mozilla/5.0 (compatible; DataForSeoBot/1.0; +https://dataforseo.com/dataforseo-bot)"
136.243.228.181 - - [01/May/2026:15:11:31 -0400] "GET /index.php/?items/K546759503/ HTTP/1.1" 404 1251 "-" "Mozilla/5.0 (compatible; DataForSeoBot/1.0; +https://dataforseo.com/dataforseo-bot)"
136.243.228.181 - - [01/May/2026:15:11:48 -0400] "GET /index.php/?items/K548868707/ HTTP/1.1" 404 1251 "-" "Mozilla/5.0 (compatible; DataForSeoBot/1.0; +https://dataforseo.com/dataforseo-bot)"
66.249.65.32 - - [01/May/2026:15:11:58 -0400] "GET /product/import-2bk100h-light-duty-qd-sheave HTTP/1.1" 404 1251 "-" "Mozilla/5.0 (Linux; Android 6.0.1; Nexus 5X Build/MMB29P) AppleWebKit/537.36 (KHTML, like Gecko) Chrome/147.0.7727.137 Mobile Safari/537.36 (compatible; Googlebot/2.1; +http://www.google.com/bot.html)"
136.243.228.181 - - [01/May/2026:15:12:04 -0400] "GET /index.php/?items/K549151134/ HTTP/1.1" 404 1251 "-" "Mozilla/5.0 (compatible; DataForSeoBot/1.0; +https://dataforseo.com/dataforseo-bot)"
136.243.228.181 - - [01/May/2026:15:12:08 -0400] "GET /index.php/?items/K543638491/ HTTP/1.1" 404 1251 "-" "Mozilla/5.0 (compatible; DataForSeoBot/1.0; +https://dataforseo.com/dataforseo-bot)"
136.243.228.181 - - [01/May/2026:15:12:12 -0400] "GET /index.php/?items/K548642350/ HTTP/1.1" 404 1251 "-" "Mozilla/5.0 (compatible; DataForSeoBot/1.0; +https://dataforseo.com/dataforseo-bot)"
136.243.228.181 - - [01/May/2026:15:12:15 -0400] "GET /index.php/?items/K545601177/ HTTP/1.1" 404 1251 "-" "Mozilla/5.0 (compatible; DataForSeoBot/1.0; +https://dataforseo.com/dataforseo-bot)"
136.243.228.181 - - [01/May/2026:15:12:28 -0400] "GET /index.php/?items/K544412107/ HTTP/1.1" 404 1251 "-" "Mozilla/5.0 (compatible; DataForSeoBot/1.0; +https://dataforseo.com/dataforseo-bot)"
136.243.228.181 - - [01/May/2026:15:12:37 -0400] "GET /index.php/?items/K543342159/ HTTP/1.1" 404 1251 "-" "Mozilla/5.0 (compatible; DataForSeoBot/1.0; +https://dataforseo.com/dataforseo-bot)"
136.243.228.181 - - [01/May/2026:15:12:41 -0400] "GET /index.php/?items/K546094922/ HTTP/1.1" 404 1251 "-" "Mozilla/5.0 (compatible; DataForSeoBot/1.0; +https://dataforseo.com/dataforseo-bot)"
136.243.228.181 - - [01/May/2026:15:12:52 -0400] "GET /index.php/?items/K541184105/ HTTP/1.1" 404 1251 "-" "Mozilla/5.0 (compatible; DataForSeoBot/1.0; +https://dataforseo.com/dataforseo-bot)"
136.243.228.181 - - [01/May/2026:15:13:17 -0400] "GET /index.php/?items/K546305283/ HTTP/1.1" 404 1251 "-" "Mozilla/5.0 (compatible; DataForSeoBot/1.0; +https://dataforseo.com/dataforseo-bot)"
136.243.228.181 - - [01/May/2026:15:13:25 -0400] "GET /index.php/?items/K547165905/ HTTP/1.1" 404 1251 "-" "Mozilla/5.0 (compatible; DataForSeoBot/1.0; +https://dataforseo.com/dataforseo-bot)"
136.243.228.181 - - [01/May/2026:15:13:09 -0400] "GET /index.php/?items/K547747473/ HTTP/1.1" 404 1251 "-" "Mozilla/5.0 (compatible; DataForSeoBot/1.0; +https://dataforseo.com/dataforseo-bot)"
136.243.228.181 - - [01/May/2026:15:13:13 -0400] "GET /index.php/?items/K542000237/ HTTP/1.1" 404 1251 "-" "Mozilla/5.0 (compatible; DataForSeoBot/1.0; +https://dataforseo.com/dataforseo-bot)"
136.243.228.181 - - [01/May/2026:15:13:20 -0400] "GET /index.php/?items/K548356257/ HTTP/1.1" 404 1251 "-" "Mozilla/5.0 (compatible; DataForSeoBot/1.0; +https://dataforseo.com/dataforseo-bot)"
136.243.228.181 - - [01/May/2026:15:13:29 -0400] "GET /index.php/?items/K541850043/ HTTP/1.1" 404 1251 "-" "Mozilla/5.0 (compatible; DataForSeoBot/1.0; +https://dataforseo.com/dataforseo-bot)"
136.243.228.181 - - [01/May/2026:15:13:33 -0400] "GET /index.php/?items/K541543904/ HTTP/1.1" 404 1251 "-" "Mozilla/5.0 (compatible; DataForSeoBot/1.0; +https://dataforseo.com/dataforseo-bot)"
136.243.228.181 - - [01/May/2026:15:13:49 -0400] "GET /index.php/?items/K546043549/ HTTP/1.1" 404 1251 "-" "Mozilla/5.0 (compatible; DataForSeoBot/1.0; +https://dataforseo.com/dataforseo-bot)"
136.243.228.181 - - [01/May/2026:15:13:52 -0400] "GET /index.php/?items/K542699406/ HTTP/1.1" 404 1251 "-" "Mozilla/5.0 (compatible; DataForSeoBot/1.0; +https://dataforseo.com/dataforseo-bot)"
136.243.228.181 - - [01/May/2026:15:13:57 -0400] "GET /index.php/?items/K543222786/ HTTP/1.1" 404 1251 "-" "Mozilla/5.0 (compatible; DataForSeoBot/1.0; +https://dataforseo.com/dataforseo-bot)"
136.243.228.181 - - [01/May/2026:15:14:01 -0400] "GET /index.php/?items/K544762473/ HTTP/1.1" 404 1251 "-" "Mozilla/5.0 (compatible; DataForSeoBot/1.0; +https://dataforseo.com/dataforseo-bot)"
136.243.228.181 - - [01/May/2026:15:14:05 -0400] "GET /index.php/?items/K548331917/ HTTP/1.1" 404 1251 "-" "Mozilla/5.0 (compatible; DataForSeoBot/1.0; +https://dataforseo.com/dataforseo-bot)"
136.243.228.181 - - [01/May/2026:15:14:09 -0400] "GET /index.php/?items/K544361283/ HTTP/1.1" 404 1251 "-" "Mozilla/5.0 (compatible; DataForSeoBot/1.0; +https://dataforseo.com/dataforseo-bot)"
136.243.228.181 - - [01/May/2026:15:14:20 -0400] "GET /index.php/?items/K546414746/ HTTP/1.1" 404 1251 "-" "Mozilla/5.0 (compatible; DataForSeoBot/1.0; +https://dataforseo.com/dataforseo-bot)"
136.243.228.181 - - [01/May/2026:15:14:34 -0400] "GET /index.php/?items/K542226096/ HTTP/1.1" 404 1251 "-" "Mozilla/5.0 (compatible; DataForSeoBot/1.0; +https://dataforseo.com/dataforseo-bot)"
136.243.228.181 - - [01/May/2026:15:14:46 -0400] "GET /index.php/?items/K546271193/ HTTP/1.1" 404 1251 "-" "Mozilla/5.0 (compatible; DataForSeoBot/1.0; +https://dataforseo.com/dataforseo-bot)"
136.243.228.181 - - [01/May/2026:15:14:50 -0400] "GET /index.php/?items/K548891525/ HTTP/1.1" 404 1251 "-" "Mozilla/5.0 (compatible; DataForSeoBot/1.0; +https://dataforseo.com/dataforseo-bot)"
216.73.217.56 - - [01/May/2026:15:14:50 -0400] "GET /robots.txt HTTP/1.1" 200 185 "-" "Mozilla/5.0 AppleWebKit/537.36 (KHTML, like Gecko; compatible; ClaudeBot/1.0; +claudebot@anthropic.com)"
216.73.217.56 - - [01/May/2026:15:14:51 -0400] "GET /wp-includes/SimplePie/src/HTTP/ClientException.php HTTP/1.1" 500 0 "-" "Mozilla/5.0 AppleWebKit/537.36 (KHTML, like Gecko; compatible; ClaudeBot/1.0; +claudebot@anthropic.com)"
216.73.217.56 - - [01/May/2026:15:14:51 -0400] "GET /wp-includes/js/jquery/jquery.serialize-object.js HTTP/1.1" 200 390 "-" "Mozilla/5.0 AppleWebKit/537.36 (KHTML, like Gecko; compatible; ClaudeBot/1.0; +claudebot@anthropic.com)"
216.73.217.56 - - [01/May/2026:15:14:52 -0400] "GET /wp-includes/SimplePie/src/HTTP/FileClient.php HTTP/1.1" 500 0 "-" "Mozilla/5.0 AppleWebKit/537.36 (KHTML, like Gecko; compatible; ClaudeBot/1.0; +claudebot@anthropic.com)"
216.73.217.56 - - [01/May/2026:15:14:53 -0400] "GET /wp-includes/SimplePie/src/Cache/MySQL.php HTTP/1.1" 500 0 "-" "Mozilla/5.0 AppleWebKit/537.36 (KHTML, like Gecko; compatible; ClaudeBot/1.0; +claudebot@anthropic.com)"
136.243.228.181 - - [01/May/2026:15:13:37 -0400] "GET /index.php/?items/K544014030/ HTTP/1.1" 404 1251 "-" "Mozilla/5.0 (compatible; DataForSeoBot/1.0; +https://dataforseo.com/dataforseo-bot)"
136.243.228.181 - - [01/May/2026:15:13:40 -0400] "GET /index.php/?items/K544037478/ HTTP/1.1" 404 1251 "-" "Mozilla/5.0 (compatible; DataForSeoBot/1.0; +https://dataforseo.com/dataforseo-bot)"
136.243.228.181 - - [01/May/2026:15:13:45 -0400] "GET /index.php/?items/K545412883/ HTTP/1.1" 404 1251 "-" "Mozilla/5.0 (compatible; DataForSeoBot/1.0; +https://dataforseo.com/dataforseo-bot)"
136.243.228.181 - - [01/May/2026:15:14:13 -0400] "GET /index.php/?items/K549805614/ HTTP/1.1" 404 1251 "-" "Mozilla/5.0 (compatible; DataForSeoBot/1.0; +https://dataforseo.com/dataforseo-bot)"
136.243.228.181 - - [01/May/2026:15:14:17 -0400] "GET /index.php/?items/K542600171/ HTTP/1.1" 404 1251 "-" "Mozilla/5.0 (compatible; DataForSeoBot/1.0; +https://dataforseo.com/dataforseo-bot)"
136.243.228.181 - - [01/May/2026:15:14:25 -0400] "GET /index.php/?items/K545070152/ HTTP/1.1" 404 1251 "-" "Mozilla/5.0 (compatible; DataForSeoBot/1.0; +https://dataforseo.com/dataforseo-bot)"
136.243.228.181 - - [01/May/2026:15:14:30 -0400] "GET /index.php/?items/K542628779/ HTTP/1.1" 404 1251 "-" "Mozilla/5.0 (compatible; DataForSeoBot/1.0; +https://dataforseo.com/dataforseo-bot)"
136.243.228.181 - - [01/May/2026:15:14:38 -0400] "GET /index.php/?items/K548790989/ HTTP/1.1" 404 1251 "-" "Mozilla/5.0 (compatible; DataForSeoBot/1.0; +https://dataforseo.com/dataforseo-bot)"
136.243.228.181 - - [01/May/2026:15:14:41 -0400] "GET /index.php/?items/K545295159/ HTTP/1.1" 404 1251 "-" "Mozilla/5.0 (compatible; DataForSeoBot/1.0; +https://dataforseo.com/dataforseo-bot)"
20.151.104.6 - - [01/May/2026:15:14:49 -0400] "GET /wp-content/plugins/fix/up.php HTTP/1.1" 404 1251 "-" "Mozilla/5.0 (Windows NT 10.0; Win64; x64) AppleWebKit/537.36 (KHTML, like Gecko) Chrome/85.0.4183.102 Safari/537.36"
216.73.217.56 - - [01/May/2026:15:14:50 -0400] "GET /wp-includes/SimplePie/src/Cache/DataCache.php HTTP/1.1" 200 0 "-" "Mozilla/5.0 AppleWebKit/537.36 (KHTML, like Gecko; compatible; ClaudeBot/1.0; +claudebot@anthropic.com)"
216.73.217.56 - - [01/May/2026:15:14:52 -0400] "GET /wp-includes/SimplePie/src/HTTP/RawTextResponse.php HTTP/1.1" 500 0 "-" "Mozilla/5.0 AppleWebKit/537.36 (KHTML, like Gecko; compatible; ClaudeBot/1.0; +claudebot@anthropic.com)"
216.73.217.56 - - [01/May/2026:15:14:54 -0400] "GET /wp-includes/interactivity-api/interactivity-api.php HTTP/1.1" 200 0 "-" "Mozilla/5.0 AppleWebKit/537.36 (KHTML, like Gecko; compatible; ClaudeBot/1.0; +claudebot@anthropic.com)"
136.243.228.181 - - [01/May/2026:15:14:59 -0400] "GET /index.php/?items/K541345343/ HTTP/1.1" 404 1251 "-" "Mozilla/5.0 (compatible; DataForSeoBot/1.0; +https://dataforseo.com/dataforseo-bot)"
136.243.228.181 - - [01/May/2026:15:15:23 -0400] "GET /index.php/?items/K542370454/ HTTP/1.1" 404 1251 "-" "Mozilla/5.0 (compatible; DataForSeoBot/1.0; +https://dataforseo.com/dataforseo-bot)"
216.73.217.56 - - [01/May/2026:15:15:33 -0400] "GET /wp-includes/js/jquery/jquery.form.min.js HTTP/1.1" 200 5690 "-" "Mozilla/5.0 AppleWebKit/537.36 (KHTML, like Gecko; compatible; ClaudeBot/1.0; +claudebot@anthropic.com)"
140.213.21.245 - - [01/May/2026:15:15:33 -0400] "GET /_autoindex/assets/css/autoindex.css HTTP/1.1" 200 1170 "https://patrickspestsandplants.com/about/" "Mozilla/5.0 (Linux; Android 10; K) AppleWebKit/537.36 (KHTML, like Gecko) Chrome/147.0.0.0 Mobile Safari/537.36"
140.213.21.245 - - [01/May/2026:15:15:33 -0400] "GET /_autoindex/assets/js/tablesort.number.js HTTP/1.1" 200 322 "https://patrickspestsandplants.com/about/" "Mozilla/5.0 (Linux; Android 10; K) AppleWebKit/537.36 (KHTML, like Gecko) Chrome/147.0.0.0 Mobile Safari/537.36"
140.213.21.245 - - [01/May/2026:15:15:33 -0400] "GET /_autoindex/assets/icons/corner-left-up.svg HTTP/1.1" 200 328 "https://patrickspestsandplants.com/about/" "Mozilla/5.0 (Linux; Android 10; K) AppleWebKit/537.36 (KHTML, like Gecko) Chrome/147.0.0.0 Mobile Safari/537.36"
216.73.217.56 - - [01/May/2026:15:14:53 -0400] "GET /wp-includes/interactivity-api/class-wp-interactivity-api-directives-processor.php HTTP/1.1" 500 0 "-" "Mozilla/5.0 AppleWebKit/537.36 (KHTML, like Gecko; compatible; ClaudeBot/1.0; +claudebot@anthropic.com)"
136.243.228.181 - - [01/May/2026:15:14:54 -0400] "GET /index.php/?items/K541759078/ HTTP/1.1" 404 1251 "-" "Mozilla/5.0 (compatible; DataForSeoBot/1.0; +https://dataforseo.com/dataforseo-bot)"
216.73.217.56 - - [01/May/2026:15:14:54 -0400] "GET /wp-includes/interactivity-api/class-wp-interactivity-api.php HTTP/1.1" 200 0 "-" "Mozilla/5.0 AppleWebKit/537.36 (KHTML, like Gecko; compatible; ClaudeBot/1.0; +claudebot@anthropic.com)"
216.73.217.56 - - [01/May/2026:15:14:55 -0400] "GET /wp-includes/SimplePie/src/Cache/BaseDataCache.php HTTP/1.1" 500 0 "-" "Mozilla/5.0 AppleWebKit/537.36 (KHTML, like Gecko; compatible; ClaudeBot/1.0; +claudebot@anthropic.com)"
136.243.228.181 - - [01/May/2026:15:15:03 -0400] "GET /index.php/?items/K548850263/ HTTP/1.1" 404 1251 "-" "Mozilla/5.0 (compatible; DataForSeoBot/1.0; +https://dataforseo.com/dataforseo-bot)"
136.243.228.181 - - [01/May/2026:15:15:08 -0400] "GET /index.php/?items/K542780644/ HTTP/1.1" 404 1251 "-" "Mozilla/5.0 (compatible; DataForSeoBot/1.0; +https://dataforseo.com/dataforseo-bot)"
66.249.65.33 - - [01/May/2026:15:15:12 -0400] "GET /product/phantom-snow-industries-adjustable-adapter-plate-for-gt-tech-toes HTTP/1.1" 404 1251 "-" "Mozilla/5.0 (Linux; Android 6.0.1; Nexus 5X Build/MMB29P) AppleWebKit/537.36 (KHTML, like Gecko) Chrome/147.0.7727.137 Mobile Safari/537.36 (compatible; Googlebot/2.1; +http://www.google.com/bot.html)"
136.243.228.181 - - [01/May/2026:15:15:12 -0400] "GET /index.php/?items/K546444520/ HTTP/1.1" 404 1251 "-" "Mozilla/5.0 (compatible; DataForSeoBot/1.0; +https://dataforseo.com/dataforseo-bot)"
136.243.228.181 - - [01/May/2026:15:15:17 -0400] "GET /index.php/?items/K549031498/ HTTP/1.1" 404 1251 "-" "Mozilla/5.0 (compatible; DataForSeoBot/1.0; +https://dataforseo.com/dataforseo-bot)"
136.243.228.181 - - [01/May/2026:15:15:27 -0400] "GET /index.php/?items/K546740610/ HTTP/1.1" 404 1251 "-" "Mozilla/5.0 (compatible; DataForSeoBot/1.0; +https://dataforseo.com/dataforseo-bot)"
136.243.228.181 - - [01/May/2026:15:15:31 -0400] "GET /index.php/?items/K541443251/ HTTP/1.1" 404 1251 "-" "Mozilla/5.0 (compatible; DataForSeoBot/1.0; +https://dataforseo.com/dataforseo-bot)"
216.73.217.56 - - [01/May/2026:15:15:33 -0400] "GET /wp-includes/SimplePie/src/HTTP/Psr18Client.php HTTP/1.1" 500 0 "-" "Mozilla/5.0 AppleWebKit/537.36 (KHTML, like Gecko; compatible; ClaudeBot/1.0; +claudebot@anthropic.com)"
140.213.21.245 - - [01/May/2026:15:15:33 -0400] "GET /about/ HTTP/1.1" 200 623 "https://www.google.com/" "Mozilla/5.0 (Linux; Android 10; K) AppleWebKit/537.36 (KHTML, like Gecko) Chrome/147.0.0.0 Mobile Safari/537.36"
216.73.217.56 - - [01/May/2026:15:15:33 -0400] "GET /wp-includes/js/jquery/jquery.query.js HTTP/1.1" 200 1534 "-" "Mozilla/5.0 AppleWebKit/537.36 (KHTML, like Gecko; compatible; ClaudeBot/1.0; +claudebot@anthropic.com)"
140.213.21.245 - - [01/May/2026:15:15:33 -0400] "GET /_autoindex/assets/js/tablesort.js HTTP/1.1" 200 2137 "https://patrickspestsandplants.com/about/" "Mozilla/5.0 (Linux; Android 10; K) AppleWebKit/537.36 (KHTML, like Gecko) Chrome/147.0.0.0 Mobile Safari/537.36"
140.213.21.245 - - [01/May/2026:15:15:34 -0400] "GET /favicon.ico HTTP/1.1" 404 1251 "https://patrickspestsandplants.com/about/" "Mozilla/5.0 (Linux; Android 10; K) AppleWebKit/537.36 (KHTML, like Gecko) Chrome/147.0.0.0 Mobile Safari/537.36"
216.73.217.56 - - [01/May/2026:15:15:34 -0400] "GET /wp-includes/js/jquery/jquery.table-hotkeys.min.js HTTP/1.1" 200 789 "-" "Mozilla/5.0 AppleWebKit/537.36 (KHTML, like Gecko; compatible; ClaudeBot/1.0; +claudebot@anthropic.com)"
216.73.217.56 - - [01/May/2026:15:15:34 -0400] "GET /wp-includes/rest-api/endpoints/class-wp-rest-controller.php HTTP/1.1" 200 0 "-" "Mozilla/5.0 AppleWebKit/537.36 (KHTML, like Gecko; compatible; ClaudeBot/1.0; +claudebot@anthropic.com)"
216.73.217.56 - - [01/May/2026:15:15:35 -0400] "GET /wp-includes/rest-api/endpoints/class-wp-rest-global-styles-revisions-controller.php HTTP/1.1" 500 0 "-" "Mozilla/5.0 AppleWebKit/537.36 (KHTML, like Gecko; compatible; ClaudeBot/1.0; +claudebot@anthropic.com)"
216.73.217.56 - - [01/May/2026:15:15:35 -0400] "GET /wp-includes/js/jquery/jquery-migrate.min.js HTTP/1.1" 200 4678 "-" "Mozilla/5.0 AppleWebKit/537.36 (KHTML, like Gecko; compatible; ClaudeBot/1.0; +claudebot@anthropic.com)"
216.73.217.56 - - [01/May/2026:15:15:36 -0400] "GET /wp-includes/rest-api/endpoints/class-wp-rest-abilities-v1-run-controller.php HTTP/1.1" 500 0 "-" "Mozilla/5.0 AppleWebKit/537.36 (KHTML, like Gecko; compatible; ClaudeBot/1.0; +claudebot@anthropic.com)"
136.243.228.181 - - [01/May/2026:15:15:36 -0400] "GET /index.php/?items/K542955298/ HTTP/1.1" 404 1251 "-" "Mozilla/5.0 (compatible; DataForSeoBot/1.0; +https://dataforseo.com/dataforseo-bot)"
216.73.217.56 - - [01/May/2026:15:15:36 -0400] "GET /wp-includes/rest-api/endpoints/class-wp-rest-settings-controller.php HTTP/1.1" 500 0 "-" "Mozilla/5.0 AppleWebKit/537.36 (KHTML, like Gecko; compatible; ClaudeBot/1.0; +claudebot@anthropic.com)"
136.243.228.181 - - [01/May/2026:15:15:40 -0400] "GET /index.php/?items/K548590737/ HTTP/1.1" 404 1251 "-" "Mozilla/5.0 (compatible; DataForSeoBot/1.0; +https://dataforseo.com/dataforseo-bot)"
216.73.217.56 - - [01/May/2026:15:15:43 -0400] "GET /wp-includes/js/jquery/jquery.schedule.js HTTP/1.1" 200 931 "-" "Mozilla/5.0 AppleWebKit/537.36 (KHTML, like Gecko; compatible; ClaudeBot/1.0; +claudebot@anthropic.com)"
216.73.217.56 - - [01/May/2026:15:15:43 -0400] "GET /wp-includes/SimplePie/src/HTTP/Client.php HTTP/1.1" 200 0 "-" "Mozilla/5.0 AppleWebKit/537.36 (KHTML, like Gecko; compatible; ClaudeBot/1.0; +claudebot@anthropic.com)"
216.73.217.56 - - [01/May/2026:15:15:43 -0400] "GET /wp-includes/Requests/src/Exception.php HTTP/1.1" 200 0 "-" "Mozilla/5.0 AppleWebKit/537.36 (KHTML, like Gecko; compatible; ClaudeBot/1.0; +claudebot@anthropic.com)"
136.243.228.181 - - [01/May/2026:15:15:44 -0400] "GET /index.php/?items/K542803559/ HTTP/1.1" 404 1251 "-" "Mozilla/5.0 (compatible; DataForSeoBot/1.0; +https://dataforseo.com/dataforseo-bot)"
216.73.217.56 - - [01/May/2026:15:15:44 -0400] "GET /wp-includes/js/jquery/jquery.table-hotkeys.js HTTP/1.1" 200 1048 "-" "Mozilla/5.0 AppleWebKit/537.36 (KHTML, like Gecko; compatible; ClaudeBot/1.0; +claudebot@anthropic.com)"
216.73.217.56 - - [01/May/2026:15:15:46 -0400] "GET /wp-includes/SimplePie/src/Cache/NameFilter.php HTTP/1.1" 200 0 "-" "Mozilla/5.0 AppleWebKit/537.36 (KHTML, like Gecko; compatible; ClaudeBot/1.0; +claudebot@anthropic.com)"
216.73.217.56 - - [01/May/2026:15:15:46 -0400] "GET /wp-includes/SimplePie/src/Cache/File.php HTTP/1.1" 500 0 "-" "Mozilla/5.0 AppleWebKit/537.36 (KHTML, like Gecko; compatible; ClaudeBot/1.0; +claudebot@anthropic.com)"
136.243.228.181 - - [01/May/2026:15:15:48 -0400] "GET /index.php/?items/K543745522/ HTTP/1.1" 404 1251 "-" "Mozilla/5.0 (compatible; DataForSeoBot/1.0; +https://dataforseo.com/dataforseo-bot)"
216.73.217.56 - - [01/May/2026:15:15:53 -0400] "GET /wp-includes/SimplePie/src/HTTP/Psr7Response.php HTTP/1.1" 500 0 "-" "Mozilla/5.0 AppleWebKit/537.36 (KHTML, like Gecko; compatible; ClaudeBot/1.0; +claudebot@anthropic.com)"
216.73.217.56 - - [01/May/2026:15:15:53 -0400] "GET /wp-includes/Requests/src/HookManager.php HTTP/1.1" 200 0 "-" "Mozilla/5.0 AppleWebKit/537.36 (KHTML, like Gecko; compatible; ClaudeBot/1.0; +claudebot@anthropic.com)"
216.73.217.56 - - [01/May/2026:15:15:53 -0400] "GET /wp-includes/Text/Diff/Renderer.php HTTP/1.1" 200 0 "-" "Mozilla/5.0 AppleWebKit/537.36 (KHTML, like Gecko; compatible; ClaudeBot/1.0; +claudebot@anthropic.com)"
216.73.217.56 - - [01/May/2026:15:15:54 -0400] "GET /wp-includes/js/jquery/jquery.form.js HTTP/1.1" 200 12740 "-" "Mozilla/5.0 AppleWebKit/537.36 (KHTML, like Gecko; compatible; ClaudeBot/1.0; +claudebot@anthropic.com)"
140.213.21.245 - - [01/May/2026:15:15:33 -0400] "GET /_autoindex/assets/icons/file-text.svg HTTP/1.1" 200 394 "https://patrickspestsandplants.com/about/" "Mozilla/5.0 (Linux; Android 10; K) AppleWebKit/537.36 (KHTML, like Gecko) Chrome/147.0.0.0 Mobile Safari/537.36"
216.73.217.56 - - [01/May/2026:15:15:37 -0400] "GET /wp-includes/SimplePie/src/Cache/CallableNameFilter.php HTTP/1.1" 500 0 "-" "Mozilla/5.0 AppleWebKit/537.36 (KHTML, like Gecko; compatible; ClaudeBot/1.0; +claudebot@anthropic.com)"
216.73.217.56 - - [01/May/2026:15:15:44 -0400] "GET /wp-includes/js/jquery/jquery-migrate.js HTTP/1.1" 200 9712 "-" "Mozilla/5.0 AppleWebKit/537.36 (KHTML, like Gecko; compatible; ClaudeBot/1.0; +claudebot@anthropic.com)"
216.73.217.56 - - [01/May/2026:15:15:45 -0400] "GET /wp-includes/SimplePie/src/Parse/Date.php HTTP/1.1" 200 0 "-" "Mozilla/5.0 AppleWebKit/537.36 (KHTML, like Gecko; compatible; ClaudeBot/1.0; +claudebot@anthropic.com)"
216.73.217.56 - - [01/May/2026:15:15:45 -0400] "GET /wp-includes/SimplePie/src/HTTP/Parser.php HTTP/1.1" 200 0 "-" "Mozilla/5.0 AppleWebKit/537.36 (KHTML, like Gecko; compatible; ClaudeBot/1.0; +claudebot@anthropic.com)"
216.73.217.56 - - [01/May/2026:15:15:46 -0400] "GET /wp-includes/html-api/docs/2025/css/ HTTP/1.1" 200 638 "-" "Mozilla/5.0 AppleWebKit/537.36 (KHTML, like Gecko; compatible; ClaudeBot/1.0; +claudebot@anthropic.com)"
136.243.228.181 - - [01/May/2026:15:15:52 -0400] "GET /index.php/?items/K542007431/ HTTP/1.1" 404 1251 "-" "Mozilla/5.0 (compatible; DataForSeoBot/1.0; +https://dataforseo.com/dataforseo-bot)"
216.73.217.56 - - [01/May/2026:15:15:53 -0400] "GET /wp-includes/SimplePie/src/Cache/DB.php HTTP/1.1" 500 0 "-" "Mozilla/5.0 AppleWebKit/537.36 (KHTML, like Gecko; compatible; ClaudeBot/1.0; +claudebot@anthropic.com)"
216.73.217.56 - - [01/May/2026:15:15:54 -0400] "GET /wp-includes/SimplePie/src/Cache/Memcached.php HTTP/1.1" 500 0 "-" "Mozilla/5.0 AppleWebKit/537.36 (KHTML, like Gecko; compatible; ClaudeBot/1.0; +claudebot@anthropic.com)"
216.73.217.56 - - [01/May/2026:15:15:54 -0400] "GET /wp-includes/js/jquery/jquery.min.js HTTP/1.1" 200 29744 "-" "Mozilla/5.0 AppleWebKit/537.36 (KHTML, like Gecko; compatible; ClaudeBot/1.0; +claudebot@anthropic.com)"
216.73.217.56 - - [01/May/2026:15:15:54 -0400] "GET /wp-includes/SimplePie/src/Cache/Base.php HTTP/1.1" 200 0 "-" "Mozilla/5.0 AppleWebKit/537.36 (KHTML, like Gecko; compatible; ClaudeBot/1.0; +claudebot@anthropic.com)"
136.243.228.181 - - [01/May/2026:15:15:56 -0400] "GET /index.php/?items/K542011028/ HTTP/1.1" 404 1251 "-" "Mozilla/5.0 (compatible; DataForSeoBot/1.0; +https://dataforseo.com/dataforseo-bot)"
136.243.228.181 - - [01/May/2026:15:16:05 -0400] "GET /index.php/?items/K547111133/ HTTP/1.1" 404 1251 "-" "Mozilla/5.0 (compatible; DataForSeoBot/1.0; +https://dataforseo.com/dataforseo-bot)"
136.243.228.181 - - [01/May/2026:15:16:13 -0400] "GET /index.php/?items/K543710023/ HTTP/1.1" 404 1251 "-" "Mozilla/5.0 (compatible; DataForSeoBot/1.0; +https://dataforseo.com/dataforseo-bot)"
136.243.228.181 - - [01/May/2026:15:16:22 -0400] "GET /index.php/?items/K541449172/ HTTP/1.1" 404 1251 "-" "Mozilla/5.0 (compatible; DataForSeoBot/1.0; +https://dataforseo.com/dataforseo-bot)"
136.243.228.181 - - [01/May/2026:15:16:34 -0400] "GET /index.php/?items/K545012019/ HTTP/1.1" 404 1251 "-" "Mozilla/5.0 (compatible; DataForSeoBot/1.0; +https://dataforseo.com/dataforseo-bot)"
136.243.228.181 - - [01/May/2026:15:16:38 -0400] "GET /index.php/?items/K549480220/ HTTP/1.1" 404 1251 "-" "Mozilla/5.0 (compatible; DataForSeoBot/1.0; +https://dataforseo.com/dataforseo-bot)"
216.73.217.56 - - [01/May/2026:15:16:40 -0400] "GET /wp-includes/Requests/src/Capability.php HTTP/1.1" 200 0 "-" "Mozilla/5.0 AppleWebKit/537.36 (KHTML, like Gecko; compatible; ClaudeBot/1.0; +claudebot@anthropic.com)"
216.73.217.56 - - [01/May/2026:15:16:40 -0400] "GET /wp-includes/Requests/src/Requests.php HTTP/1.1" 200 0 "-" "Mozilla/5.0 AppleWebKit/537.36 (KHTML, like Gecko; compatible; ClaudeBot/1.0; +claudebot@anthropic.com)"
216.73.217.56 - - [01/May/2026:15:15:55 -0400] "GET /wp-includes/js/jquery/jquery.color.min.js HTTP/1.1" 200 2641 "-" "Mozilla/5.0 AppleWebKit/537.36 (KHTML, like Gecko; compatible; ClaudeBot/1.0; +claudebot@anthropic.com)"
216.73.217.56 - - [01/May/2026:15:15:55 -0400] "GET /wp-includes/js/jquery/jquery.hotkeys.min.js HTTP/1.1" 200 870 "-" "Mozilla/5.0 AppleWebKit/537.36 (KHTML, like Gecko; compatible; ClaudeBot/1.0; +claudebot@anthropic.com)"
136.243.228.181 - - [01/May/2026:15:16:00 -0400] "GET /index.php/?items/K549656814/ HTTP/1.1" 404 1251 "-" "Mozilla/5.0 (compatible; DataForSeoBot/1.0; +https://dataforseo.com/dataforseo-bot)"
136.243.228.181 - - [01/May/2026:15:16:09 -0400] "GET /index.php/?items/K548568089/ HTTP/1.1" 404 1251 "-" "Mozilla/5.0 (compatible; DataForSeoBot/1.0; +https://dataforseo.com/dataforseo-bot)"
136.243.228.181 - - [01/May/2026:15:16:17 -0400] "GET /index.php/?items/K541028497/ HTTP/1.1" 404 1251 "-" "Mozilla/5.0 (compatible; DataForSeoBot/1.0; +https://dataforseo.com/dataforseo-bot)"
136.243.228.181 - - [01/May/2026:15:16:26 -0400] "GET /index.php/?items/K542086362/ HTTP/1.1" 404 1251 "-" "Mozilla/5.0 (compatible; DataForSeoBot/1.0; +https://dataforseo.com/dataforseo-bot)"
136.243.228.181 - - [01/May/2026:15:16:30 -0400] "GET /index.php/?items/K541653123/ HTTP/1.1" 404 1251 "-" "Mozilla/5.0 (compatible; DataForSeoBot/1.0; +https://dataforseo.com/dataforseo-bot)"
216.73.217.56 - - [01/May/2026:15:16:40 -0400] "GET /wp-includes/SimplePie/src/Net/IPv6.php HTTP/1.1" 200 0 "-" "Mozilla/5.0 AppleWebKit/537.36 (KHTML, like Gecko; compatible; ClaudeBot/1.0; +claudebot@anthropic.com)"
216.73.217.56 - - [01/May/2026:15:16:40 -0400] "GET /wp-includes/js/jquery/jquery.hotkeys.js HTTP/1.1" 200 1908 "-" "Mozilla/5.0 AppleWebKit/537.36 (KHTML, like Gecko; compatible; ClaudeBot/1.0; +claudebot@anthropic.com)"
216.73.217.56 - - [01/May/2026:15:16:40 -0400] "GET /wp-includes/Requests/src/IdnaEncoder.php HTTP/1.1" 200 0 "-" "Mozilla/5.0 AppleWebKit/537.36 (KHTML, like Gecko; compatible; ClaudeBot/1.0; +claudebot@anthropic.com)"
216.73.217.56 - - [01/May/2026:15:16:41 -0400] "GET /wp-includes/Requests/src/Proxy.php HTTP/1.1" 200 0 "-" "Mozilla/5.0 AppleWebKit/537.36 (KHTML, like Gecko; compatible; ClaudeBot/1.0; +claudebot@anthropic.com)"
216.73.217.56 - - [01/May/2026:15:16:41 -0400] "GET /wp-includes/SimplePie/src/Cache/Psr16.php HTTP/1.1" 500 0 "-" "Mozilla/5.0 AppleWebKit/537.36 (KHTML, like Gecko; compatible; ClaudeBot/1.0; +claudebot@anthropic.com)"
216.73.217.56 - - [01/May/2026:15:16:41 -0400] "GET /wp-includes/SimplePie/src/Cache/Redis.php HTTP/1.1" 500 0 "-" "Mozilla/5.0 AppleWebKit/537.36 (KHTML, like Gecko; compatible; ClaudeBot/1.0; +claudebot@anthropic.com)"
136.243.228.181 - - [01/May/2026:15:16:50 -0400] "GET /index.php/?items/K548032705/ HTTP/1.1" 404 1251 "-" "Mozilla/5.0 (compatible; DataForSeoBot/1.0; +https://dataforseo.com/dataforseo-bot)"
17.22.253.64 - - [01/May/2026:15:16:51 -0400] "GET / HTTP/1.1" 200 2120 "-" "Mozilla/5.0 (Macintosh; Intel Mac OS X 10_15_7) AppleWebKit/605.1.15 (KHTML, like Gecko) Version/17.4 Safari/605.1.15 (Applebot/0.1; +http://www.apple.com/go/applebot)"
136.243.228.181 - - [01/May/2026:15:17:00 -0400] "GET /index.php/?items/K543159663/ HTTP/1.1" 404 1251 "-" "Mozilla/5.0 (compatible; DataForSeoBot/1.0; +https://dataforseo.com/dataforseo-bot)"
216.73.217.56 - - [01/May/2026:15:17:07 -0400] "GET /wp-includes/js/jquery/jquery.js HTTP/1.1" 200 81316 "-" "Mozilla/5.0 AppleWebKit/537.36 (KHTML, like Gecko; compatible; ClaudeBot/1.0; +claudebot@anthropic.com)"
216.73.217.56 - - [01/May/2026:15:17:07 -0400] "GET /wp-includes/Requests/src/Ssl.php HTTP/1.1" 200 0 "-" "Mozilla/5.0 AppleWebKit/537.36 (KHTML, like Gecko; compatible; ClaudeBot/1.0; +claudebot@anthropic.com)"
216.73.217.56 - - [01/May/2026:15:17:07 -0400] "GET /wp-includes/SimplePie/src/Cache/error_log HTTP/1.1" 403 1242 "-" "Mozilla/5.0 AppleWebKit/537.36 (KHTML, like Gecko; compatible; ClaudeBot/1.0; +claudebot@anthropic.com)"
216.73.217.56 - - [01/May/2026:15:16:40 -0400] "GET /wp-includes/js/jquery/jquery.masonry.min.js HTTP/1.1" 200 628 "-" "Mozilla/5.0 AppleWebKit/537.36 (KHTML, like Gecko; compatible; ClaudeBot/1.0; +claudebot@anthropic.com)"
216.73.217.56 - - [01/May/2026:15:16:41 -0400] "GET /wp-includes/Requests/src/Ipv6.php HTTP/1.1" 200 0 "-" "Mozilla/5.0 AppleWebKit/537.36 (KHTML, like Gecko; compatible; ClaudeBot/1.0; +claudebot@anthropic.com)"
136.243.228.181 - - [01/May/2026:15:16:42 -0400] "GET /index.php/?items/K548222312/ HTTP/1.1" 404 1251 "-" "Mozilla/5.0 (compatible; DataForSeoBot/1.0; +https://dataforseo.com/dataforseo-bot)"
136.243.228.181 - - [01/May/2026:15:16:46 -0400] "GET /index.php/?items/K548915655/ HTTP/1.1" 404 1251 "-" "Mozilla/5.0 (compatible; DataForSeoBot/1.0; +https://dataforseo.com/dataforseo-bot)"
136.243.228.181 - - [01/May/2026:15:16:55 -0400] "GET /index.php/?items/K544634406/ HTTP/1.1" 404 1251 "-" "Mozilla/5.0 (compatible; DataForSeoBot/1.0; +https://dataforseo.com/dataforseo-bot)"
136.243.228.181 - - [01/May/2026:15:17:04 -0400] "GET /index.php/?items/K542280138/ HTTP/1.1" 404 1251 "-" "Mozilla/5.0 (compatible; DataForSeoBot/1.0; +https://dataforseo.com/dataforseo-bot)"
216.73.217.56 - - [01/May/2026:15:17:07 -0400] "GET /wp-includes/SimplePie/src/HTTP/error_log HTTP/1.1" 403 1242 "-" "Mozilla/5.0 AppleWebKit/537.36 (KHTML, like Gecko; compatible; ClaudeBot/1.0; +claudebot@anthropic.com)"
216.73.217.56 - - [01/May/2026:15:17:07 -0400] "GET /wp-includes/js/customize-selective-refresh.min.js HTTP/1.1" 200 3480 "-" "Mozilla/5.0 AppleWebKit/537.36 (KHTML, like Gecko; compatible; ClaudeBot/1.0; +claudebot@anthropic.com)"
216.73.217.56 - - [01/May/2026:15:17:07 -0400] "GET /wp-includes/Requests/src/Autoload.php HTTP/1.1" 200 0 "-" "Mozilla/5.0 AppleWebKit/537.36 (KHTML, like Gecko; compatible; ClaudeBot/1.0; +claudebot@anthropic.com)"
216.73.217.56 - - [01/May/2026:15:17:07 -0400] "GET /wp-includes/html-api/docs/2025/cache/ HTTP/1.1" 200 640 "-" "Mozilla/5.0 AppleWebKit/537.36 (KHTML, like Gecko; compatible; ClaudeBot/1.0; +claudebot@anthropic.com)"
216.73.217.56 - - [01/May/2026:15:17:08 -0400] "GET /wp-includes/Requests/src/Cookie.php HTTP/1.1" 200 0 "-" "Mozilla/5.0 AppleWebKit/537.36 (KHTML, like Gecko; compatible; ClaudeBot/1.0; +claudebot@anthropic.com)"
216.73.217.56 - - [01/May/2026:15:17:14 -0400] "GET /wp-includes/Requests/src/Session.php HTTP/1.1" 200 0 "-" "Mozilla/5.0 AppleWebKit/537.36 (KHTML, like Gecko; compatible; ClaudeBot/1.0; +claudebot@anthropic.com)"
216.73.217.56 - - [01/May/2026:15:17:15 -0400] "GET /wp-includes/rest-api/endpoints/error_log HTTP/1.1" 403 1242 "-" "Mozilla/5.0 AppleWebKit/537.36 (KHTML, like Gecko; compatible; ClaudeBot/1.0; +claudebot@anthropic.com)"
216.73.217.56 - - [01/May/2026:15:17:15 -0400] "GET /wp-includes/Text/Diff.php HTTP/1.1" 200 0 "-" "Mozilla/5.0 AppleWebKit/537.36 (KHTML, like Gecko; compatible; ClaudeBot/1.0; +claudebot@anthropic.com)"
216.73.217.56 - - [01/May/2026:15:17:15 -0400] "GET /wp-includes/Requests/src/Hooks.php HTTP/1.1" 500 0 "-" "Mozilla/5.0 AppleWebKit/537.36 (KHTML, like Gecko; compatible; ClaudeBot/1.0; +claudebot@anthropic.com)"
216.73.217.56 - - [01/May/2026:15:17:16 -0400] "GET /wp-includes/SimplePie/src/Cache/Memcache.php HTTP/1.1" 500 0 "-" "Mozilla/5.0 AppleWebKit/537.36 (KHTML, like Gecko; compatible; ClaudeBot/1.0; +claudebot@anthropic.com)"
216.73.217.56 - - [01/May/2026:15:17:16 -0400] "GET /wp-includes/Requests/src/Auth.php HTTP/1.1" 200 0 "-" "Mozilla/5.0 AppleWebKit/537.36 (KHTML, like Gecko; compatible; ClaudeBot/1.0; +claudebot@anthropic.com)"
136.243.228.181 - - [01/May/2026:15:17:19 -0400] "GET /index.php/?items/K543501500/ HTTP/1.1" 404 1251 "-" "Mozilla/5.0 (compatible; DataForSeoBot/1.0; +https://dataforseo.com/dataforseo-bot)"
136.243.228.181 - - [01/May/2026:15:17:24 -0400] "GET /index.php/?items/K546557327/ HTTP/1.1" 404 1251 "-" "Mozilla/5.0 (compatible; DataForSeoBot/1.0; +https://dataforseo.com/dataforseo-bot)"
216.73.217.56 - - [01/May/2026:15:17:08 -0400] "GET /wp-includes/Requests/src/Transport.php HTTP/1.1" 200 0 "-" "Mozilla/5.0 AppleWebKit/537.36 (KHTML, like Gecko; compatible; ClaudeBot/1.0; +claudebot@anthropic.com)"
216.73.217.56 - - [01/May/2026:15:17:08 -0400] "GET /wp-includes/js/jquery/jquery.ui.touch-punch.js HTTP/1.1" 200 509 "-" "Mozilla/5.0 AppleWebKit/537.36 (KHTML, like Gecko; compatible; ClaudeBot/1.0; +claudebot@anthropic.com)"
136.243.228.181 - - [01/May/2026:15:17:08 -0400] "GET /index.php/?items/K545141059/ HTTP/1.1" 404 1251 "-" "Mozilla/5.0 (compatible; DataForSeoBot/1.0; +https://dataforseo.com/dataforseo-bot)"
136.243.228.181 - - [01/May/2026:15:17:12 -0400] "GET /index.php/?items/K547681501/ HTTP/1.1" 404 1251 "-" "Mozilla/5.0 (compatible; DataForSeoBot/1.0; +https://dataforseo.com/dataforseo-bot)"
43.164.196.244 - - [01/May/2026:15:17:13 -0400] "GET /index.php?sitemap-4.xml HTTP/1.1" 404 1251 "-" "Mozilla/5.0 (iPhone; CPU iPhone OS 13_2_3 like Mac OS X) AppleWebKit/605.1.15 (KHTML, like Gecko) Version/13.0.3 Mobile/15E148 Safari/604.1"
216.73.217.56 - - [01/May/2026:15:17:14 -0400] "GET /wp-includes/js/shortcode.min.js HTTP/1.1" 200 1078 "-" "Mozilla/5.0 AppleWebKit/537.36 (KHTML, like Gecko; compatible; ClaudeBot/1.0; +claudebot@anthropic.com)"
192.185.4.177 - - [01/May/2026:15:17:15 -0400] "POST /xmlrpc.php HTTP/1.1" 403 26 "-" "Mozilla/5.0 (Macintosh; Intel Mac OS X 10_12_6) AppleWebKit/537.36 (KHTML, like Gecko) Chrome/67.0.3396.87 Safari/537.36"
216.73.217.56 - - [01/May/2026:15:17:15 -0400] "GET /wp-includes/js/api-request.min.js HTTP/1.1" 200 530 "-" "Mozilla/5.0 AppleWebKit/537.36 (KHTML, like Gecko; compatible; ClaudeBot/1.0; +claudebot@anthropic.com)"
216.73.217.56 - - [01/May/2026:15:17:16 -0400] "GET /wp-includes/SimplePie/src/HTTP/Response.php HTTP/1.1" 200 0 "-" "Mozilla/5.0 AppleWebKit/537.36 (KHTML, like Gecko; compatible; ClaudeBot/1.0; +claudebot@anthropic.com)"
136.243.228.181 - - [01/May/2026:15:17:16 -0400] "GET /index.php/?items/K542575364/ HTTP/1.1" 404 1251 "-" "Mozilla/5.0 (compatible; DataForSeoBot/1.0; +https://dataforseo.com/dataforseo-bot)"
216.73.217.56 - - [01/May/2026:15:17:16 -0400] "GET /wp-includes/Requests/src/Port.php HTTP/1.1" 200 0 "-" "Mozilla/5.0 AppleWebKit/537.36 (KHTML, like Gecko; compatible; ClaudeBot/1.0; +claudebot@anthropic.com)"
216.73.217.56 - - [01/May/2026:15:17:26 -0400] "GET /wp-includes/js/wp-api.min.js HTTP/1.1" 200 3983 "-" "Mozilla/5.0 AppleWebKit/537.36 (KHTML, like Gecko; compatible; ClaudeBot/1.0; +claudebot@anthropic.com)"
136.243.228.181 - - [01/May/2026:15:17:32 -0400] "GET /index.php/?items/K543823693/ HTTP/1.1" 404 1251 "-" "Mozilla/5.0 (compatible; DataForSeoBot/1.0; +https://dataforseo.com/dataforseo-bot)"
216.73.217.56 - - [01/May/2026:15:17:36 -0400] "GET /wp-includes/js/customize-preview-widgets.min.js HTTP/1.1" 200 2428 "-" "Mozilla/5.0 AppleWebKit/537.36 (KHTML, like Gecko; compatible; ClaudeBot/1.0; +claudebot@anthropic.com)"
136.243.228.181 - - [01/May/2026:15:17:37 -0400] "GET /index.php/?items/K543038920/ HTTP/1.1" 404 1251 "-" "Mozilla/5.0 (compatible; DataForSeoBot/1.0; +https://dataforseo.com/dataforseo-bot)"
216.73.217.56 - - [01/May/2026:15:17:41 -0400] "GET /wp-includes/js/comment-reply.min.js HTTP/1.1" 200 1247 "-" "Mozilla/5.0 AppleWebKit/537.36 (KHTML, like Gecko; compatible; ClaudeBot/1.0; +claudebot@anthropic.com)"
136.243.228.181 - - [01/May/2026:15:17:45 -0400] "GET /index.php/?items/K548267892/ HTTP/1.1" 404 1251 "-" "Mozilla/5.0 (compatible; DataForSeoBot/1.0; +https://dataforseo.com/dataforseo-bot)"
216.73.217.56 - - [01/May/2026:15:17:26 -0400] "GET /wp-includes/Requests/library/Requests.php HTTP/1.1" 500 0 "-" "Mozilla/5.0 AppleWebKit/537.36 (KHTML, like Gecko; compatible; ClaudeBot/1.0; +claudebot@anthropic.com)"
216.73.217.56 - - [01/May/2026:15:17:26 -0400] "GET /wp-includes/js/customize-selective-refresh.js HTTP/1.1" 200 8600 "-" "Mozilla/5.0 AppleWebKit/537.36 (KHTML, like Gecko; compatible; ClaudeBot/1.0; +claudebot@anthropic.com)"
136.243.228.181 - - [01/May/2026:15:17:28 -0400] "GET /index.php/?items/K543558702/ HTTP/1.1" 404 1251 "-" "Mozilla/5.0 (compatible; DataForSeoBot/1.0; +https://dataforseo.com/dataforseo-bot)"
216.73.217.56 - - [01/May/2026:15:17:31 -0400] "GET /wp-includes/Requests/src/Iri.php HTTP/1.1" 200 0 "-" "Mozilla/5.0 AppleWebKit/537.36 (KHTML, like Gecko; compatible; ClaudeBot/1.0; +claudebot@anthropic.com)"
136.243.228.181 - - [01/May/2026:15:17:41 -0400] "GET /index.php/?items/K546955126/ HTTP/1.1" 404 1251 "-" "Mozilla/5.0 (compatible; DataForSeoBot/1.0; +https://dataforseo.com/dataforseo-bot)"
136.243.228.181 - - [01/May/2026:15:17:53 -0400] "GET /index.php/?items/K542249287/ HTTP/1.1" 404 1251 "-" "Mozilla/5.0 (compatible; DataForSeoBot/1.0; +https://dataforseo.com/dataforseo-bot)"
136.243.228.181 - - [01/May/2026:15:17:49 -0400] "GET /index.php/?items/K547405351/ HTTP/1.1" 404 1251 "-" "Mozilla/5.0 (compatible; DataForSeoBot/1.0; +https://dataforseo.com/dataforseo-bot)"
136.243.228.181 - - [01/May/2026:15:17:57 -0400] "GET /index.php/?items/K543139199/ HTTP/1.1" 404 1251 "-" "Mozilla/5.0 (compatible; DataForSeoBot/1.0; +https://dataforseo.com/dataforseo-bot)"
136.243.228.181 - - [01/May/2026:15:18:01 -0400] "GET /index.php/?items/K543350081/ HTTP/1.1" 404 1251 "-" "Mozilla/5.0 (compatible; DataForSeoBot/1.0; +https://dataforseo.com/dataforseo-bot)"
136.243.228.181 - - [01/May/2026:15:18:05 -0400] "GET /index.php/?items/K546351426/ HTTP/1.1" 404 1251 "-" "Mozilla/5.0 (compatible; DataForSeoBot/1.0; +https://dataforseo.com/dataforseo-bot)"
162.120.184.53 - - [01/May/2026:15:18:07 -0400] "GET /about/ HTTP/1.1" 200 623 "https://www.google.com/" "Mozilla/5.0 (Linux; Android 10; K) AppleWebKit/537.36 (KHTML, like Gecko) Chrome/138.0.0.0 Mobile Safari/537.36"
136.243.228.181 - - [01/May/2026:15:18:10 -0400] "GET /index.php/?items/K542186778/ HTTP/1.1" 404 1251 "-" "Mozilla/5.0 (compatible; DataForSeoBot/1.0; +https://dataforseo.com/dataforseo-bot)"
136.243.228.181 - - [01/May/2026:15:18:13 -0400] "GET /index.php/?items/K546970242/ HTTP/1.1" 404 1251 "-" "Mozilla/5.0 (compatible; DataForSeoBot/1.0; +https://dataforseo.com/dataforseo-bot)"
136.243.228.181 - - [01/May/2026:15:18:18 -0400] "GET /index.php/?items/K541184506/ HTTP/1.1" 404 1251 "-" "Mozilla/5.0 (compatible; DataForSeoBot/1.0; +https://dataforseo.com/dataforseo-bot)"
136.243.228.181 - - [01/May/2026:15:18:31 -0400] "GET /index.php/?items/K541042612/ HTTP/1.1" 404 1251 "-" "Mozilla/5.0 (compatible; DataForSeoBot/1.0; +https://dataforseo.com/dataforseo-bot)"
216.73.217.56 - - [01/May/2026:15:18:32 -0400] "GET /wp-includes/js/shortcode.js HTTP/1.1" 200 3352 "-" "Mozilla/5.0 AppleWebKit/537.36 (KHTML, like Gecko; compatible; ClaudeBot/1.0; +claudebot@anthropic.com)"
136.243.228.181 - - [01/May/2026:15:18:35 -0400] "GET /index.php/?items/K543228269/ HTTP/1.1" 404 1251 "-" "Mozilla/5.0 (compatible; DataForSeoBot/1.0; +https://dataforseo.com/dataforseo-bot)"
216.73.217.56 - - [01/May/2026:15:18:37 -0400] "GET /wp-includes/Text/Exception.php HTTP/1.1" 200 0 "-" "Mozilla/5.0 AppleWebKit/537.36 (KHTML, like Gecko; compatible; ClaudeBot/1.0; +claudebot@anthropic.com)"
136.243.228.181 - - [01/May/2026:15:18:53 -0400] "GET /index.php/?items/K546153047/ HTTP/1.1" 404 1251 "-" "Mozilla/5.0 (compatible; DataForSeoBot/1.0; +https://dataforseo.com/dataforseo-bot)"
136.243.228.181 - - [01/May/2026:15:18:56 -0400] "GET /index.php/?items/K547233893/ HTTP/1.1" 404 1251 "-" "Mozilla/5.0 (compatible; DataForSeoBot/1.0; +https://dataforseo.com/dataforseo-bot)"
136.243.228.181 - - [01/May/2026:15:19:00 -0400] "GET /index.php/?items/K543338802/ HTTP/1.1" 404 1251 "-" "Mozilla/5.0 (compatible; DataForSeoBot/1.0; +https://dataforseo.com/dataforseo-bot)"
136.243.228.181 - - [01/May/2026:15:19:04 -0400] "GET /index.php/?items/K546577001/ HTTP/1.1" 404 1251 "-" "Mozilla/5.0 (compatible; DataForSeoBot/1.0; +https://dataforseo.com/dataforseo-bot)"
136.243.228.181 - - [01/May/2026:15:19:08 -0400] "GET /index.php/?items/K544870078/ HTTP/1.1" 404 1251 "-" "Mozilla/5.0 (compatible; DataForSeoBot/1.0; +https://dataforseo.com/dataforseo-bot)"
136.243.228.181 - - [01/May/2026:15:19:12 -0400] "GET /index.php/?items/K549788511/ HTTP/1.1" 404 1251 "-" "Mozilla/5.0 (compatible; DataForSeoBot/1.0; +https://dataforseo.com/dataforseo-bot)"
216.73.217.56 - - [01/May/2026:15:19:18 -0400] "GET /wp-includes/js/quicktags.min.js HTTP/1.1" 200 3331 "-" "Mozilla/5.0 AppleWebKit/537.36 (KHTML, like Gecko; compatible; ClaudeBot/1.0; +claudebot@anthropic.com)"
136.243.228.181 - - [01/May/2026:15:19:20 -0400] "GET /index.php/?items/K541889037/ HTTP/1.1" 404 1251 "-" "Mozilla/5.0 (compatible; DataForSeoBot/1.0; +https://dataforseo.com/dataforseo-bot)"
136.243.228.181 - - [01/May/2026:15:19:24 -0400] "GET /index.php/?items/K541563172/ HTTP/1.1" 404 1251 "-" "Mozilla/5.0 (compatible; DataForSeoBot/1.0; +https://dataforseo.com/dataforseo-bot)"
136.243.228.181 - - [01/May/2026:15:19:28 -0400] "GET /index.php/?items/K542230795/ HTTP/1.1" 404 1251 "-" "Mozilla/5.0 (compatible; DataForSeoBot/1.0; +https://dataforseo.com/dataforseo-bot)"
216.73.217.56 - - [01/May/2026:15:19:28 -0400] "GET /wp-includes/js/wp-lists.js HTTP/1.1" 200 5138 "-" "Mozilla/5.0 AppleWebKit/537.36 (KHTML, like Gecko; compatible; ClaudeBot/1.0; +claudebot@anthropic.com)"
136.243.228.181 - - [01/May/2026:15:19:32 -0400] "GET /index.php/?items/K543480287/ HTTP/1.1" 404 1251 "-" "Mozilla/5.0 (compatible; DataForSeoBot/1.0; +https://dataforseo.com/dataforseo-bot)"
216.73.217.56 - - [01/May/2026:15:19:33 -0400] "GET /wp-includes/js/wp-util.js HTTP/1.1" 200 1594 "-" "Mozilla/5.0 AppleWebKit/537.36 (KHTML, like Gecko; compatible; ClaudeBot/1.0; +claudebot@anthropic.com)"
136.243.228.181 - - [01/May/2026:15:19:36 -0400] "GET /index.php/?items/K545451809/ HTTP/1.1" 404 1251 "-" "Mozilla/5.0 (compatible; DataForSeoBot/1.0; +https://dataforseo.com/dataforseo-bot)"
136.243.228.181 - - [01/May/2026:15:19:41 -0400] "GET /index.php/?items/K542801138/ HTTP/1.1" 404 1251 "-" "Mozilla/5.0 (compatible; DataForSeoBot/1.0; +https://dataforseo.com/dataforseo-bot)"
136.243.228.181 - - [01/May/2026:15:18:22 -0400] "GET /index.php/?items/K546630418/ HTTP/1.1" 404 1251 "-" "Mozilla/5.0 (compatible; DataForSeoBot/1.0; +https://dataforseo.com/dataforseo-bot)"
216.73.217.56 - - [01/May/2026:15:18:23 -0400] "GET /wp-includes/js/comment-reply.js HTTP/1.1" 200 3483 "-" "Mozilla/5.0 AppleWebKit/537.36 (KHTML, like Gecko; compatible; ClaudeBot/1.0; +claudebot@anthropic.com)"
136.243.228.181 - - [01/May/2026:15:18:26 -0400] "GET /index.php/?items/K544556433/ HTTP/1.1" 404 1251 "-" "Mozilla/5.0 (compatible; DataForSeoBot/1.0; +https://dataforseo.com/dataforseo-bot)"
216.73.217.56 - - [01/May/2026:15:18:27 -0400] "GET /wp-includes/js/swfobject.min.js HTTP/1.1" 200 35 "-" "Mozilla/5.0 AppleWebKit/537.36 (KHTML, like Gecko; compatible; ClaudeBot/1.0; +claudebot@anthropic.com)"
136.243.228.181 - - [01/May/2026:15:18:39 -0400] "GET /index.php/?items/K545997971/ HTTP/1.1" 404 1251 "-" "Mozilla/5.0 (compatible; DataForSeoBot/1.0; +https://dataforseo.com/dataforseo-bot)"
216.73.217.56 - - [01/May/2026:15:18:43 -0400] "GET /wp-includes/js/customize-base.min.js HTTP/1.1" 200 2386 "-" "Mozilla/5.0 AppleWebKit/537.36 (KHTML, like Gecko; compatible; ClaudeBot/1.0; +claudebot@anthropic.com)"
136.243.228.181 - - [01/May/2026:15:18:44 -0400] "GET /index.php/?items/K541609594/ HTTP/1.1" 404 1251 "-" "Mozilla/5.0 (compatible; DataForSeoBot/1.0; +https://dataforseo.com/dataforseo-bot)"
216.73.217.56 - - [01/May/2026:15:18:47 -0400] "GET /wp-includes/Requests/src/Exception/ HTTP/1.1" 200 1135 "-" "Mozilla/5.0 AppleWebKit/537.36 (KHTML, like Gecko; compatible; ClaudeBot/1.0; +claudebot@anthropic.com)"
136.243.228.181 - - [01/May/2026:15:18:48 -0400] "GET /index.php/?items/K544342123/ HTTP/1.1" 404 1251 "-" "Mozilla/5.0 (compatible; DataForSeoBot/1.0; +https://dataforseo.com/dataforseo-bot)"
