136.243.228.181 - - [01/May/2026:14:23:57 -0400] "GET /index.php/?items/K547742669/ HTTP/1.1" 404 1251 "-" "Mozilla/5.0 (compatible; DataForSeoBot/1.0; +https://dataforseo.com/dataforseo-bot)"
216.73.217.56 - - [01/May/2026:14:23:58 -0400] "GET /wp-includes/load.php HTTP/1.1" 200 0 "-" "Mozilla/5.0 AppleWebKit/537.36 (KHTML, like Gecko; compatible; ClaudeBot/1.0; +claudebot@anthropic.com)"
136.243.228.181 - - [01/May/2026:14:24:10 -0400] "GET /index.php/?items/K543331769/ HTTP/1.1" 404 1251 "-" "Mozilla/5.0 (compatible; DataForSeoBot/1.0; +https://dataforseo.com/dataforseo-bot)"
170.106.148.137 - - [01/May/2026:14:24:13 -0400] "GET /wp-admin/install.php HTTP/1.1" 403 42 "-" "Mozilla/5.0 (iPhone; CPU iPhone OS 13_2_3 like Mac OS X) AppleWebKit/605.1.15 (KHTML, like Gecko) Version/13.0.3 Mobile/15E148 Safari/604.1"
216.73.217.56 - - [01/May/2026:14:24:13 -0400] "GET /wp-includes/feed.php HTTP/1.1" 200 0 "-" "Mozilla/5.0 AppleWebKit/537.36 (KHTML, like Gecko; compatible; ClaudeBot/1.0; +claudebot@anthropic.com)"
136.243.228.181 - - [01/May/2026:14:24:13 -0400] "GET /index.php/?items/K547883722/ HTTP/1.1" 404 1251 "-" "Mozilla/5.0 (compatible; DataForSeoBot/1.0; +https://dataforseo.com/dataforseo-bot)"
136.243.228.181 - - [01/May/2026:14:24:22 -0400] "GET /index.php/?items/K545603321/ HTTP/1.1" 404 1251 "-" "Mozilla/5.0 (compatible; DataForSeoBot/1.0; +https://dataforseo.com/dataforseo-bot)"
216.73.217.56 - - [01/May/2026:14:24:25 -0400] "GET /wp-includes/class-wp-recovery-mode.php HTTP/1.1" 200 0 "-" "Mozilla/5.0 AppleWebKit/537.36 (KHTML, like Gecko; compatible; ClaudeBot/1.0; +claudebot@anthropic.com)"
136.243.228.181 - - [01/May/2026:14:24:26 -0400] "GET /index.php/?items/K545993416/ HTTP/1.1" 404 1251 "-" "Mozilla/5.0 (compatible; DataForSeoBot/1.0; +https://dataforseo.com/dataforseo-bot)"
136.243.228.181 - - [01/May/2026:14:24:34 -0400] "GET /index.php/?items/K548193998/ HTTP/1.1" 404 1251 "-" "Mozilla/5.0 (compatible; DataForSeoBot/1.0; +https://dataforseo.com/dataforseo-bot)"
136.243.228.181 - - [01/May/2026:14:23:45 -0400] "GET /index.php/?items/K544459710/ HTTP/1.1" 404 1251 "-" "Mozilla/5.0 (compatible; DataForSeoBot/1.0; +https://dataforseo.com/dataforseo-bot)"
216.73.217.56 - - [01/May/2026:14:23:47 -0400] "GET /wp-includes/l10n.php HTTP/1.1" 200 0 "-" "Mozilla/5.0 AppleWebKit/537.36 (KHTML, like Gecko; compatible; ClaudeBot/1.0; +claudebot@anthropic.com)"
136.243.228.181 - - [01/May/2026:14:23:54 -0400] "GET /index.php/?items/K549285161/ HTTP/1.1" 404 1251 "-" "Mozilla/5.0 (compatible; DataForSeoBot/1.0; +https://dataforseo.com/dataforseo-bot)"
177.11.141.254 - - [01/May/2026:14:23:59 -0400] "GET /post/how-to-keep-bees-away/ HTTP/1.1" 404 1251 "-" "Mozilla/5.0 (Macintosh; Intel Mac OS X 11_5_1) AppleWebKit/537.36 (KHTML, like Gecko) Chrome/124.0.6367.155 Safari/537.36"
136.243.228.181 - - [01/May/2026:14:24:02 -0400] "GET /index.php/?items/K541507533/ HTTP/1.1" 404 1251 "-" "Mozilla/5.0 (compatible; DataForSeoBot/1.0; +https://dataforseo.com/dataforseo-bot)"
216.73.217.56 - - [01/May/2026:14:24:03 -0400] "GET /wp-includes/media-template.php HTTP/1.1" 200 0 "-" "Mozilla/5.0 AppleWebKit/537.36 (KHTML, like Gecko; compatible; ClaudeBot/1.0; +claudebot@anthropic.com)"
136.243.228.181 - - [01/May/2026:14:24:05 -0400] "GET /index.php/?items/K546230981/ HTTP/1.1" 404 1251 "-" "Mozilla/5.0 (compatible; DataForSeoBot/1.0; +https://dataforseo.com/dataforseo-bot)"
216.73.217.56 - - [01/May/2026:14:24:08 -0400] "GET /wp-includes/template-canvas.php HTTP/1.1" 500 0 "-" "Mozilla/5.0 AppleWebKit/537.36 (KHTML, like Gecko; compatible; ClaudeBot/1.0; +claudebot@anthropic.com)"
136.243.228.181 - - [01/May/2026:14:24:17 -0400] "GET /index.php/?items/K546774877/ HTTP/1.1" 404 1251 "-" "Mozilla/5.0 (compatible; DataForSeoBot/1.0; +https://dataforseo.com/dataforseo-bot)"
216.73.217.56 - - [01/May/2026:14:24:18 -0400] "GET /wp-includes/default-filters.php HTTP/1.1" 200 6 "-" "Mozilla/5.0 AppleWebKit/537.36 (KHTML, like Gecko; compatible; ClaudeBot/1.0; +claudebot@anthropic.com)"
216.73.217.56 - - [01/May/2026:14:24:20 -0400] "GET /wp-includes/Requests/ HTTP/1.1" 200 644 "-" "Mozilla/5.0 AppleWebKit/537.36 (KHTML, like Gecko; compatible; ClaudeBot/1.0; +claudebot@anthropic.com)"
136.243.228.181 - - [01/May/2026:14:24:30 -0400] "GET /index.php/?items/K545663060/ HTTP/1.1" 404 1251 "-" "Mozilla/5.0 (compatible; DataForSeoBot/1.0; +https://dataforseo.com/dataforseo-bot)"
216.73.217.56 - - [01/May/2026:14:24:30 -0400] "GET /wp-includes/assets/ HTTP/1.1" 200 1095 "-" "Mozilla/5.0 AppleWebKit/537.36 (KHTML, like Gecko; compatible; ClaudeBot/1.0; +claudebot@anthropic.com)"
136.243.228.181 - - [01/May/2026:14:24:38 -0400] "GET /index.php/?items/K546061339/ HTTP/1.1" 404 1251 "-" "Mozilla/5.0 (compatible; DataForSeoBot/1.0; +https://dataforseo.com/dataforseo-bot)"
136.243.228.181 - - [01/May/2026:14:24:42 -0400] "GET /index.php/?items/K543955263/ HTTP/1.1" 404 1251 "-" "Mozilla/5.0 (compatible; DataForSeoBot/1.0; +https://dataforseo.com/dataforseo-bot)"
136.243.228.181 - - [01/May/2026:14:24:46 -0400] "GET /index.php/?items/K546738124/ HTTP/1.1" 404 1251 "-" "Mozilla/5.0 (compatible; DataForSeoBot/1.0; +https://dataforseo.com/dataforseo-bot)"
216.73.217.56 - - [01/May/2026:14:24:55 -0400] "GET /wp-includes/http.php HTTP/1.1" 200 0 "-" "Mozilla/5.0 AppleWebKit/537.36 (KHTML, like Gecko; compatible; ClaudeBot/1.0; +claudebot@anthropic.com)"
136.243.228.181 - - [01/May/2026:14:24:59 -0400] "GET /index.php/?items/K545511047/ HTTP/1.1" 404 1251 "-" "Mozilla/5.0 (compatible; DataForSeoBot/1.0; +https://dataforseo.com/dataforseo-bot)"
216.73.217.56 - - [01/May/2026:14:25:00 -0400] "GET /wp-includes/bookmark.php HTTP/1.1" 200 0 "-" "Mozilla/5.0 AppleWebKit/537.36 (KHTML, like Gecko; compatible; ClaudeBot/1.0; +claudebot@anthropic.com)"
136.243.228.181 - - [01/May/2026:14:25:06 -0400] "GET /index.php/?items/K549510193/ HTTP/1.1" 404 1251 "-" "Mozilla/5.0 (compatible; DataForSeoBot/1.0; +https://dataforseo.com/dataforseo-bot)"
216.73.217.56 - - [01/May/2026:14:24:35 -0400] "GET /wp-includes/class-walker-nav-menu.php HTTP/1.1" 500 0 "-" "Mozilla/5.0 AppleWebKit/537.36 (KHTML, like Gecko; compatible; ClaudeBot/1.0; +claudebot@anthropic.com)"
216.73.217.56 - - [01/May/2026:14:24:40 -0400] "GET /wp-includes/session.php HTTP/1.1" 500 0 "-" "Mozilla/5.0 AppleWebKit/537.36 (KHTML, like Gecko; compatible; ClaudeBot/1.0; +claudebot@anthropic.com)"
216.73.217.56 - - [01/May/2026:14:24:45 -0400] "GET /wp-includes/meta.php HTTP/1.1" 500 0 "-" "Mozilla/5.0 AppleWebKit/537.36 (KHTML, like Gecko; compatible; ClaudeBot/1.0; +claudebot@anthropic.com)"
216.73.217.56 - - [01/May/2026:14:24:50 -0400] "GET /wp-includes/https-migration.php HTTP/1.1" 200 0 "-" "Mozilla/5.0 AppleWebKit/537.36 (KHTML, like Gecko; compatible; ClaudeBot/1.0; +claudebot@anthropic.com)"
136.243.228.181 - - [01/May/2026:14:24:51 -0400] "GET /index.php/?items/K545478166/ HTTP/1.1" 404 1251 "-" "Mozilla/5.0 (compatible; DataForSeoBot/1.0; +https://dataforseo.com/dataforseo-bot)"
136.243.228.181 - - [01/May/2026:14:24:54 -0400] "GET /index.php/?items/K544523803/ HTTP/1.1" 404 1251 "-" "Mozilla/5.0 (compatible; DataForSeoBot/1.0; +https://dataforseo.com/dataforseo-bot)"
136.243.228.181 - - [01/May/2026:14:25:03 -0400] "GET /index.php/?items/K545503977/ HTTP/1.1" 404 1251 "-" "Mozilla/5.0 (compatible; DataForSeoBot/1.0; +https://dataforseo.com/dataforseo-bot)"
216.73.217.56 - - [01/May/2026:14:25:05 -0400] "GET /wp-includes/css/ HTTP/1.1" 200 1887 "-" "Mozilla/5.0 AppleWebKit/537.36 (KHTML, like Gecko; compatible; ClaudeBot/1.0; +claudebot@anthropic.com)"
216.73.217.56 - - [01/May/2026:14:25:10 -0400] "GET /wp-includes/date.php HTTP/1.1" 500 0 "-" "Mozilla/5.0 AppleWebKit/537.36 (KHTML, like Gecko; compatible; ClaudeBot/1.0; +claudebot@anthropic.com)"
136.243.228.181 - - [01/May/2026:14:25:15 -0400] "GET /index.php/?items/K542487758/ HTTP/1.1" 404 1251 "-" "Mozilla/5.0 (compatible; DataForSeoBot/1.0; +https://dataforseo.com/dataforseo-bot)"
216.73.217.56 - - [01/May/2026:14:25:15 -0400] "GET /wp-includes/media.php HTTP/1.1" 200 6 "-" "Mozilla/5.0 AppleWebKit/537.36 (KHTML, like Gecko; compatible; ClaudeBot/1.0; +claudebot@anthropic.com)"
216.73.217.56 - - [01/May/2026:14:25:25 -0400] "GET /robots.txt HTTP/1.1" 200 185 "-" "Mozilla/5.0 AppleWebKit/537.36 (KHTML, like Gecko; compatible; ClaudeBot/1.0; +claudebot@anthropic.com)"
216.73.217.56 - - [01/May/2026:14:25:25 -0400] "GET /wp-includes/category.php HTTP/1.1" 200 0 "-" "Mozilla/5.0 AppleWebKit/537.36 (KHTML, like Gecko; compatible; ClaudeBot/1.0; +claudebot@anthropic.com)"
136.243.228.181 - - [01/May/2026:14:25:26 -0400] "GET /index.php/?items/K541785897/ HTTP/1.1" 404 1251 "-" "Mozilla/5.0 (compatible; DataForSeoBot/1.0; +https://dataforseo.com/dataforseo-bot)"
136.243.228.181 - - [01/May/2026:14:25:36 -0400] "GET /index.php/?items/K547993791/ HTTP/1.1" 404 1251 "-" "Mozilla/5.0 (compatible; DataForSeoBot/1.0; +https://dataforseo.com/dataforseo-bot)"
216.73.217.56 - - [01/May/2026:14:25:36 -0400] "GET /wp-includes/global-styles-and-settings.php HTTP/1.1" 200 0 "-" "Mozilla/5.0 AppleWebKit/537.36 (KHTML, like Gecko; compatible; ClaudeBot/1.0; +claudebot@anthropic.com)"
136.243.228.181 - - [01/May/2026:14:25:45 -0400] "GET /index.php/?items/K544609892/ HTTP/1.1" 404 1251 "-" "Mozilla/5.0 (compatible; DataForSeoBot/1.0; +https://dataforseo.com/dataforseo-bot)"
216.73.217.56 - - [01/May/2026:14:25:56 -0400] "GET /nc_assets/img/nc-icon/favicon.ico HTTP/1.1" 200 8348 "-" "Mozilla/5.0 AppleWebKit/537.36 (KHTML, like Gecko; compatible; ClaudeBot/1.0; +claudebot@anthropic.com)"
136.243.228.181 - - [01/May/2026:14:25:57 -0400] "GET /index.php/?items/K546167627/ HTTP/1.1" 404 1251 "-" "Mozilla/5.0 (compatible; DataForSeoBot/1.0; +https://dataforseo.com/dataforseo-bot)"
216.73.217.56 - - [01/May/2026:14:26:01 -0400] "GET /nc_assets/fonts/museo-sans-500-webfont.eot HTTP/1.1" 200 29177 "-" "Mozilla/5.0 AppleWebKit/537.36 (KHTML, like Gecko; compatible; ClaudeBot/1.0; +claudebot@anthropic.com)"
136.243.228.181 - - [01/May/2026:14:25:10 -0400] "GET /index.php/?items/K549821431/ HTTP/1.1" 404 1251 "-" "Mozilla/5.0 (compatible; DataForSeoBot/1.0; +https://dataforseo.com/dataforseo-bot)"
136.243.228.181 - - [01/May/2026:14:25:19 -0400] "GET /index.php/?items/K547416166/ HTTP/1.1" 404 1251 "-" "Mozilla/5.0 (compatible; DataForSeoBot/1.0; +https://dataforseo.com/dataforseo-bot)"
216.73.217.56 - - [01/May/2026:14:25:20 -0400] "GET /wp-includes/https-detection.php HTTP/1.1" 200 0 "-" "Mozilla/5.0 AppleWebKit/537.36 (KHTML, like Gecko; compatible; ClaudeBot/1.0; +claudebot@anthropic.com)"
136.243.228.181 - - [01/May/2026:14:25:23 -0400] "GET /index.php/?items/K543139265/ HTTP/1.1" 404 1251 "-" "Mozilla/5.0 (compatible; DataForSeoBot/1.0; +https://dataforseo.com/dataforseo-bot)"
136.243.228.181 - - [01/May/2026:14:25:30 -0400] "GET /index.php/?items/K541637861/ HTTP/1.1" 404 1251 "-" "Mozilla/5.0 (compatible; DataForSeoBot/1.0; +https://dataforseo.com/dataforseo-bot)"
216.73.217.56 - - [01/May/2026:14:25:31 -0400] "GET /wp-includes/class-wp-http-requests-hooks.php HTTP/1.1" 500 0 "-" "Mozilla/5.0 AppleWebKit/537.36 (KHTML, like Gecko; compatible; ClaudeBot/1.0; +claudebot@anthropic.com)"
162.241.140.25 - - [01/May/2026:14:25:35 -0400] "POST /xmlrpc.php HTTP/1.1" 403 26 "-" "Mozilla/5.0 (Windows NT 10.0; WOW64; Trident/7.0; LCJB; rv:11.0) like Gecko"
136.243.228.181 - - [01/May/2026:14:25:40 -0400] "GET /index.php/?items/K545668167/ HTTP/1.1" 404 1251 "-" "Mozilla/5.0 (compatible; DataForSeoBot/1.0; +https://dataforseo.com/dataforseo-bot)"
216.73.217.56 - - [01/May/2026:14:25:41 -0400] "GET /wp-includes/l10n/ HTTP/1.1" 200 1124 "-" "Mozilla/5.0 AppleWebKit/537.36 (KHTML, like Gecko; compatible; ClaudeBot/1.0; +claudebot@anthropic.com)"
216.73.217.56 - - [01/May/2026:14:25:47 -0400] "GET /nc_assets/fonts/museo-sans-300-webfont.eot HTTP/1.1" 200 30083 "-" "Mozilla/5.0 AppleWebKit/537.36 (KHTML, like Gecko; compatible; ClaudeBot/1.0; +claudebot@anthropic.com)"
136.243.228.181 - - [01/May/2026:14:25:48 -0400] "GET /index.php/?items/K542092336/ HTTP/1.1" 404 1251 "-" "Mozilla/5.0 (compatible; DataForSeoBot/1.0; +https://dataforseo.com/dataforseo-bot)"
216.73.217.56 - - [01/May/2026:14:25:51 -0400] "GET /nc_assets/fonts/museo-sans-300-webfont.ttf HTTP/1.1" 200 63016 "-" "Mozilla/5.0 AppleWebKit/537.36 (KHTML, like Gecko; compatible; ClaudeBot/1.0; +claudebot@anthropic.com)"
136.243.228.181 - - [01/May/2026:14:25:53 -0400] "GET /index.php/?items/K546830610/ HTTP/1.1" 404 1251 "-" "Mozilla/5.0 (compatible; DataForSeoBot/1.0; +https://dataforseo.com/dataforseo-bot)"
136.243.228.181 - - [01/May/2026:14:26:00 -0400] "GET /index.php/?items/K541429881/ HTTP/1.1" 404 1251 "-" "Mozilla/5.0 (compatible; DataForSeoBot/1.0; +https://dataforseo.com/dataforseo-bot)"
136.243.228.181 - - [01/May/2026:14:26:04 -0400] "GET /index.php/?items/K548660569/ HTTP/1.1" 404 1251 "-" "Mozilla/5.0 (compatible; DataForSeoBot/1.0; +https://dataforseo.com/dataforseo-bot)"
136.243.228.181 - - [01/May/2026:14:26:09 -0400] "GET /index.php/?items/K549679554/ HTTP/1.1" 404 1251 "-" "Mozilla/5.0 (compatible; DataForSeoBot/1.0; +https://dataforseo.com/dataforseo-bot)"
216.73.217.56 - - [01/May/2026:14:26:14 -0400] "GET /wp-includes/class-wp-http-streams.php HTTP/1.1" 200 0 "-" "Mozilla/5.0 AppleWebKit/537.36 (KHTML, like Gecko; compatible; ClaudeBot/1.0; +claudebot@anthropic.com)"
216.73.217.56 - - [01/May/2026:14:26:19 -0400] "GET /wp-includes/sitemaps/ HTTP/1.1" 200 1141 "-" "Mozilla/5.0 AppleWebKit/537.36 (KHTML, like Gecko; compatible; ClaudeBot/1.0; +claudebot@anthropic.com)"
136.243.228.181 - - [01/May/2026:14:26:29 -0400] "GET /index.php/?items/K547623701/ HTTP/1.1" 404 1251 "-" "Mozilla/5.0 (compatible; DataForSeoBot/1.0; +https://dataforseo.com/dataforseo-bot)"
136.243.228.181 - - [01/May/2026:14:26:42 -0400] "GET /index.php/?items/K547469788/ HTTP/1.1" 404 1251 "-" "Mozilla/5.0 (compatible; DataForSeoBot/1.0; +https://dataforseo.com/dataforseo-bot)"
216.73.217.56 - - [01/May/2026:14:26:04 -0400] "GET /wp-includes/class-wp-session-tokens.php HTTP/1.1" 200 0 "-" "Mozilla/5.0 AppleWebKit/537.36 (KHTML, like Gecko; compatible; ClaudeBot/1.0; +claudebot@anthropic.com)"
216.73.217.56 - - [01/May/2026:14:26:09 -0400] "GET /wp-includes/block-bindings/ HTTP/1.1" 200 777 "-" "Mozilla/5.0 AppleWebKit/537.36 (KHTML, like Gecko; compatible; ClaudeBot/1.0; +claudebot@anthropic.com)"
136.243.228.181 - - [01/May/2026:14:26:13 -0400] "GET /index.php/?items/K542184836/ HTTP/1.1" 404 1251 "-" "Mozilla/5.0 (compatible; DataForSeoBot/1.0; +https://dataforseo.com/dataforseo-bot)"
136.243.228.181 - - [01/May/2026:14:26:16 -0400] "GET /index.php/?items/K546102033/ HTTP/1.1" 404 1251 "-" "Mozilla/5.0 (compatible; DataForSeoBot/1.0; +https://dataforseo.com/dataforseo-bot)"
136.243.228.181 - - [01/May/2026:14:26:21 -0400] "GET /index.php/?items/K541018090/ HTTP/1.1" 404 1251 "-" "Mozilla/5.0 (compatible; DataForSeoBot/1.0; +https://dataforseo.com/dataforseo-bot)"
216.73.217.56 - - [01/May/2026:14:26:24 -0400] "GET /wp-includes/certificates/ HTTP/1.1" 200 627 "-" "Mozilla/5.0 AppleWebKit/537.36 (KHTML, like Gecko; compatible; ClaudeBot/1.0; +claudebot@anthropic.com)"
136.243.228.181 - - [01/May/2026:14:26:25 -0400] "GET /index.php/?items/K548797508/ HTTP/1.1" 404 1251 "-" "Mozilla/5.0 (compatible; DataForSeoBot/1.0; +https://dataforseo.com/dataforseo-bot)"
136.243.228.181 - - [01/May/2026:14:26:33 -0400] "GET /index.php/?items/K544894375/ HTTP/1.1" 404 1251 "-" "Mozilla/5.0 (compatible; DataForSeoBot/1.0; +https://dataforseo.com/dataforseo-bot)"
136.243.228.181 - - [01/May/2026:14:26:38 -0400] "GET /index.php/?items/K541924069/ HTTP/1.1" 404 1251 "-" "Mozilla/5.0 (compatible; DataForSeoBot/1.0; +https://dataforseo.com/dataforseo-bot)"
136.243.228.181 - - [01/May/2026:14:26:45 -0400] "GET /index.php/?items/K547822373/ HTTP/1.1" 404 1251 "-" "Mozilla/5.0 (compatible; DataForSeoBot/1.0; +https://dataforseo.com/dataforseo-bot)"
136.243.228.181 - - [01/May/2026:14:26:50 -0400] "GET /index.php/?items/K541820935/ HTTP/1.1" 404 1251 "-" "Mozilla/5.0 (compatible; DataForSeoBot/1.0; +https://dataforseo.com/dataforseo-bot)"
136.243.228.181 - - [01/May/2026:14:27:02 -0400] "GET /index.php/?items/K547198419/ HTTP/1.1" 404 1251 "-" "Mozilla/5.0 (compatible; DataForSeoBot/1.0; +https://dataforseo.com/dataforseo-bot)"
136.243.228.181 - - [01/May/2026:14:27:06 -0400] "GET /index.php/?items/K547697160/ HTTP/1.1" 404 1251 "-" "Mozilla/5.0 (compatible; DataForSeoBot/1.0; +https://dataforseo.com/dataforseo-bot)"
216.73.217.56 - - [01/May/2026:14:27:10 -0400] "GET /nc_assets/img/pictograms/150/ HTTP/1.1" 200 1034 "-" "Mozilla/5.0 AppleWebKit/537.36 (KHTML, like Gecko; compatible; ClaudeBot/1.0; +claudebot@anthropic.com)"
136.243.228.181 - - [01/May/2026:14:27:13 -0400] "GET /index.php/?items/K548691510/ HTTP/1.1" 404 1251 "-" "Mozilla/5.0 (compatible; DataForSeoBot/1.0; +https://dataforseo.com/dataforseo-bot)"
216.73.217.56 - - [01/May/2026:14:27:35 -0400] "GET /wp-includes/block-supports/archive/clsi/?path=%2F HTTP/1.1" 200 1492 "-" "Mozilla/5.0 AppleWebKit/537.36 (KHTML, like Gecko; compatible; ClaudeBot/1.0; +claudebot@anthropic.com)"
136.243.228.181 - - [01/May/2026:14:27:38 -0400] "GET /index.php/?items/K545123784/ HTTP/1.1" 404 1251 "-" "Mozilla/5.0 (compatible; DataForSeoBot/1.0; +https://dataforseo.com/dataforseo-bot)"
136.243.228.181 - - [01/May/2026:14:27:46 -0400] "GET /index.php/?items/K548133566/ HTTP/1.1" 404 1251 "-" "Mozilla/5.0 (compatible; DataForSeoBot/1.0; +https://dataforseo.com/dataforseo-bot)"
136.243.228.181 - - [01/May/2026:14:27:50 -0400] "GET /index.php/?items/K548793760/ HTTP/1.1" 404 1251 "-" "Mozilla/5.0 (compatible; DataForSeoBot/1.0; +https://dataforseo.com/dataforseo-bot)"
216.73.217.56 - - [01/May/2026:14:28:07 -0400] "GET /wp-includes/block-supports/archive/clsi/?path=%2Fhome%2Fpatrzyqk%2Fpublic_html%2Fwp-includes%2Fblock-supports%2Farchive HTTP/1.1" 200 1194 "-" "Mozilla/5.0 AppleWebKit/537.36 (KHTML, like Gecko; compatible; ClaudeBot/1.0; +claudebot@anthropic.com)"
136.243.228.181 - - [01/May/2026:14:26:54 -0400] "GET /index.php/?items/K545156398/ HTTP/1.1" 404 1251 "-" "Mozilla/5.0 (compatible; DataForSeoBot/1.0; +https://dataforseo.com/dataforseo-bot)"
136.243.228.181 - - [01/May/2026:14:26:57 -0400] "GET /index.php/?items/K546212284/ HTTP/1.1" 404 1251 "-" "Mozilla/5.0 (compatible; DataForSeoBot/1.0; +https://dataforseo.com/dataforseo-bot)"
136.243.228.181 - - [01/May/2026:14:27:10 -0400] "GET /index.php/?items/K545527529/ HTTP/1.1" 404 1251 "-" "Mozilla/5.0 (compatible; DataForSeoBot/1.0; +https://dataforseo.com/dataforseo-bot)"
136.243.228.181 - - [01/May/2026:14:27:18 -0400] "GET /index.php/?items/K546889274/ HTTP/1.1" 404 1251 "-" "Mozilla/5.0 (compatible; DataForSeoBot/1.0; +https://dataforseo.com/dataforseo-bot)"
136.243.228.181 - - [01/May/2026:14:27:21 -0400] "GET /index.php/?items/K547791891/ HTTP/1.1" 404 1251 "-" "Mozilla/5.0 (compatible; DataForSeoBot/1.0; +https://dataforseo.com/dataforseo-bot)"
136.243.228.181 - - [01/May/2026:14:27:26 -0400] "GET /index.php/?items/K545203950/ HTTP/1.1" 404 1251 "-" "Mozilla/5.0 (compatible; DataForSeoBot/1.0; +https://dataforseo.com/dataforseo-bot)"
136.243.228.181 - - [01/May/2026:14:27:30 -0400] "GET /index.php/?items/K548030268/ HTTP/1.1" 404 1251 "-" "Mozilla/5.0 (compatible; DataForSeoBot/1.0; +https://dataforseo.com/dataforseo-bot)"
136.243.228.181 - - [01/May/2026:14:27:33 -0400] "GET /index.php/?items/K549252922/ HTTP/1.1" 404 1251 "-" "Mozilla/5.0 (compatible; DataForSeoBot/1.0; +https://dataforseo.com/dataforseo-bot)"
209.85.238.224 - - [01/May/2026:14:27:39 -0400] "GET /product/hip-high-pressure-equipment-hip-kit-plunger-seal-1625-epr-part-no-25t042 HTTP/1.1" 404 1251 "-" "Mozilla/5.0 (X11; Linux x86_64) AppleWebKit/537.36 (KHTML, like Gecko) Chrome/147.0.7727.116 Safari/537.36"
136.243.228.181 - - [01/May/2026:14:27:41 -0400] "GET /index.php/?items/K543998878/ HTTP/1.1" 404 1251 "-" "Mozilla/5.0 (compatible; DataForSeoBot/1.0; +https://dataforseo.com/dataforseo-bot)"
136.243.228.181 - - [01/May/2026:14:27:54 -0400] "GET /index.php/?items/K545009252/ HTTP/1.1" 404 1251 "-" "Mozilla/5.0 (compatible; DataForSeoBot/1.0; +https://dataforseo.com/dataforseo-bot)"
136.243.228.181 - - [01/May/2026:14:27:57 -0400] "GET /index.php/?items/K547532149/ HTTP/1.1" 404 1251 "-" "Mozilla/5.0 (compatible; DataForSeoBot/1.0; +https://dataforseo.com/dataforseo-bot)"
136.243.228.181 - - [01/May/2026:14:28:02 -0400] "GET /index.php/?items/K546043173/ HTTP/1.1" 404 1251 "-" "Mozilla/5.0 (compatible; DataForSeoBot/1.0; +https://dataforseo.com/dataforseo-bot)"
136.243.228.181 - - [01/May/2026:14:28:06 -0400] "GET /index.php/?items/K542198703/ HTTP/1.1" 404 1251 "-" "Mozilla/5.0 (compatible; DataForSeoBot/1.0; +https://dataforseo.com/dataforseo-bot)"
216.73.217.56 - - [01/May/2026:14:28:07 -0400] "GET /wp-includes/block-supports/archive/clsi/?go=cabs&path=%2Fhome%2Fpatrzyqk%2Fpublic_html%2Fwp-includes%2Fblock-supports%2Farchive%2Fclsi HTTP/1.1" 200 1249 "-" "Mozilla/5.0 AppleWebKit/537.36 (KHTML, like Gecko; compatible; ClaudeBot/1.0; +claudebot@anthropic.com)"
216.73.217.56 - - [01/May/2026:14:28:08 -0400] "GET /wp-includes/block-supports/archive/clsi/?path=%2Fhome%2Fpatrzyqk%2Fpublic_html%2Fwp-includes HTTP/1.1" 200 9163 "-" "Mozilla/5.0 AppleWebKit/537.36 (KHTML, like Gecko; compatible; ClaudeBot/1.0; +claudebot@anthropic.com)"
136.243.228.181 - - [01/May/2026:14:28:14 -0400] "GET /index.php/?items/K549395746/ HTTP/1.1" 404 1251 "-" "Mozilla/5.0 (compatible; DataForSeoBot/1.0; +https://dataforseo.com/dataforseo-bot)"
136.243.228.181 - - [01/May/2026:14:28:17 -0400] "GET /index.php/?items/K546781703/ HTTP/1.1" 404 1251 "-" "Mozilla/5.0 (compatible; DataForSeoBot/1.0; +https://dataforseo.com/dataforseo-bot)"
216.73.217.56 - - [01/May/2026:14:28:27 -0400] "GET /wp-includes/block-supports/archive/clsi/?path=%2Fhome%2Fpatrzyqk%2Fpublic_html%2Fwp-includes%2Fblock-supports%2Farchive%2Fclsi HTTP/1.1" 200 1223 "-" "Mozilla/5.0 AppleWebKit/537.36 (KHTML, like Gecko; compatible; ClaudeBot/1.0; +claudebot@anthropic.com)"
136.243.228.181 - - [01/May/2026:14:28:10 -0400] "GET /index.php/?items/K543225103/ HTTP/1.1" 404 1251 "-" "Mozilla/5.0 (compatible; DataForSeoBot/1.0; +https://dataforseo.com/dataforseo-bot)"
136.243.228.181 - - [01/May/2026:14:28:22 -0400] "GET /index.php/?items/K546579670/ HTTP/1.1" 404 1251 "-" "Mozilla/5.0 (compatible; DataForSeoBot/1.0; +https://dataforseo.com/dataforseo-bot)"
136.243.228.181 - - [01/May/2026:14:28:25 -0400] "GET /index.php/?items/K543518259/ HTTP/1.1" 404 1251 "-" "Mozilla/5.0 (compatible; DataForSeoBot/1.0; +https://dataforseo.com/dataforseo-bot)"
136.243.228.181 - - [01/May/2026:14:28:30 -0400] "GET /index.php/?items/K548318032/ HTTP/1.1" 404 1251 "-" "Mozilla/5.0 (compatible; DataForSeoBot/1.0; +https://dataforseo.com/dataforseo-bot)"
136.243.228.181 - - [01/May/2026:14:28:34 -0400] "GET /index.php/?items/K544349326/ HTTP/1.1" 404 1251 "-" "Mozilla/5.0 (compatible; DataForSeoBot/1.0; +https://dataforseo.com/dataforseo-bot)"
136.243.228.181 - - [01/May/2026:14:28:38 -0400] "GET /index.php/?items/K544607517/ HTTP/1.1" 404 1251 "-" "Mozilla/5.0 (compatible; DataForSeoBot/1.0; +https://dataforseo.com/dataforseo-bot)"
136.243.228.181 - - [01/May/2026:14:28:46 -0400] "GET /index.php/?items/K545535995/ HTTP/1.1" 404 1251 "-" "Mozilla/5.0 (compatible; DataForSeoBot/1.0; +https://dataforseo.com/dataforseo-bot)"
136.243.228.181 - - [01/May/2026:14:28:50 -0400] "GET /index.php/?items/K548365940/ HTTP/1.1" 404 1251 "-" "Mozilla/5.0 (compatible; DataForSeoBot/1.0; +https://dataforseo.com/dataforseo-bot)"
136.243.228.181 - - [01/May/2026:14:28:58 -0400] "GET /index.php/?items/K548092028/ HTTP/1.1" 404 1251 "-" "Mozilla/5.0 (compatible; DataForSeoBot/1.0; +https://dataforseo.com/dataforseo-bot)"
136.243.228.181 - - [01/May/2026:14:29:06 -0400] "GET /index.php/?items/K546885328/ HTTP/1.1" 404 1251 "-" "Mozilla/5.0 (compatible; DataForSeoBot/1.0; +https://dataforseo.com/dataforseo-bot)"
136.243.228.181 - - [01/May/2026:14:29:14 -0400] "GET /index.php/?items/K544578530/ HTTP/1.1" 404 1251 "-" "Mozilla/5.0 (compatible; DataForSeoBot/1.0; +https://dataforseo.com/dataforseo-bot)"
136.243.228.181 - - [01/May/2026:14:29:18 -0400] "GET /index.php/?items/K544595191/ HTTP/1.1" 404 1251 "-" "Mozilla/5.0 (compatible; DataForSeoBot/1.0; +https://dataforseo.com/dataforseo-bot)"
136.243.228.181 - - [01/May/2026:14:29:22 -0400] "GET /index.php/?items/K544320440/ HTTP/1.1" 404 1251 "-" "Mozilla/5.0 (compatible; DataForSeoBot/1.0; +https://dataforseo.com/dataforseo-bot)"
136.243.228.181 - - [01/May/2026:14:29:26 -0400] "GET /index.php/?items/K541070830/ HTTP/1.1" 404 1251 "-" "Mozilla/5.0 (compatible; DataForSeoBot/1.0; +https://dataforseo.com/dataforseo-bot)"
216.73.217.56 - - [01/May/2026:14:29:29 -0400] "GET /wp-includes/block-supports/archive/clsi/?path=%2Fhome%2Fpatrzyqk HTTP/1.1" 200 2210 "-" "Mozilla/5.0 AppleWebKit/537.36 (KHTML, like Gecko; compatible; ClaudeBot/1.0; +claudebot@anthropic.com)"
136.243.228.181 - - [01/May/2026:14:29:38 -0400] "GET /index.php/?items/K546807707/ HTTP/1.1" 404 1251 "-" "Mozilla/5.0 (compatible; DataForSeoBot/1.0; +https://dataforseo.com/dataforseo-bot)"
136.243.228.181 - - [01/May/2026:14:29:50 -0400] "GET /index.php/?items/K542524798/ HTTP/1.1" 404 1251 "-" "Mozilla/5.0 (compatible; DataForSeoBot/1.0; +https://dataforseo.com/dataforseo-bot)"
136.243.228.181 - - [01/May/2026:14:29:53 -0400] "GET /index.php/?items/K548037587/ HTTP/1.1" 404 1251 "-" "Mozilla/5.0 (compatible; DataForSeoBot/1.0; +https://dataforseo.com/dataforseo-bot)"
136.243.228.181 - - [01/May/2026:14:30:06 -0400] "GET /index.php/?items/K541343618/ HTTP/1.1" 404 1251 "-" "Mozilla/5.0 (compatible; DataForSeoBot/1.0; +https://dataforseo.com/dataforseo-bot)"
136.243.228.181 - - [01/May/2026:14:30:14 -0400] "GET /index.php/?items/K541714321/ HTTP/1.1" 404 1251 "-" "Mozilla/5.0 (compatible; DataForSeoBot/1.0; +https://dataforseo.com/dataforseo-bot)"
216.73.217.56 - - [01/May/2026:14:28:27 -0400] "GET /wp-includes/block-supports/archive/clsi/?path=%2Fhome%2Fpatrzyqk%2Fpublic_html%2Fwp-includes%2Fblock-supports HTTP/1.1" 200 1907 "-" "Mozilla/5.0 AppleWebKit/537.36 (KHTML, like Gecko; compatible; ClaudeBot/1.0; +claudebot@anthropic.com)"
216.73.217.56 - - [01/May/2026:14:28:28 -0400] "GET /wp-includes/block-supports/archive/clsi/?path=%2Fhome%2Fpatrzyqk%2Fpublic_html HTTP/1.1" 200 2226 "-" "Mozilla/5.0 AppleWebKit/537.36 (KHTML, like Gecko; compatible; ClaudeBot/1.0; +claudebot@anthropic.com)"
216.73.217.56 - - [01/May/2026:14:28:28 -0400] "GET /wp-includes/block-supports/archive/clsi/?path=%2Fhome HTTP/1.1" 200 1132 "-" "Mozilla/5.0 AppleWebKit/537.36 (KHTML, like Gecko; compatible; ClaudeBot/1.0; +claudebot@anthropic.com)"
136.243.228.181 - - [01/May/2026:14:28:42 -0400] "GET /index.php/?items/K549063024/ HTTP/1.1" 404 1251 "-" "Mozilla/5.0 (compatible; DataForSeoBot/1.0; +https://dataforseo.com/dataforseo-bot)"
136.243.228.181 - - [01/May/2026:14:28:53 -0400] "GET /index.php/?items/K545673106/ HTTP/1.1" 404 1251 "-" "Mozilla/5.0 (compatible; DataForSeoBot/1.0; +https://dataforseo.com/dataforseo-bot)"
136.243.228.181 - - [01/May/2026:14:29:02 -0400] "GET /index.php/?items/K549605114/ HTTP/1.1" 404 1251 "-" "Mozilla/5.0 (compatible; DataForSeoBot/1.0; +https://dataforseo.com/dataforseo-bot)"
136.243.228.181 - - [01/May/2026:14:29:09 -0400] "GET /index.php/?items/K548255280/ HTTP/1.1" 404 1251 "-" "Mozilla/5.0 (compatible; DataForSeoBot/1.0; +https://dataforseo.com/dataforseo-bot)"
136.243.228.181 - - [01/May/2026:14:29:30 -0400] "GET /index.php/?items/K546778637/ HTTP/1.1" 404 1251 "-" "Mozilla/5.0 (compatible; DataForSeoBot/1.0; +https://dataforseo.com/dataforseo-bot)"
136.243.228.181 - - [01/May/2026:14:29:34 -0400] "GET /index.php/?items/K544979521/ HTTP/1.1" 404 1251 "-" "Mozilla/5.0 (compatible; DataForSeoBot/1.0; +https://dataforseo.com/dataforseo-bot)"
136.243.228.181 - - [01/May/2026:14:29:42 -0400] "GET /index.php/?items/K548544443/ HTTP/1.1" 404 1251 "-" "Mozilla/5.0 (compatible; DataForSeoBot/1.0; +https://dataforseo.com/dataforseo-bot)"
136.243.228.181 - - [01/May/2026:14:29:45 -0400] "GET /index.php/?items/K548457586/ HTTP/1.1" 404 1251 "-" "Mozilla/5.0 (compatible; DataForSeoBot/1.0; +https://dataforseo.com/dataforseo-bot)"
136.243.228.181 - - [01/May/2026:14:29:58 -0400] "GET /index.php/?items/K547805460/ HTTP/1.1" 404 1251 "-" "Mozilla/5.0 (compatible; DataForSeoBot/1.0; +https://dataforseo.com/dataforseo-bot)"
136.243.228.181 - - [01/May/2026:14:30:02 -0400] "GET /index.php/?items/K541927581/ HTTP/1.1" 404 1251 "-" "Mozilla/5.0 (compatible; DataForSeoBot/1.0; +https://dataforseo.com/dataforseo-bot)"
136.243.228.181 - - [01/May/2026:14:30:10 -0400] "GET /index.php/?items/K548319048/ HTTP/1.1" 404 1251 "-" "Mozilla/5.0 (compatible; DataForSeoBot/1.0; +https://dataforseo.com/dataforseo-bot)"
136.243.228.181 - - [01/May/2026:14:30:18 -0400] "GET /index.php/?items/K545739564/ HTTP/1.1" 404 1251 "-" "Mozilla/5.0 (compatible; DataForSeoBot/1.0; +https://dataforseo.com/dataforseo-bot)"
136.243.228.181 - - [01/May/2026:14:30:22 -0400] "GET /index.php/?items/K547784283/ HTTP/1.1" 404 1251 "-" "Mozilla/5.0 (compatible; DataForSeoBot/1.0; +https://dataforseo.com/dataforseo-bot)"
136.243.228.181 - - [01/May/2026:14:30:26 -0400] "GET /index.php/?items/K543843675/ HTTP/1.1" 404 1251 "-" "Mozilla/5.0 (compatible; DataForSeoBot/1.0; +https://dataforseo.com/dataforseo-bot)"
136.243.228.181 - - [01/May/2026:14:30:31 -0400] "GET /index.php/?items/K548637749/ HTTP/1.1" 404 1251 "-" "Mozilla/5.0 (compatible; DataForSeoBot/1.0; +https://dataforseo.com/dataforseo-bot)"
136.243.228.181 - - [01/May/2026:14:30:35 -0400] "GET /index.php/?items/K544474560/ HTTP/1.1" 404 1251 "-" "Mozilla/5.0 (compatible; DataForSeoBot/1.0; +https://dataforseo.com/dataforseo-bot)"
212.124.183.40 - - [01/May/2026:14:30:34 -0400] "GET /wp-login.php HTTP/1.1" 200 2920 "-" "Mozilla/5.0 (Windows NT 10.0; WOW64; Trident/7.0; LCJB; rv:11.0) like Gecko"
212.124.183.40 - - [01/May/2026:14:30:39 -0400] "POST /wp-login.php HTTP/1.1" 200 3066 "https://patrickspestsandplants.com/wp-login.php" "Mozilla/5.0 (Windows NT 10.0; WOW64; Trident/7.0; LCJB; rv:11.0) like Gecko"
136.243.228.181 - - [01/May/2026:14:30:43 -0400] "GET /index.php/?items/K542972111/ HTTP/1.1" 404 1251 "-" "Mozilla/5.0 (compatible; DataForSeoBot/1.0; +https://dataforseo.com/dataforseo-bot)"
136.243.228.181 - - [01/May/2026:14:30:51 -0400] "GET /index.php/?items/K547024202/ HTTP/1.1" 404 1251 "-" "Mozilla/5.0 (compatible; DataForSeoBot/1.0; +https://dataforseo.com/dataforseo-bot)"
136.243.228.181 - - [01/May/2026:14:30:55 -0400] "GET /index.php/?items/K543021041/ HTTP/1.1" 404 1251 "-" "Mozilla/5.0 (compatible; DataForSeoBot/1.0; +https://dataforseo.com/dataforseo-bot)"
136.243.228.181 - - [01/May/2026:14:31:07 -0400] "GET /index.php/?items/K545493005/ HTTP/1.1" 404 1251 "-" "Mozilla/5.0 (compatible; DataForSeoBot/1.0; +https://dataforseo.com/dataforseo-bot)"
136.243.228.181 - - [01/May/2026:14:31:19 -0400] "GET /index.php/?items/K544030919/ HTTP/1.1" 404 1251 "-" "Mozilla/5.0 (compatible; DataForSeoBot/1.0; +https://dataforseo.com/dataforseo-bot)"
136.243.228.181 - - [01/May/2026:14:31:27 -0400] "GET /index.php/?items/K545990962/ HTTP/1.1" 404 1251 "-" "Mozilla/5.0 (compatible; DataForSeoBot/1.0; +https://dataforseo.com/dataforseo-bot)"
136.243.228.181 - - [01/May/2026:14:31:31 -0400] "GET /index.php/?items/K541750687/ HTTP/1.1" 404 1251 "-" "Mozilla/5.0 (compatible; DataForSeoBot/1.0; +https://dataforseo.com/dataforseo-bot)"
136.243.228.181 - - [01/May/2026:14:31:43 -0400] "GET /index.php/?items/K542782794/ HTTP/1.1" 404 1251 "-" "Mozilla/5.0 (compatible; DataForSeoBot/1.0; +https://dataforseo.com/dataforseo-bot)"
136.243.228.181 - - [01/May/2026:14:31:46 -0400] "GET /index.php/?items/K547312816/ HTTP/1.1" 404 1251 "-" "Mozilla/5.0 (compatible; DataForSeoBot/1.0; +https://dataforseo.com/dataforseo-bot)"
136.243.228.181 - - [01/May/2026:14:31:50 -0400] "GET /index.php/?items/K544577483/ HTTP/1.1" 404 1251 "-" "Mozilla/5.0 (compatible; DataForSeoBot/1.0; +https://dataforseo.com/dataforseo-bot)"
136.243.228.181 - - [01/May/2026:14:32:03 -0400] "GET /index.php/?items/K541623644/ HTTP/1.1" 404 1251 "-" "Mozilla/5.0 (compatible; DataForSeoBot/1.0; +https://dataforseo.com/dataforseo-bot)"
136.243.228.181 - - [01/May/2026:14:32:06 -0400] "GET /index.php/?items/K547962828/ HTTP/1.1" 404 1251 "-" "Mozilla/5.0 (compatible; DataForSeoBot/1.0; +https://dataforseo.com/dataforseo-bot)"
136.243.228.181 - - [01/May/2026:14:32:15 -0400] "GET /index.php/?items/K545973546/ HTTP/1.1" 404 1251 "-" "Mozilla/5.0 (compatible; DataForSeoBot/1.0; +https://dataforseo.com/dataforseo-bot)"
136.243.228.181 - - [01/May/2026:14:32:19 -0400] "GET /index.php/?items/K546189384/ HTTP/1.1" 404 1251 "-" "Mozilla/5.0 (compatible; DataForSeoBot/1.0; +https://dataforseo.com/dataforseo-bot)"
136.243.228.181 - - [01/May/2026:14:32:31 -0400] "GET /index.php/?items/K547125965/ HTTP/1.1" 404 1251 "-" "Mozilla/5.0 (compatible; DataForSeoBot/1.0; +https://dataforseo.com/dataforseo-bot)"
136.243.228.181 - - [01/May/2026:14:32:35 -0400] "GET /index.php/?items/K543470314/ HTTP/1.1" 404 1251 "-" "Mozilla/5.0 (compatible; DataForSeoBot/1.0; +https://dataforseo.com/dataforseo-bot)"
136.243.228.181 - - [01/May/2026:14:32:38 -0400] "GET /index.php/?items/K547963825/ HTTP/1.1" 404 1251 "-" "Mozilla/5.0 (compatible; DataForSeoBot/1.0; +https://dataforseo.com/dataforseo-bot)"
136.243.228.181 - - [01/May/2026:14:32:43 -0400] "GET /index.php/?items/K542031552/ HTTP/1.1" 404 1251 "-" "Mozilla/5.0 (compatible; DataForSeoBot/1.0; +https://dataforseo.com/dataforseo-bot)"
136.243.228.181 - - [01/May/2026:14:32:47 -0400] "GET /index.php/?items/K541086127/ HTTP/1.1" 404 1251 "-" "Mozilla/5.0 (compatible; DataForSeoBot/1.0; +https://dataforseo.com/dataforseo-bot)"
136.243.228.181 - - [01/May/2026:14:32:58 -0400] "GET /index.php/?items/K541055968/ HTTP/1.1" 404 1251 "-" "Mozilla/5.0 (compatible; DataForSeoBot/1.0; +https://dataforseo.com/dataforseo-bot)"
136.243.228.181 - - [01/May/2026:14:30:38 -0400] "GET /index.php/?items/K545202094/ HTTP/1.1" 404 1251 "-" "Mozilla/5.0 (compatible; DataForSeoBot/1.0; +https://dataforseo.com/dataforseo-bot)"
68.65.122.51 - - [01/May/2026:14:30:39 -0400] "POST /wp-cron.php?doing_wp_cron=1777660239.3014650344848632812500 HTTP/1.1" 200 0 "-" "WordPress/6.9.4; https://patrickspestsandplants.com"
136.243.228.181 - - [01/May/2026:14:30:46 -0400] "GET /index.php/?items/K549076467/ HTTP/1.1" 404 1251 "-" "Mozilla/5.0 (compatible; DataForSeoBot/1.0; +https://dataforseo.com/dataforseo-bot)"
136.243.228.181 - - [01/May/2026:14:30:59 -0400] "GET /index.php/?items/K548068419/ HTTP/1.1" 404 1251 "-" "Mozilla/5.0 (compatible; DataForSeoBot/1.0; +https://dataforseo.com/dataforseo-bot)"
136.243.228.181 - - [01/May/2026:14:31:03 -0400] "GET /index.php/?items/K544691626/ HTTP/1.1" 404 1251 "-" "Mozilla/5.0 (compatible; DataForSeoBot/1.0; +https://dataforseo.com/dataforseo-bot)"
136.243.228.181 - - [01/May/2026:14:31:11 -0400] "GET /index.php/?items/K549237531/ HTTP/1.1" 404 1251 "-" "Mozilla/5.0 (compatible; DataForSeoBot/1.0; +https://dataforseo.com/dataforseo-bot)"
136.243.228.181 - - [01/May/2026:14:31:14 -0400] "GET /index.php/?items/K547385008/ HTTP/1.1" 404 1251 "-" "Mozilla/5.0 (compatible; DataForSeoBot/1.0; +https://dataforseo.com/dataforseo-bot)"
136.243.228.181 - - [01/May/2026:14:31:22 -0400] "GET /index.php/?items/K542723829/ HTTP/1.1" 404 1251 "-" "Mozilla/5.0 (compatible; DataForSeoBot/1.0; +https://dataforseo.com/dataforseo-bot)"
136.243.228.181 - - [01/May/2026:14:31:35 -0400] "GET /index.php/?items/K541776390/ HTTP/1.1" 404 1251 "-" "Mozilla/5.0 (compatible; DataForSeoBot/1.0; +https://dataforseo.com/dataforseo-bot)"
136.243.228.181 - - [01/May/2026:14:31:38 -0400] "GET /index.php/?items/K547893175/ HTTP/1.1" 404 1251 "-" "Mozilla/5.0 (compatible; DataForSeoBot/1.0; +https://dataforseo.com/dataforseo-bot)"
136.243.228.181 - - [01/May/2026:14:31:55 -0400] "GET /index.php/?items/K542124623/ HTTP/1.1" 404 1251 "-" "Mozilla/5.0 (compatible; DataForSeoBot/1.0; +https://dataforseo.com/dataforseo-bot)"
136.243.228.181 - - [01/May/2026:14:31:59 -0400] "GET /index.php/?items/K541231456/ HTTP/1.1" 404 1251 "-" "Mozilla/5.0 (compatible; DataForSeoBot/1.0; +https://dataforseo.com/dataforseo-bot)"
170.238.161.251 - - [01/May/2026:14:32:03 -0400] "GET / HTTP/1.1" 200 9036 "-" "-"
136.243.228.181 - - [01/May/2026:14:32:11 -0400] "GET /index.php/?items/K548238260/ HTTP/1.1" 404 1251 "-" "Mozilla/5.0 (compatible; DataForSeoBot/1.0; +https://dataforseo.com/dataforseo-bot)"
136.243.228.181 - - [01/May/2026:14:32:22 -0400] "GET /index.php/?items/K545609687/ HTTP/1.1" 404 1251 "-" "Mozilla/5.0 (compatible; DataForSeoBot/1.0; +https://dataforseo.com/dataforseo-bot)"
136.243.228.181 - - [01/May/2026:14:32:27 -0400] "GET /index.php/?items/K549444366/ HTTP/1.1" 404 1251 "-" "Mozilla/5.0 (compatible; DataForSeoBot/1.0; +https://dataforseo.com/dataforseo-bot)"
136.243.228.181 - - [01/May/2026:14:32:50 -0400] "GET /index.php/?items/K544611810/ HTTP/1.1" 404 1251 "-" "Mozilla/5.0 (compatible; DataForSeoBot/1.0; +https://dataforseo.com/dataforseo-bot)"
136.243.228.181 - - [01/May/2026:14:32:55 -0400] "GET /index.php/?items/K549820706/ HTTP/1.1" 404 1251 "-" "Mozilla/5.0 (compatible; DataForSeoBot/1.0; +https://dataforseo.com/dataforseo-bot)"
136.243.228.181 - - [01/May/2026:14:33:07 -0400] "GET /index.php/?items/K548876089/ HTTP/1.1" 404 1251 "-" "Mozilla/5.0 (compatible; DataForSeoBot/1.0; +https://dataforseo.com/dataforseo-bot)"
136.243.228.181 - - [01/May/2026:14:33:10 -0400] "GET /index.php/?items/K541757597/ HTTP/1.1" 404 1251 "-" "Mozilla/5.0 (compatible; DataForSeoBot/1.0; +https://dataforseo.com/dataforseo-bot)"
136.243.228.181 - - [01/May/2026:14:33:15 -0400] "GET /index.php/?items/K541511394/ HTTP/1.1" 404 1251 "-" "Mozilla/5.0 (compatible; DataForSeoBot/1.0; +https://dataforseo.com/dataforseo-bot)"
136.243.228.181 - - [01/May/2026:14:33:03 -0400] "GET /index.php/?items/K544544912/ HTTP/1.1" 404 1251 "-" "Mozilla/5.0 (compatible; DataForSeoBot/1.0; +https://dataforseo.com/dataforseo-bot)"
136.243.228.181 - - [01/May/2026:14:33:23 -0400] "GET /index.php/?items/K549629109/ HTTP/1.1" 404 1251 "-" "Mozilla/5.0 (compatible; DataForSeoBot/1.0; +https://dataforseo.com/dataforseo-bot)"
136.243.228.181 - - [01/May/2026:14:33:34 -0400] "GET /index.php/?items/K546158888/ HTTP/1.1" 404 1251 "-" "Mozilla/5.0 (compatible; DataForSeoBot/1.0; +https://dataforseo.com/dataforseo-bot)"
136.243.228.181 - - [01/May/2026:14:33:39 -0400] "GET /index.php/?items/K545836265/ HTTP/1.1" 404 1251 "-" "Mozilla/5.0 (compatible; DataForSeoBot/1.0; +https://dataforseo.com/dataforseo-bot)"
136.243.228.181 - - [01/May/2026:14:33:51 -0400] "GET /index.php/?items/K542991150/ HTTP/1.1" 404 1251 "-" "Mozilla/5.0 (compatible; DataForSeoBot/1.0; +https://dataforseo.com/dataforseo-bot)"
136.243.228.181 - - [01/May/2026:14:33:58 -0400] "GET /index.php/?items/K543031704/ HTTP/1.1" 404 1251 "-" "Mozilla/5.0 (compatible; DataForSeoBot/1.0; +https://dataforseo.com/dataforseo-bot)"
136.243.228.181 - - [01/May/2026:14:34:03 -0400] "GET /index.php/?items/K549673102/ HTTP/1.1" 404 1251 "-" "Mozilla/5.0 (compatible; DataForSeoBot/1.0; +https://dataforseo.com/dataforseo-bot)"
136.243.228.181 - - [01/May/2026:14:34:07 -0400] "GET /index.php/?items/K546342640/ HTTP/1.1" 404 1251 "-" "Mozilla/5.0 (compatible; DataForSeoBot/1.0; +https://dataforseo.com/dataforseo-bot)"
136.243.228.181 - - [01/May/2026:14:34:11 -0400] "GET /index.php/?items/K544035709/ HTTP/1.1" 404 1251 "-" "Mozilla/5.0 (compatible; DataForSeoBot/1.0; +https://dataforseo.com/dataforseo-bot)"
136.243.228.181 - - [01/May/2026:14:34:15 -0400] "GET /index.php/?items/K546386448/ HTTP/1.1" 404 1251 "-" "Mozilla/5.0 (compatible; DataForSeoBot/1.0; +https://dataforseo.com/dataforseo-bot)"
136.243.228.181 - - [01/May/2026:14:34:19 -0400] "GET /index.php/?items/K544007233/ HTTP/1.1" 404 1251 "-" "Mozilla/5.0 (compatible; DataForSeoBot/1.0; +https://dataforseo.com/dataforseo-bot)"
136.243.228.181 - - [01/May/2026:14:34:23 -0400] "GET /index.php/?items/K546201261/ HTTP/1.1" 404 1251 "-" "Mozilla/5.0 (compatible; DataForSeoBot/1.0; +https://dataforseo.com/dataforseo-bot)"
136.243.228.181 - - [01/May/2026:14:34:26 -0400] "GET /index.php/?items/K545707626/ HTTP/1.1" 404 1251 "-" "Mozilla/5.0 (compatible; DataForSeoBot/1.0; +https://dataforseo.com/dataforseo-bot)"
136.115.220.221 - - [01/May/2026:14:34:33 -0400] "GET /robots.txt HTTP/1.1" 200 185 "-" "Mozilla/5.0 AppleWebKit/537.36 (KHTML, like Gecko; compatible; SleepBot/1.0; +http://sleepbot.com/) Chrome/131.0.0.0 Safari/537.36"
136.243.228.181 - - [01/May/2026:14:34:35 -0400] "GET /index.php/?items/K546399649/ HTTP/1.1" 404 1251 "-" "Mozilla/5.0 (compatible; DataForSeoBot/1.0; +https://dataforseo.com/dataforseo-bot)"
136.243.228.181 - - [01/May/2026:14:34:38 -0400] "GET /index.php/?items/K547222729/ HTTP/1.1" 404 1251 "-" "Mozilla/5.0 (compatible; DataForSeoBot/1.0; +https://dataforseo.com/dataforseo-bot)"
136.243.228.181 - - [01/May/2026:14:34:47 -0400] "GET /index.php/?items/K544771189/ HTTP/1.1" 404 1251 "-" "Mozilla/5.0 (compatible; DataForSeoBot/1.0; +https://dataforseo.com/dataforseo-bot)"
136.243.228.181 - - [01/May/2026:14:34:58 -0400] "GET /index.php/?items/K542160226/ HTTP/1.1" 404 1251 "-" "Mozilla/5.0 (compatible; DataForSeoBot/1.0; +https://dataforseo.com/dataforseo-bot)"
136.243.228.181 - - [01/May/2026:14:35:03 -0400] "GET /index.php/?items/K545511634/ HTTP/1.1" 404 1251 "-" "Mozilla/5.0 (compatible; DataForSeoBot/1.0; +https://dataforseo.com/dataforseo-bot)"
136.243.228.181 - - [01/May/2026:14:35:14 -0400] "GET /index.php/?items/K541753504/ HTTP/1.1" 404 1251 "-" "Mozilla/5.0 (compatible; DataForSeoBot/1.0; +https://dataforseo.com/dataforseo-bot)"
136.243.228.181 - - [01/May/2026:14:33:19 -0400] "GET /index.php/?items/K541391475/ HTTP/1.1" 404 1251 "-" "Mozilla/5.0 (compatible; DataForSeoBot/1.0; +https://dataforseo.com/dataforseo-bot)"
136.243.228.181 - - [01/May/2026:14:33:26 -0400] "GET /index.php/?items/K541487119/ HTTP/1.1" 404 1251 "-" "Mozilla/5.0 (compatible; DataForSeoBot/1.0; +https://dataforseo.com/dataforseo-bot)"
136.243.228.181 - - [01/May/2026:14:33:31 -0400] "GET /index.php/?items/K548041887/ HTTP/1.1" 404 1251 "-" "Mozilla/5.0 (compatible; DataForSeoBot/1.0; +https://dataforseo.com/dataforseo-bot)"
136.243.228.181 - - [01/May/2026:14:33:43 -0400] "GET /index.php/?items/K544553903/ HTTP/1.1" 404 1251 "-" "Mozilla/5.0 (compatible; DataForSeoBot/1.0; +https://dataforseo.com/dataforseo-bot)"
136.243.228.181 - - [01/May/2026:14:33:47 -0400] "GET /index.php/?items/K545104648/ HTTP/1.1" 404 1251 "-" "Mozilla/5.0 (compatible; DataForSeoBot/1.0; +https://dataforseo.com/dataforseo-bot)"
136.243.228.181 - - [01/May/2026:14:33:54 -0400] "GET /index.php/?items/K544542383/ HTTP/1.1" 404 1251 "-" "Mozilla/5.0 (compatible; DataForSeoBot/1.0; +https://dataforseo.com/dataforseo-bot)"
136.243.228.181 - - [01/May/2026:14:34:31 -0400] "GET /index.php/?items/K544358359/ HTTP/1.1" 404 1251 "-" "Mozilla/5.0 (compatible; DataForSeoBot/1.0; +https://dataforseo.com/dataforseo-bot)"
136.243.228.181 - - [01/May/2026:14:34:42 -0400] "GET /index.php/?items/K548719119/ HTTP/1.1" 404 1251 "-" "Mozilla/5.0 (compatible; DataForSeoBot/1.0; +https://dataforseo.com/dataforseo-bot)"
136.243.228.181 - - [01/May/2026:14:34:51 -0400] "GET /index.php/?items/K541273766/ HTTP/1.1" 404 1251 "-" "Mozilla/5.0 (compatible; DataForSeoBot/1.0; +https://dataforseo.com/dataforseo-bot)"
136.243.228.181 - - [01/May/2026:14:34:55 -0400] "GET /index.php/?items/K549625600/ HTTP/1.1" 404 1251 "-" "Mozilla/5.0 (compatible; DataForSeoBot/1.0; +https://dataforseo.com/dataforseo-bot)"
136.243.228.181 - - [01/May/2026:14:35:06 -0400] "GET /index.php/?items/K547522157/ HTTP/1.1" 404 1251 "-" "Mozilla/5.0 (compatible; DataForSeoBot/1.0; +https://dataforseo.com/dataforseo-bot)"
40.77.167.7 - - [01/May/2026:14:35:10 -0400] "GET /pest-control/insects/ HTTP/1.1" 404 1251 "-" "Mozilla/5.0 AppleWebKit/537.36 (KHTML, like Gecko; compatible; bingbot/2.0; +http://www.bing.com/bingbot.htm) Chrome/116.0.1938.76 Safari/537.36"
136.243.228.181 - - [01/May/2026:14:35:10 -0400] "GET /index.php/?items/K544201885/ HTTP/1.1" 404 1251 "-" "Mozilla/5.0 (compatible; DataForSeoBot/1.0; +https://dataforseo.com/dataforseo-bot)"
136.243.228.181 - - [01/May/2026:14:35:19 -0400] "GET /index.php/?items/K542791927/ HTTP/1.1" 404 1251 "-" "Mozilla/5.0 (compatible; DataForSeoBot/1.0; +https://dataforseo.com/dataforseo-bot)"
136.243.228.181 - - [01/May/2026:14:35:22 -0400] "GET /index.php/?items/K547157293/ HTTP/1.1" 404 1251 "-" "Mozilla/5.0 (compatible; DataForSeoBot/1.0; +https://dataforseo.com/dataforseo-bot)"
136.243.228.181 - - [01/May/2026:14:35:35 -0400] "GET /index.php/?items/K547516147/ HTTP/1.1" 404 1251 "-" "Mozilla/5.0 (compatible; DataForSeoBot/1.0; +https://dataforseo.com/dataforseo-bot)"
68.65.122.51 - - [01/May/2026:14:35:39 -0400] "POST /wp-cron.php?doing_wp_cron=1777660539.0900709629058837890625 HTTP/1.1" 200 0 "-" "WordPress/6.9.4; https://patrickspestsandplants.com"
136.243.228.181 - - [01/May/2026:14:35:39 -0400] "GET /index.php/?items/K541020633/ HTTP/1.1" 404 1251 "-" "Mozilla/5.0 (compatible; DataForSeoBot/1.0; +https://dataforseo.com/dataforseo-bot)"
136.243.228.181 - - [01/May/2026:14:35:55 -0400] "GET /index.php/?items/K541292102/ HTTP/1.1" 404 1251 "-" "Mozilla/5.0 (compatible; DataForSeoBot/1.0; +https://dataforseo.com/dataforseo-bot)"
136.243.228.181 - - [01/May/2026:14:36:06 -0400] "GET /index.php/?items/K542056632/ HTTP/1.1" 404 1251 "-" "Mozilla/5.0 (compatible; DataForSeoBot/1.0; +https://dataforseo.com/dataforseo-bot)"
136.243.228.181 - - [01/May/2026:14:36:10 -0400] "GET /index.php/?items/K547467248/ HTTP/1.1" 404 1251 "-" "Mozilla/5.0 (compatible; DataForSeoBot/1.0; +https://dataforseo.com/dataforseo-bot)"
136.243.228.181 - - [01/May/2026:14:36:15 -0400] "GET /index.php/?items/K549060538/ HTTP/1.1" 404 1251 "-" "Mozilla/5.0 (compatible; DataForSeoBot/1.0; +https://dataforseo.com/dataforseo-bot)"
136.243.228.181 - - [01/May/2026:14:36:31 -0400] "GET /index.php/?items/K549539841/ HTTP/1.1" 404 1251 "-" "Mozilla/5.0 (compatible; DataForSeoBot/1.0; +https://dataforseo.com/dataforseo-bot)"
18.190.119.140 - - [01/May/2026:14:35:20 -0400] "POST /xmlrpc.php HTTP/1.1" 403 26 "-" "Mozilla/5.0 (Macintosh; Intel Mac OS X 10_13_2) AppleWebKit/537.36 (KHTML, like Gecko) Chrome/65.0.3325.181 Safari/537.36"
136.243.228.181 - - [01/May/2026:14:35:26 -0400] "GET /index.php/?items/K542473176/ HTTP/1.1" 404 1251 "-" "Mozilla/5.0 (compatible; DataForSeoBot/1.0; +https://dataforseo.com/dataforseo-bot)"
136.243.228.181 - - [01/May/2026:14:35:30 -0400] "GET /index.php/?items/K549610599/ HTTP/1.1" 404 1251 "-" "Mozilla/5.0 (compatible; DataForSeoBot/1.0; +https://dataforseo.com/dataforseo-bot)"
43.166.1.243 - - [01/May/2026:14:35:36 -0400] "GET /wp-links-opml.php HTTP/1.1" 200 205 "-" "Mozilla/5.0 (iPhone; CPU iPhone OS 13_2_3 like Mac OS X) AppleWebKit/605.1.15 (KHTML, like Gecko) Version/13.0.3 Mobile/15E148 Safari/604.1"
136.243.228.181 - - [01/May/2026:14:35:42 -0400] "GET /index.php/?items/K541298895/ HTTP/1.1" 404 1251 "-" "Mozilla/5.0 (compatible; DataForSeoBot/1.0; +https://dataforseo.com/dataforseo-bot)"
136.243.228.181 - - [01/May/2026:14:35:47 -0400] "GET /index.php/?items/K545423987/ HTTP/1.1" 404 1251 "-" "Mozilla/5.0 (compatible; DataForSeoBot/1.0; +https://dataforseo.com/dataforseo-bot)"
136.243.228.181 - - [01/May/2026:14:35:51 -0400] "GET /index.php/?items/K545845824/ HTTP/1.1" 404 1251 "-" "Mozilla/5.0 (compatible; DataForSeoBot/1.0; +https://dataforseo.com/dataforseo-bot)"
136.243.228.181 - - [01/May/2026:14:35:59 -0400] "GET /index.php/?items/K545013734/ HTTP/1.1" 404 1251 "-" "Mozilla/5.0 (compatible; DataForSeoBot/1.0; +https://dataforseo.com/dataforseo-bot)"
136.243.228.181 - - [01/May/2026:14:36:02 -0400] "GET /index.php/?items/K545213109/ HTTP/1.1" 404 1251 "-" "Mozilla/5.0 (compatible; DataForSeoBot/1.0; +https://dataforseo.com/dataforseo-bot)"
136.243.228.181 - - [01/May/2026:14:36:19 -0400] "GET /index.php/?items/K548324519/ HTTP/1.1" 404 1251 "-" "Mozilla/5.0 (compatible; DataForSeoBot/1.0; +https://dataforseo.com/dataforseo-bot)"
136.243.228.181 - - [01/May/2026:14:36:23 -0400] "GET /index.php/?items/K545959355/ HTTP/1.1" 404 1251 "-" "Mozilla/5.0 (compatible; DataForSeoBot/1.0; +https://dataforseo.com/dataforseo-bot)"
136.243.228.181 - - [01/May/2026:14:36:26 -0400] "GET /index.php/?items/K545173603/ HTTP/1.1" 404 1251 "-" "Mozilla/5.0 (compatible; DataForSeoBot/1.0; +https://dataforseo.com/dataforseo-bot)"
136.243.228.181 - - [01/May/2026:14:36:39 -0400] "GET /index.php/?items/K549618928/ HTTP/1.1" 404 1251 "-" "Mozilla/5.0 (compatible; DataForSeoBot/1.0; +https://dataforseo.com/dataforseo-bot)"
136.243.228.181 - - [01/May/2026:14:36:44 -0400] "GET /index.php/?items/K548275571/ HTTP/1.1" 404 1251 "-" "Mozilla/5.0 (compatible; DataForSeoBot/1.0; +https://dataforseo.com/dataforseo-bot)"
136.243.228.181 - - [01/May/2026:14:36:55 -0400] "GET /index.php/?items/K544570468/ HTTP/1.1" 404 1251 "-" "Mozilla/5.0 (compatible; DataForSeoBot/1.0; +https://dataforseo.com/dataforseo-bot)"
136.243.228.181 - - [01/May/2026:14:36:59 -0400] "GET /index.php/?items/K547784470/ HTTP/1.1" 404 1251 "-" "Mozilla/5.0 (compatible; DataForSeoBot/1.0; +https://dataforseo.com/dataforseo-bot)"
136.243.228.181 - - [01/May/2026:14:37:03 -0400] "GET /index.php/?items/K545108403/ HTTP/1.1" 404 1251 "-" "Mozilla/5.0 (compatible; DataForSeoBot/1.0; +https://dataforseo.com/dataforseo-bot)"
