136.243.228.181 - - [01/May/2026:13:09:44 -0400] "GET /index.php/?items/K541833333/ HTTP/1.1" 404 1251 "-" "Mozilla/5.0 (compatible; DataForSeoBot/1.0; +https://dataforseo.com/dataforseo-bot)"
136.243.228.181 - - [01/May/2026:13:09:49 -0400] "GET /index.php/?items/K547583773/ HTTP/1.1" 404 1251 "-" "Mozilla/5.0 (compatible; DataForSeoBot/1.0; +https://dataforseo.com/dataforseo-bot)"
136.243.228.181 - - [01/May/2026:13:09:59 -0400] "GET /index.php/?items/K547260977/ HTTP/1.1" 404 1251 "-" "Mozilla/5.0 (compatible; DataForSeoBot/1.0; +https://dataforseo.com/dataforseo-bot)"
136.243.228.181 - - [01/May/2026:13:10:03 -0400] "GET /index.php/?items/K543739810/ HTTP/1.1" 404 1251 "-" "Mozilla/5.0 (compatible; DataForSeoBot/1.0; +https://dataforseo.com/dataforseo-bot)"
136.243.228.181 - - [01/May/2026:13:10:07 -0400] "GET /index.php/?items/K542449757/ HTTP/1.1" 404 1251 "-" "Mozilla/5.0 (compatible; DataForSeoBot/1.0; +https://dataforseo.com/dataforseo-bot)"
136.243.228.181 - - [01/May/2026:13:10:11 -0400] "GET /index.php/?items/K542930712/ HTTP/1.1" 404 1251 "-" "Mozilla/5.0 (compatible; DataForSeoBot/1.0; +https://dataforseo.com/dataforseo-bot)"
136.243.228.181 - - [01/May/2026:13:10:19 -0400] "GET /index.php/?items/K548790449/ HTTP/1.1" 404 1251 "-" "Mozilla/5.0 (compatible; DataForSeoBot/1.0; +https://dataforseo.com/dataforseo-bot)"
136.243.228.181 - - [01/May/2026:13:08:11 -0400] "GET /index.php/?items/K546471743/ HTTP/1.1" 404 1251 "-" "Mozilla/5.0 (compatible; DataForSeoBot/1.0; +https://dataforseo.com/dataforseo-bot)"
136.243.228.181 - - [01/May/2026:13:08:15 -0400] "GET /index.php/?items/K548104542/ HTTP/1.1" 404 1251 "-" "Mozilla/5.0 (compatible; DataForSeoBot/1.0; +https://dataforseo.com/dataforseo-bot)"
136.243.228.181 - - [01/May/2026:13:08:19 -0400] "GET /index.php/?items/K545807221/ HTTP/1.1" 404 1251 "-" "Mozilla/5.0 (compatible; DataForSeoBot/1.0; +https://dataforseo.com/dataforseo-bot)"
216.73.217.56 - - [01/May/2026:13:08:21 -0400] "GET /wp-includes/block-supports/archive/clsi/ HTTP/1.1" 200 1223 "-" "Mozilla/5.0 AppleWebKit/537.36 (KHTML, like Gecko; compatible; ClaudeBot/1.0; +claudebot@anthropic.com)"
136.243.228.181 - - [01/May/2026:13:08:27 -0400] "GET /index.php/?items/K548616070/ HTTP/1.1" 404 1251 "-" "Mozilla/5.0 (compatible; DataForSeoBot/1.0; +https://dataforseo.com/dataforseo-bot)"
52.167.144.173 - - [01/May/2026:13:08:32 -0400] "GET /product/brother-innov-is-a150 HTTP/1.1" 404 1251 "-" "Mozilla/5.0 AppleWebKit/537.36 (KHTML, like Gecko; compatible; bingbot/2.0; +http://www.bing.com/bingbot.htm) Chrome/116.0.1938.76 Safari/537.36"
136.243.228.181 - - [01/May/2026:13:08:40 -0400] "GET /index.php/?items/K547549043/ HTTP/1.1" 404 1251 "-" "Mozilla/5.0 (compatible; DataForSeoBot/1.0; +https://dataforseo.com/dataforseo-bot)"
136.243.228.181 - - [01/May/2026:13:08:53 -0400] "GET /index.php/?items/K545354796/ HTTP/1.1" 404 1251 "-" "Mozilla/5.0 (compatible; DataForSeoBot/1.0; +https://dataforseo.com/dataforseo-bot)"
136.243.228.181 - - [01/May/2026:13:09:02 -0400] "GET /index.php/?items/K544175808/ HTTP/1.1" 404 1251 "-" "Mozilla/5.0 (compatible; DataForSeoBot/1.0; +https://dataforseo.com/dataforseo-bot)"
136.243.228.181 - - [01/May/2026:13:09:07 -0400] "GET /index.php/?items/K549063278/ HTTP/1.1" 404 1251 "-" "Mozilla/5.0 (compatible; DataForSeoBot/1.0; +https://dataforseo.com/dataforseo-bot)"
136.243.228.181 - - [01/May/2026:13:09:11 -0400] "GET /index.php/?items/K546553753/ HTTP/1.1" 404 1251 "-" "Mozilla/5.0 (compatible; DataForSeoBot/1.0; +https://dataforseo.com/dataforseo-bot)"
136.243.228.181 - - [01/May/2026:13:09:27 -0400] "GET /index.php/?items/K545753891/ HTTP/1.1" 404 1251 "-" "Mozilla/5.0 (compatible; DataForSeoBot/1.0; +https://dataforseo.com/dataforseo-bot)"
136.243.228.181 - - [01/May/2026:13:09:35 -0400] "GET /index.php/?items/K545221164/ HTTP/1.1" 404 1251 "-" "Mozilla/5.0 (compatible; DataForSeoBot/1.0; +https://dataforseo.com/dataforseo-bot)"
136.243.228.181 - - [01/May/2026:13:09:55 -0400] "GET /index.php/?items/K546654130/ HTTP/1.1" 404 1251 "-" "Mozilla/5.0 (compatible; DataForSeoBot/1.0; +https://dataforseo.com/dataforseo-bot)"
136.243.228.181 - - [01/May/2026:13:10:15 -0400] "GET /index.php/?items/K541336360/ HTTP/1.1" 404 1251 "-" "Mozilla/5.0 (compatible; DataForSeoBot/1.0; +https://dataforseo.com/dataforseo-bot)"
136.243.228.181 - - [01/May/2026:13:10:24 -0400] "GET /index.php/?items/K549378377/ HTTP/1.1" 404 1251 "-" "Mozilla/5.0 (compatible; DataForSeoBot/1.0; +https://dataforseo.com/dataforseo-bot)"
136.243.228.181 - - [01/May/2026:13:10:33 -0400] "GET /index.php/?items/K548479921/ HTTP/1.1" 404 1251 "-" "Mozilla/5.0 (compatible; DataForSeoBot/1.0; +https://dataforseo.com/dataforseo-bot)"
136.243.228.181 - - [01/May/2026:13:10:38 -0400] "GET /index.php/?items/K546322249/ HTTP/1.1" 404 1251 "-" "Mozilla/5.0 (compatible; DataForSeoBot/1.0; +https://dataforseo.com/dataforseo-bot)"
136.243.228.181 - - [01/May/2026:13:10:52 -0400] "GET /index.php/?items/K546395405/ HTTP/1.1" 404 1251 "-" "Mozilla/5.0 (compatible; DataForSeoBot/1.0; +https://dataforseo.com/dataforseo-bot)"
136.243.228.181 - - [01/May/2026:13:11:00 -0400] "GET /index.php/?items/K546903453/ HTTP/1.1" 404 1251 "-" "Mozilla/5.0 (compatible; DataForSeoBot/1.0; +https://dataforseo.com/dataforseo-bot)"
136.243.228.181 - - [01/May/2026:13:11:04 -0400] "GET /index.php/?items/K545455769/ HTTP/1.1" 404 1251 "-" "Mozilla/5.0 (compatible; DataForSeoBot/1.0; +https://dataforseo.com/dataforseo-bot)"
136.243.228.181 - - [01/May/2026:13:11:08 -0400] "GET /index.php/?items/K546334733/ HTTP/1.1" 404 1251 "-" "Mozilla/5.0 (compatible; DataForSeoBot/1.0; +https://dataforseo.com/dataforseo-bot)"
136.243.228.181 - - [01/May/2026:13:11:16 -0400] "GET /index.php/?items/K544336546/ HTTP/1.1" 404 1251 "-" "Mozilla/5.0 (compatible; DataForSeoBot/1.0; +https://dataforseo.com/dataforseo-bot)"
136.243.228.181 - - [01/May/2026:13:11:21 -0400] "GET /index.php/?items/K545356748/ HTTP/1.1" 404 1251 "-" "Mozilla/5.0 (compatible; DataForSeoBot/1.0; +https://dataforseo.com/dataforseo-bot)"
136.243.228.181 - - [01/May/2026:13:11:26 -0400] "GET /index.php/?items/K549543412/ HTTP/1.1" 404 1251 "-" "Mozilla/5.0 (compatible; DataForSeoBot/1.0; +https://dataforseo.com/dataforseo-bot)"
136.243.228.181 - - [01/May/2026:13:11:30 -0400] "GET /index.php/?items/K549202280/ HTTP/1.1" 404 1251 "-" "Mozilla/5.0 (compatible; DataForSeoBot/1.0; +https://dataforseo.com/dataforseo-bot)"
136.243.228.181 - - [01/May/2026:13:11:34 -0400] "GET /index.php/?items/K544515930/ HTTP/1.1" 404 1251 "-" "Mozilla/5.0 (compatible; DataForSeoBot/1.0; +https://dataforseo.com/dataforseo-bot)"
136.243.228.181 - - [01/May/2026:13:11:47 -0400] "GET /index.php/?items/K542513096/ HTTP/1.1" 404 1251 "-" "Mozilla/5.0 (compatible; DataForSeoBot/1.0; +https://dataforseo.com/dataforseo-bot)"
136.243.228.181 - - [01/May/2026:13:12:03 -0400] "GET /index.php/?items/K546422577/ HTTP/1.1" 404 1251 "-" "Mozilla/5.0 (compatible; DataForSeoBot/1.0; +https://dataforseo.com/dataforseo-bot)"
136.243.228.181 - - [01/May/2026:13:12:07 -0400] "GET /index.php/?items/K541530910/ HTTP/1.1" 404 1251 "-" "Mozilla/5.0 (compatible; DataForSeoBot/1.0; +https://dataforseo.com/dataforseo-bot)"
136.243.228.181 - - [01/May/2026:13:12:13 -0400] "GET /index.php/?items/K546048748/ HTTP/1.1" 404 1251 "-" "Mozilla/5.0 (compatible; DataForSeoBot/1.0; +https://dataforseo.com/dataforseo-bot)"
136.243.228.181 - - [01/May/2026:13:12:22 -0400] "GET /index.php/?items/K542894604/ HTTP/1.1" 404 1251 "-" "Mozilla/5.0 (compatible; DataForSeoBot/1.0; +https://dataforseo.com/dataforseo-bot)"
136.243.228.181 - - [01/May/2026:13:12:26 -0400] "GET /index.php/?items/K541942130/ HTTP/1.1" 404 1251 "-" "Mozilla/5.0 (compatible; DataForSeoBot/1.0; +https://dataforseo.com/dataforseo-bot)"
136.243.228.181 - - [01/May/2026:13:12:30 -0400] "GET /index.php/?items/K543113501/ HTTP/1.1" 404 1251 "-" "Mozilla/5.0 (compatible; DataForSeoBot/1.0; +https://dataforseo.com/dataforseo-bot)"
136.243.228.181 - - [01/May/2026:13:12:38 -0400] "GET /index.php/?items/K546246623/ HTTP/1.1" 404 1251 "-" "Mozilla/5.0 (compatible; DataForSeoBot/1.0; +https://dataforseo.com/dataforseo-bot)"
136.243.228.181 - - [01/May/2026:13:12:42 -0400] "GET /index.php/?items/K543364386/ HTTP/1.1" 404 1251 "-" "Mozilla/5.0 (compatible; DataForSeoBot/1.0; +https://dataforseo.com/dataforseo-bot)"
136.243.228.181 - - [01/May/2026:13:12:45 -0400] "GET /index.php/?items/K547840927/ HTTP/1.1" 404 1251 "-" "Mozilla/5.0 (compatible; DataForSeoBot/1.0; +https://dataforseo.com/dataforseo-bot)"
136.243.228.181 - - [01/May/2026:13:12:50 -0400] "GET /index.php/?items/K541000988/ HTTP/1.1" 404 1251 "-" "Mozilla/5.0 (compatible; DataForSeoBot/1.0; +https://dataforseo.com/dataforseo-bot)"
136.243.228.181 - - [01/May/2026:13:12:59 -0400] "GET /index.php/?items/K547110679/ HTTP/1.1" 404 1251 "-" "Mozilla/5.0 (compatible; DataForSeoBot/1.0; +https://dataforseo.com/dataforseo-bot)"
66.249.65.46 - - [01/May/2026:13:13:00 -0400] "GET /product/sizto-tech-corporation-4v230c-1-4-4-d-double-solenoid-valve HTTP/1.1" 404 1251 "-" "Mozilla/5.0 (Linux; Android 6.0.1; Nexus 5X Build/MMB29P) AppleWebKit/537.36 (KHTML, like Gecko) Chrome/147.0.7727.137 Mobile Safari/537.36 (compatible; Googlebot/2.1; +http://www.google.com/bot.html)"
136.243.228.181 - - [01/May/2026:13:10:29 -0400] "GET /index.php/?items/K541758231/ HTTP/1.1" 404 1251 "-" "Mozilla/5.0 (compatible; DataForSeoBot/1.0; +https://dataforseo.com/dataforseo-bot)"
136.243.228.181 - - [01/May/2026:13:10:42 -0400] "GET /index.php/?items/K542912187/ HTTP/1.1" 404 1251 "-" "Mozilla/5.0 (compatible; DataForSeoBot/1.0; +https://dataforseo.com/dataforseo-bot)"
64.23.142.130 - - [01/May/2026:13:10:43 -0400] "GET /.env HTTP/1.1" 404 1251 "-" "Mozilla/5.0 (X11; Linux x86_64) AppleWebKit/537.36 (KHTML, like Gecko) Chrome/81.0.4044.129 Safari/537.36"
64.23.142.130 - - [01/May/2026:13:10:43 -0400] "GET / HTTP/1.1" 200 1844 "-" "Mozilla/5.0 (X11; Linux x86_64) AppleWebKit/537.36 (KHTML, like Gecko) Chrome/81.0.4044.129 Safari/537.36"
136.243.228.181 - - [01/May/2026:13:10:47 -0400] "GET /index.php/?items/K544431966/ HTTP/1.1" 404 1251 "-" "Mozilla/5.0 (compatible; DataForSeoBot/1.0; +https://dataforseo.com/dataforseo-bot)"
136.243.228.181 - - [01/May/2026:13:10:55 -0400] "GET /index.php/?items/K549561166/ HTTP/1.1" 404 1251 "-" "Mozilla/5.0 (compatible; DataForSeoBot/1.0; +https://dataforseo.com/dataforseo-bot)"
136.243.228.181 - - [01/May/2026:13:11:12 -0400] "GET /index.php/?items/K544613614/ HTTP/1.1" 404 1251 "-" "Mozilla/5.0 (compatible; DataForSeoBot/1.0; +https://dataforseo.com/dataforseo-bot)"
136.243.228.181 - - [01/May/2026:13:11:38 -0400] "GET /index.php/?items/K545566511/ HTTP/1.1" 404 1251 "-" "Mozilla/5.0 (compatible; DataForSeoBot/1.0; +https://dataforseo.com/dataforseo-bot)"
136.243.228.181 - - [01/May/2026:13:11:42 -0400] "GET /index.php/?items/K547930695/ HTTP/1.1" 404 1251 "-" "Mozilla/5.0 (compatible; DataForSeoBot/1.0; +https://dataforseo.com/dataforseo-bot)"
136.243.228.181 - - [01/May/2026:13:11:51 -0400] "GET /index.php/?items/K549159680/ HTTP/1.1" 404 1251 "-" "Mozilla/5.0 (compatible; DataForSeoBot/1.0; +https://dataforseo.com/dataforseo-bot)"
136.243.228.181 - - [01/May/2026:13:11:55 -0400] "GET /index.php/?items/K545437924/ HTTP/1.1" 404 1251 "-" "Mozilla/5.0 (compatible; DataForSeoBot/1.0; +https://dataforseo.com/dataforseo-bot)"
136.243.228.181 - - [01/May/2026:13:12:00 -0400] "GET /index.php/?items/K545135583/ HTTP/1.1" 404 1251 "-" "Mozilla/5.0 (compatible; DataForSeoBot/1.0; +https://dataforseo.com/dataforseo-bot)"
136.243.228.181 - - [01/May/2026:13:12:17 -0400] "GET /index.php/?items/K541236361/ HTTP/1.1" 404 1251 "-" "Mozilla/5.0 (compatible; DataForSeoBot/1.0; +https://dataforseo.com/dataforseo-bot)"
136.243.228.181 - - [01/May/2026:13:12:34 -0400] "GET /index.php/?items/K541288824/ HTTP/1.1" 404 1251 "-" "Mozilla/5.0 (compatible; DataForSeoBot/1.0; +https://dataforseo.com/dataforseo-bot)"
66.116.235.214 - - [01/May/2026:13:12:44 -0400] "POST /xmlrpc.php HTTP/1.1" 403 26 "-" "Mozilla/5.0 (Windows NT 6.3; Win64; x64; Trident/7.0; Touch; MATBJS; rv:11.0) like Gecko"
43.166.244.251 - - [01/May/2026:13:12:50 -0400] "GET /?MA HTTP/1.1" 200 2096 "-" "Mozilla/5.0 (iPhone; CPU iPhone OS 13_2_3 like Mac OS X) AppleWebKit/605.1.15 (KHTML, like Gecko) Version/13.0.3 Mobile/15E148 Safari/604.1"
136.243.228.181 - - [01/May/2026:13:12:55 -0400] "GET /index.php/?items/K545090238/ HTTP/1.1" 404 1251 "-" "Mozilla/5.0 (compatible; DataForSeoBot/1.0; +https://dataforseo.com/dataforseo-bot)"
136.243.228.181 - - [01/May/2026:13:13:17 -0400] "GET /index.php/?items/K545853106/ HTTP/1.1" 404 1251 "-" "Mozilla/5.0 (compatible; DataForSeoBot/1.0; +https://dataforseo.com/dataforseo-bot)"
136.243.228.181 - - [01/May/2026:13:13:21 -0400] "GET /index.php/?items/K542304501/ HTTP/1.1" 404 1251 "-" "Mozilla/5.0 (compatible; DataForSeoBot/1.0; +https://dataforseo.com/dataforseo-bot)"
136.243.228.181 - - [01/May/2026:13:13:25 -0400] "GET /index.php/?items/K548953715/ HTTP/1.1" 404 1251 "-" "Mozilla/5.0 (compatible; DataForSeoBot/1.0; +https://dataforseo.com/dataforseo-bot)"
136.243.228.181 - - [01/May/2026:13:13:38 -0400] "GET /index.php/?items/K541331473/ HTTP/1.1" 404 1251 "-" "Mozilla/5.0 (compatible; DataForSeoBot/1.0; +https://dataforseo.com/dataforseo-bot)"
136.243.228.181 - - [01/May/2026:13:13:03 -0400] "GET /index.php/?items/K543033727/ HTTP/1.1" 404 1251 "-" "Mozilla/5.0 (compatible; DataForSeoBot/1.0; +https://dataforseo.com/dataforseo-bot)"
136.243.228.181 - - [01/May/2026:13:13:08 -0400] "GET /index.php/?items/K544057695/ HTTP/1.1" 404 1251 "-" "Mozilla/5.0 (compatible; DataForSeoBot/1.0; +https://dataforseo.com/dataforseo-bot)"
136.243.228.181 - - [01/May/2026:13:13:13 -0400] "GET /index.php/?items/K547009700/ HTTP/1.1" 404 1251 "-" "Mozilla/5.0 (compatible; DataForSeoBot/1.0; +https://dataforseo.com/dataforseo-bot)"
136.243.228.181 - - [01/May/2026:13:13:30 -0400] "GET /index.php/?items/K541976253/ HTTP/1.1" 404 1251 "-" "Mozilla/5.0 (compatible; DataForSeoBot/1.0; +https://dataforseo.com/dataforseo-bot)"
136.243.228.181 - - [01/May/2026:13:13:34 -0400] "GET /index.php/?items/K547510733/ HTTP/1.1" 404 1251 "-" "Mozilla/5.0 (compatible; DataForSeoBot/1.0; +https://dataforseo.com/dataforseo-bot)"
136.243.228.181 - - [01/May/2026:13:13:41 -0400] "GET /index.php/?items/K541875603/ HTTP/1.1" 404 1251 "-" "Mozilla/5.0 (compatible; DataForSeoBot/1.0; +https://dataforseo.com/dataforseo-bot)"
136.243.228.181 - - [01/May/2026:13:13:46 -0400] "GET /index.php/?items/K545293850/ HTTP/1.1" 404 1251 "-" "Mozilla/5.0 (compatible; DataForSeoBot/1.0; +https://dataforseo.com/dataforseo-bot)"
136.243.228.181 - - [01/May/2026:13:13:50 -0400] "GET /index.php/?items/K544431172/ HTTP/1.1" 404 1251 "-" "Mozilla/5.0 (compatible; DataForSeoBot/1.0; +https://dataforseo.com/dataforseo-bot)"
136.243.228.181 - - [01/May/2026:13:13:55 -0400] "GET /index.php/?items/K548386000/ HTTP/1.1" 404 1251 "-" "Mozilla/5.0 (compatible; DataForSeoBot/1.0; +https://dataforseo.com/dataforseo-bot)"
136.243.228.181 - - [01/May/2026:13:14:03 -0400] "GET /index.php/?items/K547536739/ HTTP/1.1" 404 1251 "-" "Mozilla/5.0 (compatible; DataForSeoBot/1.0; +https://dataforseo.com/dataforseo-bot)"
136.243.228.181 - - [01/May/2026:13:14:07 -0400] "GET /index.php/?items/K545503499/ HTTP/1.1" 404 1251 "-" "Mozilla/5.0 (compatible; DataForSeoBot/1.0; +https://dataforseo.com/dataforseo-bot)"
136.243.228.181 - - [01/May/2026:13:14:11 -0400] "GET /index.php/?items/K542848309/ HTTP/1.1" 404 1251 "-" "Mozilla/5.0 (compatible; DataForSeoBot/1.0; +https://dataforseo.com/dataforseo-bot)"
136.243.228.181 - - [01/May/2026:13:14:15 -0400] "GET /index.php/?items/K549790359/ HTTP/1.1" 404 1251 "-" "Mozilla/5.0 (compatible; DataForSeoBot/1.0; +https://dataforseo.com/dataforseo-bot)"
136.243.228.181 - - [01/May/2026:13:14:23 -0400] "GET /index.php/?items/K544384035/ HTTP/1.1" 404 1251 "-" "Mozilla/5.0 (compatible; DataForSeoBot/1.0; +https://dataforseo.com/dataforseo-bot)"
136.243.228.181 - - [01/May/2026:13:14:31 -0400] "GET /index.php/?items/K547496554/ HTTP/1.1" 404 1251 "-" "Mozilla/5.0 (compatible; DataForSeoBot/1.0; +https://dataforseo.com/dataforseo-bot)"
136.243.228.181 - - [01/May/2026:13:14:40 -0400] "GET /index.php/?items/K549126539/ HTTP/1.1" 404 1251 "-" "Mozilla/5.0 (compatible; DataForSeoBot/1.0; +https://dataforseo.com/dataforseo-bot)"
136.243.228.181 - - [01/May/2026:13:14:49 -0400] "GET /index.php/?items/K545983355/ HTTP/1.1" 404 1251 "-" "Mozilla/5.0 (compatible; DataForSeoBot/1.0; +https://dataforseo.com/dataforseo-bot)"
136.243.228.181 - - [01/May/2026:13:14:57 -0400] "GET /index.php/?items/K544682468/ HTTP/1.1" 404 1251 "-" "Mozilla/5.0 (compatible; DataForSeoBot/1.0; +https://dataforseo.com/dataforseo-bot)"
136.243.228.181 - - [01/May/2026:13:15:03 -0400] "GET /index.php/?items/K547780890/ HTTP/1.1" 404 1251 "-" "Mozilla/5.0 (compatible; DataForSeoBot/1.0; +https://dataforseo.com/dataforseo-bot)"
136.243.228.181 - - [01/May/2026:13:15:07 -0400] "GET /index.php/?items/K549037506/ HTTP/1.1" 404 1251 "-" "Mozilla/5.0 (compatible; DataForSeoBot/1.0; +https://dataforseo.com/dataforseo-bot)"
136.243.228.181 - - [01/May/2026:13:15:11 -0400] "GET /index.php/?items/K547665916/ HTTP/1.1" 404 1251 "-" "Mozilla/5.0 (compatible; DataForSeoBot/1.0; +https://dataforseo.com/dataforseo-bot)"
136.243.228.181 - - [01/May/2026:13:15:22 -0400] "GET /index.php/?items/K545769019/ HTTP/1.1" 404 1251 "-" "Mozilla/5.0 (compatible; DataForSeoBot/1.0; +https://dataforseo.com/dataforseo-bot)"
136.243.228.181 - - [01/May/2026:13:15:46 -0400] "GET /index.php/?items/K545050781/ HTTP/1.1" 404 1251 "-" "Mozilla/5.0 (compatible; DataForSeoBot/1.0; +https://dataforseo.com/dataforseo-bot)"
136.243.228.181 - - [01/May/2026:13:15:51 -0400] "GET /index.php/?items/K547089556/ HTTP/1.1" 404 1251 "-" "Mozilla/5.0 (compatible; DataForSeoBot/1.0; +https://dataforseo.com/dataforseo-bot)"
136.243.228.181 - - [01/May/2026:13:16:00 -0400] "GET /index.php/?items/K541445577/ HTTP/1.1" 404 1251 "-" "Mozilla/5.0 (compatible; DataForSeoBot/1.0; +https://dataforseo.com/dataforseo-bot)"
136.243.228.181 - - [01/May/2026:13:16:04 -0400] "GET /index.php/?items/K543599754/ HTTP/1.1" 404 1251 "-" "Mozilla/5.0 (compatible; DataForSeoBot/1.0; +https://dataforseo.com/dataforseo-bot)"
136.243.228.181 - - [01/May/2026:13:16:16 -0400] "GET /index.php/?items/K543758685/ HTTP/1.1" 404 1251 "-" "Mozilla/5.0 (compatible; DataForSeoBot/1.0; +https://dataforseo.com/dataforseo-bot)"
136.243.228.181 - - [01/May/2026:13:16:31 -0400] "GET /index.php/?items/K548690514/ HTTP/1.1" 404 1251 "-" "Mozilla/5.0 (compatible; DataForSeoBot/1.0; +https://dataforseo.com/dataforseo-bot)"
136.243.228.181 - - [01/May/2026:13:13:59 -0400] "GET /index.php/?items/K544226391/ HTTP/1.1" 404 1251 "-" "Mozilla/5.0 (compatible; DataForSeoBot/1.0; +https://dataforseo.com/dataforseo-bot)"
136.243.228.181 - - [01/May/2026:13:14:19 -0400] "GET /index.php/?items/K545367208/ HTTP/1.1" 404 1251 "-" "Mozilla/5.0 (compatible; DataForSeoBot/1.0; +https://dataforseo.com/dataforseo-bot)"
136.243.228.181 - - [01/May/2026:13:14:27 -0400] "GET /index.php/?items/K547802977/ HTTP/1.1" 404 1251 "-" "Mozilla/5.0 (compatible; DataForSeoBot/1.0; +https://dataforseo.com/dataforseo-bot)"
136.243.228.181 - - [01/May/2026:13:14:36 -0400] "GET /index.php/?items/K542676199/ HTTP/1.1" 404 1251 "-" "Mozilla/5.0 (compatible; DataForSeoBot/1.0; +https://dataforseo.com/dataforseo-bot)"
136.243.228.181 - - [01/May/2026:13:14:44 -0400] "GET /index.php/?items/K547567415/ HTTP/1.1" 404 1251 "-" "Mozilla/5.0 (compatible; DataForSeoBot/1.0; +https://dataforseo.com/dataforseo-bot)"
136.243.228.181 - - [01/May/2026:13:14:52 -0400] "GET /index.php/?items/K543674244/ HTTP/1.1" 404 1251 "-" "Mozilla/5.0 (compatible; DataForSeoBot/1.0; +https://dataforseo.com/dataforseo-bot)"
136.243.228.181 - - [01/May/2026:13:15:17 -0400] "GET /index.php/?items/K543564518/ HTTP/1.1" 404 1251 "-" "Mozilla/5.0 (compatible; DataForSeoBot/1.0; +https://dataforseo.com/dataforseo-bot)"
136.243.228.181 - - [01/May/2026:13:15:27 -0400] "GET /index.php/?items/K544774745/ HTTP/1.1" 404 1251 "-" "Mozilla/5.0 (compatible; DataForSeoBot/1.0; +https://dataforseo.com/dataforseo-bot)"
136.243.228.181 - - [01/May/2026:13:15:33 -0400] "GET /index.php/?items/K548679128/ HTTP/1.1" 404 1251 "-" "Mozilla/5.0 (compatible; DataForSeoBot/1.0; +https://dataforseo.com/dataforseo-bot)"
136.243.228.181 - - [01/May/2026:13:15:38 -0400] "GET /index.php/?items/K545655870/ HTTP/1.1" 404 1251 "-" "Mozilla/5.0 (compatible; DataForSeoBot/1.0; +https://dataforseo.com/dataforseo-bot)"
136.243.228.181 - - [01/May/2026:13:15:42 -0400] "GET /index.php/?items/K546810609/ HTTP/1.1" 404 1251 "-" "Mozilla/5.0 (compatible; DataForSeoBot/1.0; +https://dataforseo.com/dataforseo-bot)"
136.243.228.181 - - [01/May/2026:13:15:56 -0400] "GET /index.php/?items/K543768842/ HTTP/1.1" 404 1251 "-" "Mozilla/5.0 (compatible; DataForSeoBot/1.0; +https://dataforseo.com/dataforseo-bot)"
136.243.228.181 - - [01/May/2026:13:16:08 -0400] "GET /index.php/?items/K546187764/ HTTP/1.1" 404 1251 "-" "Mozilla/5.0 (compatible; DataForSeoBot/1.0; +https://dataforseo.com/dataforseo-bot)"
136.243.228.181 - - [01/May/2026:13:16:12 -0400] "GET /index.php/?items/K545271740/ HTTP/1.1" 404 1251 "-" "Mozilla/5.0 (compatible; DataForSeoBot/1.0; +https://dataforseo.com/dataforseo-bot)"
136.243.228.181 - - [01/May/2026:13:16:23 -0400] "GET /index.php/?items/K542735877/ HTTP/1.1" 404 1251 "-" "Mozilla/5.0 (compatible; DataForSeoBot/1.0; +https://dataforseo.com/dataforseo-bot)"
136.243.228.181 - - [01/May/2026:13:16:26 -0400] "GET /index.php/?items/K546840734/ HTTP/1.1" 404 1251 "-" "Mozilla/5.0 (compatible; DataForSeoBot/1.0; +https://dataforseo.com/dataforseo-bot)"
136.243.228.181 - - [01/May/2026:13:16:35 -0400] "GET /index.php/?items/K541745130/ HTTP/1.1" 404 1251 "-" "Mozilla/5.0 (compatible; DataForSeoBot/1.0; +https://dataforseo.com/dataforseo-bot)"
136.243.228.181 - - [01/May/2026:13:16:39 -0400] "GET /index.php/?items/K546175399/ HTTP/1.1" 404 1251 "-" "Mozilla/5.0 (compatible; DataForSeoBot/1.0; +https://dataforseo.com/dataforseo-bot)"
136.243.228.181 - - [01/May/2026:13:16:44 -0400] "GET /index.php/?items/K541766438/ HTTP/1.1" 404 1251 "-" "Mozilla/5.0 (compatible; DataForSeoBot/1.0; +https://dataforseo.com/dataforseo-bot)"
136.243.228.181 - - [01/May/2026:13:16:54 -0400] "GET /index.php/?items/K542304860/ HTTP/1.1" 404 1251 "-" "Mozilla/5.0 (compatible; DataForSeoBot/1.0; +https://dataforseo.com/dataforseo-bot)"
136.243.228.181 - - [01/May/2026:13:17:02 -0400] "GET /index.php/?items/K547659138/ HTTP/1.1" 404 1251 "-" "Mozilla/5.0 (compatible; DataForSeoBot/1.0; +https://dataforseo.com/dataforseo-bot)"
66.249.65.32 - - [01/May/2026:13:16:49 -0400] "GET /product/shimano-xtr-bl-m9100-br-m9100-disc-brake-and-lever-rear-front-hydraulic-post-mount HTTP/1.1" 404 1251 "-" "Mozilla/5.0 (Linux; Android 6.0.1; Nexus 5X Build/MMB29P) AppleWebKit/537.36 (KHTML, like Gecko) Chrome/147.0.7727.137 Mobile Safari/537.36 (compatible; Googlebot/2.1; +http://www.google.com/bot.html)"
136.243.228.181 - - [01/May/2026:13:16:58 -0400] "GET /index.php/?items/K546316180/ HTTP/1.1" 404 1251 "-" "Mozilla/5.0 (compatible; DataForSeoBot/1.0; +https://dataforseo.com/dataforseo-bot)"
136.243.228.181 - - [01/May/2026:13:17:06 -0400] "GET /index.php/?items/K545333449/ HTTP/1.1" 404 1251 "-" "Mozilla/5.0 (compatible; DataForSeoBot/1.0; +https://dataforseo.com/dataforseo-bot)"
136.243.228.181 - - [01/May/2026:13:17:11 -0400] "GET /index.php/?items/K548650829/ HTTP/1.1" 404 1251 "-" "Mozilla/5.0 (compatible; DataForSeoBot/1.0; +https://dataforseo.com/dataforseo-bot)"
136.243.228.181 - - [01/May/2026:13:17:16 -0400] "GET /index.php/?items/K545648984/ HTTP/1.1" 404 1251 "-" "Mozilla/5.0 (compatible; DataForSeoBot/1.0; +https://dataforseo.com/dataforseo-bot)"
93.114.5.46 - - [01/May/2026:13:17:22 -0400] "GET /product/sealey-modular-racking-base-cupboard-unit-580mm-apmrb3 HTTP/1.1" 404 1251 "-" "Mozilla/5.0 (X11; Linux x86_64; rv:125.0) Gecko/20100101 Firefox/125.0"
93.114.5.46 - - [01/May/2026:13:17:22 -0400] "GET /favicon.ico HTTP/1.1" 404 1251 "https://patrickspestsandplants.com/product/sealey-modular-racking-base-cupboard-unit-580mm-apmrb3" "Mozilla/5.0 (X11; Linux x86_64; rv:125.0) Gecko/20100101 Firefox/125.0"
93.114.5.46 - - [01/May/2026:13:17:24 -0400] "GET /product/sealey-premiertm-heavy-duty-modular-multifunction-floor-cabinet-775mm-apms20 HTTP/1.1" 404 1251 "-" "Mozilla/5.0 (X11; Linux x86_64; rv:125.0) Gecko/20100101 Firefox/125.0"
93.114.5.46 - - [01/May/2026:13:17:24 -0400] "GET /favicon.ico HTTP/1.1" 404 1251 "https://patrickspestsandplants.com/product/sealey-premiertm-heavy-duty-modular-multifunction-floor-cabinet-775mm-apms20" "Mozilla/5.0 (X11; Linux x86_64; rv:125.0) Gecko/20100101 Firefox/125.0"
136.243.228.181 - - [01/May/2026:13:17:31 -0400] "GET /index.php/?items/K546510125/ HTTP/1.1" 404 1251 "-" "Mozilla/5.0 (compatible; DataForSeoBot/1.0; +https://dataforseo.com/dataforseo-bot)"
136.243.228.181 - - [01/May/2026:13:17:41 -0400] "GET /index.php/?items/K544693636/ HTTP/1.1" 404 1251 "-" "Mozilla/5.0 (compatible; DataForSeoBot/1.0; +https://dataforseo.com/dataforseo-bot)"
136.243.228.181 - - [01/May/2026:13:17:46 -0400] "GET /index.php/?items/K542611171/ HTTP/1.1" 404 1251 "-" "Mozilla/5.0 (compatible; DataForSeoBot/1.0; +https://dataforseo.com/dataforseo-bot)"
136.243.228.181 - - [01/May/2026:13:17:58 -0400] "GET /index.php/?items/K549706784/ HTTP/1.1" 404 1251 "-" "Mozilla/5.0 (compatible; DataForSeoBot/1.0; +https://dataforseo.com/dataforseo-bot)"
136.243.228.181 - - [01/May/2026:13:18:09 -0400] "GET /index.php/?items/K549428874/ HTTP/1.1" 404 1251 "-" "Mozilla/5.0 (compatible; DataForSeoBot/1.0; +https://dataforseo.com/dataforseo-bot)"
85.11.167.49 - - [01/May/2026:13:18:13 -0400] "GET / HTTP/1.1" 200 2127 "http://patrickspests.com/phpinfo.php" "Mozilla/5.0 (X11; Linux x86_64) AppleWebKit/537.36 (KHTML, like Gecko) Chrome/91.0.4472.124 Safari/537.36"
85.11.167.49 - - [01/May/2026:13:18:22 -0400] "GET / HTTP/1.1" 200 2127 "http://patrickspests.com/test.php" "Mozilla/5.0 (Windows NT 10.0; Win64; x64) AppleWebKit/537.36 (KHTML, like Gecko) Chrome/91.0.4472.124 Safari/537.36"
85.11.167.49 - - [01/May/2026:13:18:34 -0400] "GET / HTTP/1.1" 200 2127 "http://patrickspests.com/info.php" "Mozilla/5.0 (Windows NT 10.0; Win64; x64) AppleWebKit/537.36 (KHTML, like Gecko) Chrome/91.0.4472.124 Safari/537.36"
85.11.167.49 - - [01/May/2026:13:18:49 -0400] "GET / HTTP/1.1" 200 2127 "http://patrickspests.com/php_info.php" "Mozilla/5.0 (Macintosh; Intel Mac OS X 10_15_7) AppleWebKit/537.36 (KHTML, like Gecko) Chrome/91.0.4472.124 Safari/537.36"
136.243.228.181 - - [01/May/2026:13:17:21 -0400] "GET /index.php/?items/K545587289/ HTTP/1.1" 404 1251 "-" "Mozilla/5.0 (compatible; DataForSeoBot/1.0; +https://dataforseo.com/dataforseo-bot)"
136.243.228.181 - - [01/May/2026:13:17:25 -0400] "GET /index.php/?items/K547216026/ HTTP/1.1" 404 1251 "-" "Mozilla/5.0 (compatible; DataForSeoBot/1.0; +https://dataforseo.com/dataforseo-bot)"
136.243.228.181 - - [01/May/2026:13:17:35 -0400] "GET /index.php/?items/K546051532/ HTTP/1.1" 404 1251 "-" "Mozilla/5.0 (compatible; DataForSeoBot/1.0; +https://dataforseo.com/dataforseo-bot)"
136.243.228.181 - - [01/May/2026:13:17:50 -0400] "GET /index.php/?items/K548408704/ HTTP/1.1" 404 1251 "-" "Mozilla/5.0 (compatible; DataForSeoBot/1.0; +https://dataforseo.com/dataforseo-bot)"
136.243.228.181 - - [01/May/2026:13:17:54 -0400] "GET /index.php/?items/K542896039/ HTTP/1.1" 404 1251 "-" "Mozilla/5.0 (compatible; DataForSeoBot/1.0; +https://dataforseo.com/dataforseo-bot)"
136.243.228.181 - - [01/May/2026:13:18:03 -0400] "GET /index.php/?items/K545038094/ HTTP/1.1" 404 1251 "-" "Mozilla/5.0 (compatible; DataForSeoBot/1.0; +https://dataforseo.com/dataforseo-bot)"
85.11.167.49 - - [01/May/2026:13:18:05 -0400] "GET / HTTP/1.1" 200 2127 "http://patrickspests.com/phpinfo" "Mozilla/5.0 (X11; Linux x86_64) AppleWebKit/537.36 (KHTML, like Gecko) Chrome/91.0.4472.124 Safari/537.36"
136.243.228.181 - - [01/May/2026:13:18:14 -0400] "GET /index.php/?items/K544004941/ HTTP/1.1" 404 1251 "-" "Mozilla/5.0 (compatible; DataForSeoBot/1.0; +https://dataforseo.com/dataforseo-bot)"
136.243.228.181 - - [01/May/2026:13:18:18 -0400] "GET /index.php/?items/K549700080/ HTTP/1.1" 404 1251 "-" "Mozilla/5.0 (compatible; DataForSeoBot/1.0; +https://dataforseo.com/dataforseo-bot)"
136.243.228.181 - - [01/May/2026:13:18:22 -0400] "GET /index.php/?items/K547073121/ HTTP/1.1" 404 1251 "-" "Mozilla/5.0 (compatible; DataForSeoBot/1.0; +https://dataforseo.com/dataforseo-bot)"
85.11.167.49 - - [01/May/2026:13:18:25 -0400] "GET / HTTP/1.1" 200 2127 "http://patrickspests.com/_profiler/phpinfo" "Mozilla/5.0 (X11; Linux x86_64) AppleWebKit/537.36 (KHTML, like Gecko) Chrome/91.0.4472.124 Safari/537.36"
136.243.228.181 - - [01/May/2026:13:18:26 -0400] "GET /index.php/?items/K546071709/ HTTP/1.1" 404 1251 "-" "Mozilla/5.0 (compatible; DataForSeoBot/1.0; +https://dataforseo.com/dataforseo-bot)"
136.243.228.181 - - [01/May/2026:13:18:31 -0400] "GET /index.php/?items/K546714079/ HTTP/1.1" 404 1251 "-" "Mozilla/5.0 (compatible; DataForSeoBot/1.0; +https://dataforseo.com/dataforseo-bot)"
136.243.228.181 - - [01/May/2026:13:18:38 -0400] "GET /index.php/?items/K542607840/ HTTP/1.1" 404 1251 "-" "Mozilla/5.0 (compatible; DataForSeoBot/1.0; +https://dataforseo.com/dataforseo-bot)"
85.11.167.49 - - [01/May/2026:13:18:41 -0400] "GET / HTTP/1.1" 200 2127 "http://patrickspests.com/php.php" "Mozilla/5.0 (Macintosh; Intel Mac OS X 10_15_7) AppleWebKit/537.36 (KHTML, like Gecko) Chrome/91.0.4472.124 Safari/537.36"
136.243.228.181 - - [01/May/2026:13:18:42 -0400] "GET /index.php/?items/K542646872/ HTTP/1.1" 404 1251 "-" "Mozilla/5.0 (compatible; DataForSeoBot/1.0; +https://dataforseo.com/dataforseo-bot)"
136.243.228.181 - - [01/May/2026:13:18:46 -0400] "GET /index.php/?items/K542920035/ HTTP/1.1" 404 1251 "-" "Mozilla/5.0 (compatible; DataForSeoBot/1.0; +https://dataforseo.com/dataforseo-bot)"
136.243.228.181 - - [01/May/2026:13:18:54 -0400] "GET /index.php/?items/K542356372/ HTTP/1.1" 404 1251 "-" "Mozilla/5.0 (compatible; DataForSeoBot/1.0; +https://dataforseo.com/dataforseo-bot)"
85.11.167.49 - - [01/May/2026:13:18:55 -0400] "GET / HTTP/1.1" 200 2117 "http://patrickspests.com/i.php" "Mozilla/5.0 (Macintosh; Intel Mac OS X 10_15_7) AppleWebKit/537.36 (KHTML, like Gecko) Chrome/91.0.4472.124 Safari/537.36"
85.11.167.49 - - [01/May/2026:13:18:55 -0400] "GET / HTTP/1.1" 200 2127 "http://patrickspests.com/pi.php" "Mozilla/5.0 (Macintosh; Intel Mac OS X 10_15_7) AppleWebKit/537.36 (KHTML, like Gecko) Chrome/91.0.4472.124 Safari/537.36"
136.243.228.181 - - [01/May/2026:13:18:50 -0400] "GET /index.php/?items/K546902900/ HTTP/1.1" 404 1251 "-" "Mozilla/5.0 (compatible; DataForSeoBot/1.0; +https://dataforseo.com/dataforseo-bot)"
136.243.228.181 - - [01/May/2026:13:18:58 -0400] "GET /index.php/?items/K547810926/ HTTP/1.1" 404 1251 "-" "Mozilla/5.0 (compatible; DataForSeoBot/1.0; +https://dataforseo.com/dataforseo-bot)"
136.243.228.181 - - [01/May/2026:13:19:03 -0400] "GET /index.php/?items/K545697473/ HTTP/1.1" 404 1251 "-" "Mozilla/5.0 (compatible; DataForSeoBot/1.0; +https://dataforseo.com/dataforseo-bot)"
85.11.167.49 - - [01/May/2026:13:19:09 -0400] "GET / HTTP/1.1" 200 2127 "http://patrickspests.com/pinfo.php" "Mozilla/5.0 (Windows NT 10.0; Win64; x64) AppleWebKit/537.36 (KHTML, like Gecko) Chrome/91.0.4472.124 Safari/537.36"
136.243.228.181 - - [01/May/2026:13:19:11 -0400] "GET /index.php/?items/K542367857/ HTTP/1.1" 404 1251 "-" "Mozilla/5.0 (compatible; DataForSeoBot/1.0; +https://dataforseo.com/dataforseo-bot)"
136.243.228.181 - - [01/May/2026:13:19:15 -0400] "GET /index.php/?items/K543235784/ HTTP/1.1" 404 1251 "-" "Mozilla/5.0 (compatible; DataForSeoBot/1.0; +https://dataforseo.com/dataforseo-bot)"
85.11.167.49 - - [01/May/2026:13:19:16 -0400] "GET / HTTP/1.1" 200 2127 "http://patrickspests.com/php_version.php" "Mozilla/5.0 (Macintosh; Intel Mac OS X 10_15_7) AppleWebKit/537.36 (KHTML, like Gecko) Chrome/91.0.4472.124 Safari/537.36"
136.243.228.181 - - [01/May/2026:13:19:23 -0400] "GET /index.php/?items/K545722982/ HTTP/1.1" 404 1251 "-" "Mozilla/5.0 (compatible; DataForSeoBot/1.0; +https://dataforseo.com/dataforseo-bot)"
85.11.167.49 - - [01/May/2026:13:19:24 -0400] "GET / HTTP/1.1" 200 2127 "http://patrickspests.com/.aws/credentials" "Mozilla/5.0 (X11; Linux x86_64) AppleWebKit/537.36 (KHTML, like Gecko) Chrome/91.0.4472.124 Safari/537.36"
136.243.228.181 - - [01/May/2026:13:19:35 -0400] "GET /index.php/?items/K544915210/ HTTP/1.1" 404 1251 "-" "Mozilla/5.0 (compatible; DataForSeoBot/1.0; +https://dataforseo.com/dataforseo-bot)"
136.243.228.181 - - [01/May/2026:13:19:40 -0400] "GET /index.php/?items/K542134219/ HTTP/1.1" 404 1251 "-" "Mozilla/5.0 (compatible; DataForSeoBot/1.0; +https://dataforseo.com/dataforseo-bot)"
85.11.167.49 - - [01/May/2026:13:19:47 -0400] "GET / HTTP/1.1" 200 2127 "http://patrickspests.com/.env.local" "Mozilla/5.0 (Macintosh; Intel Mac OS X 10_15_7) AppleWebKit/537.36 (KHTML, like Gecko) Chrome/91.0.4472.124 Safari/537.36"
112.204.168.183 - - [01/May/2026:13:19:50 -0400] "POST /xmlrpc.php HTTP/1.1" 403 22 "-" "Jetpack by WordPress.com (Jetpack 12.5; WordPress 6.3)"
136.243.228.181 - - [01/May/2026:13:19:59 -0400] "GET /index.php/?items/K548985019/ HTTP/1.1" 404 1251 "-" "Mozilla/5.0 (compatible; DataForSeoBot/1.0; +https://dataforseo.com/dataforseo-bot)"
85.11.167.49 - - [01/May/2026:13:20:01 -0400] "GET / HTTP/1.1" 200 2127 "http://patrickspests.com/config/.env" "Mozilla/5.0 (X11; Linux x86_64) AppleWebKit/537.36 (KHTML, like Gecko) Chrome/91.0.4472.124 Safari/537.36"
136.243.228.181 - - [01/May/2026:13:20:03 -0400] "GET /index.php/?items/K548218063/ HTTP/1.1" 404 1251 "-" "Mozilla/5.0 (compatible; DataForSeoBot/1.0; +https://dataforseo.com/dataforseo-bot)"
136.243.228.181 - - [01/May/2026:13:20:07 -0400] "GET /index.php/?items/K545782980/ HTTP/1.1" 404 1251 "-" "Mozilla/5.0 (compatible; DataForSeoBot/1.0; +https://dataforseo.com/dataforseo-bot)"
112.204.168.183 - - [01/May/2026:13:20:12 -0400] "POST /xmlrpc.php HTTP/1.1" 403 22 "-" "Jetpack/13.0; WordPress/6.1; http://site97285890.com"
136.243.228.181 - - [01/May/2026:13:20:16 -0400] "GET /index.php/?items/K545109004/ HTTP/1.1" 404 1251 "-" "Mozilla/5.0 (compatible; DataForSeoBot/1.0; +https://dataforseo.com/dataforseo-bot)"
136.243.228.181 - - [01/May/2026:13:20:20 -0400] "GET /index.php/?items/K544522010/ HTTP/1.1" 404 1251 "-" "Mozilla/5.0 (compatible; DataForSeoBot/1.0; +https://dataforseo.com/dataforseo-bot)"
112.204.168.183 - - [01/May/2026:13:20:22 -0400] "POST /xmlrpc.php HTTP/1.1" 403 22 "-" "Jetpack/12.5; WordPress/6.2; http://site65557420.com"
112.204.168.183 - - [01/May/2026:13:20:33 -0400] "POST /xmlrpc.php HTTP/1.1" 403 22 "-" "Jetpack by WordPress.com"
136.243.228.181 - - [01/May/2026:13:20:48 -0400] "GET /index.php/?items/K546654992/ HTTP/1.1" 404 1251 "-" "Mozilla/5.0 (compatible; DataForSeoBot/1.0; +https://dataforseo.com/dataforseo-bot)"
136.243.228.181 - - [01/May/2026:13:20:56 -0400] "GET /index.php/?items/K547741189/ HTTP/1.1" 404 1251 "-" "Mozilla/5.0 (compatible; DataForSeoBot/1.0; +https://dataforseo.com/dataforseo-bot)"
136.243.228.181 - - [01/May/2026:13:20:59 -0400] "GET /index.php/?items/K547116285/ HTTP/1.1" 404 1251 "-" "Mozilla/5.0 (compatible; DataForSeoBot/1.0; +https://dataforseo.com/dataforseo-bot)"
193.186.4.182 - - [01/May/2026:13:21:01 -0400] "GET /about/ HTTP/1.1" 200 623 "https://www.google.com/" "Mozilla/5.0 (Linux; Android 10; K) AppleWebKit/537.36 (KHTML, like Gecko) Chrome/147.0.0.0 Mobile Safari/537.36"
136.243.228.181 - - [01/May/2026:13:21:04 -0400] "GET /index.php/?items/K548740425/ HTTP/1.1" 404 1251 "-" "Mozilla/5.0 (compatible; DataForSeoBot/1.0; +https://dataforseo.com/dataforseo-bot)"
136.243.228.181 - - [01/May/2026:13:21:13 -0400] "GET /index.php/?items/K541872360/ HTTP/1.1" 404 1251 "-" "Mozilla/5.0 (compatible; DataForSeoBot/1.0; +https://dataforseo.com/dataforseo-bot)"
136.243.228.181 - - [01/May/2026:13:21:17 -0400] "GET /index.php/?items/K545481693/ HTTP/1.1" 404 1251 "-" "Mozilla/5.0 (compatible; DataForSeoBot/1.0; +https://dataforseo.com/dataforseo-bot)"
136.243.228.181 - - [01/May/2026:13:21:21 -0400] "GET /index.php/?items/K547821591/ HTTP/1.1" 404 1251 "-" "Mozilla/5.0 (compatible; DataForSeoBot/1.0; +https://dataforseo.com/dataforseo-bot)"
112.204.168.183 - - [01/May/2026:13:21:26 -0400] "POST /xmlrpc.php HTTP/1.1" 403 22 "-" "Jetpack/12.0; WordPress/6.3; http://site31180525.com"
136.243.228.181 - - [01/May/2026:13:21:33 -0400] "GET /index.php/?items/K549778709/ HTTP/1.1" 404 1251 "-" "Mozilla/5.0 (compatible; DataForSeoBot/1.0; +https://dataforseo.com/dataforseo-bot)"
136.243.228.181 - - [01/May/2026:13:21:37 -0400] "GET /index.php/?items/K544298322/ HTTP/1.1" 404 1251 "-" "Mozilla/5.0 (compatible; DataForSeoBot/1.0; +https://dataforseo.com/dataforseo-bot)"
136.243.228.181 - - [01/May/2026:13:21:45 -0400] "GET /index.php/?items/K545860335/ HTTP/1.1" 404 1251 "-" "Mozilla/5.0 (compatible; DataForSeoBot/1.0; +https://dataforseo.com/dataforseo-bot)"
112.204.168.183 - - [01/May/2026:13:21:48 -0400] "POST /xmlrpc.php HTTP/1.1" 403 22 "-" "Jetpack by WordPress.com"
136.243.228.181 - - [01/May/2026:13:21:49 -0400] "GET /index.php/?items/K545093139/ HTTP/1.1" 404 1251 "-" "Mozilla/5.0 (compatible; DataForSeoBot/1.0; +https://dataforseo.com/dataforseo-bot)"
136.243.228.181 - - [01/May/2026:13:21:56 -0400] "GET /index.php/?items/K545916393/ HTTP/1.1" 404 1251 "-" "Mozilla/5.0 (compatible; DataForSeoBot/1.0; +https://dataforseo.com/dataforseo-bot)"
136.243.228.181 - - [01/May/2026:13:22:09 -0400] "GET /index.php/?items/K546424943/ HTTP/1.1" 404 1251 "-" "Mozilla/5.0 (compatible; DataForSeoBot/1.0; +https://dataforseo.com/dataforseo-bot)"
136.243.228.181 - - [01/May/2026:13:22:16 -0400] "GET /index.php/?items/K545193161/ HTTP/1.1" 404 1251 "-" "Mozilla/5.0 (compatible; DataForSeoBot/1.0; +https://dataforseo.com/dataforseo-bot)"
112.204.168.183 - - [01/May/2026:13:22:20 -0400] "POST /xmlrpc.php HTTP/1.1" 403 22 "-" "Jetpack by WordPress.com (Jetpack 12.0; WordPress 6.1)"
136.243.228.181 - - [01/May/2026:13:22:21 -0400] "GET /index.php/?items/K546570062/ HTTP/1.1" 404 1251 "-" "Mozilla/5.0 (compatible; DataForSeoBot/1.0; +https://dataforseo.com/dataforseo-bot)"
136.243.228.181 - - [01/May/2026:13:22:25 -0400] "GET /index.php/?items/K546915814/ HTTP/1.1" 404 1251 "-" "Mozilla/5.0 (compatible; DataForSeoBot/1.0; +https://dataforseo.com/dataforseo-bot)"
136.243.228.181 - - [01/May/2026:13:22:30 -0400] "GET /index.php/?items/K544183307/ HTTP/1.1" 404 1251 "-" "Mozilla/5.0 (compatible; DataForSeoBot/1.0; +https://dataforseo.com/dataforseo-bot)"
136.243.228.181 - - [01/May/2026:13:20:28 -0400] "GET /index.php/?items/K543323388/ HTTP/1.1" 404 1251 "-" "Mozilla/5.0 (compatible; DataForSeoBot/1.0; +https://dataforseo.com/dataforseo-bot)"
136.243.228.181 - - [01/May/2026:13:20:31 -0400] "GET /index.php/?items/K548814732/ HTTP/1.1" 404 1251 "-" "Mozilla/5.0 (compatible; DataForSeoBot/1.0; +https://dataforseo.com/dataforseo-bot)"
136.243.228.181 - - [01/May/2026:13:20:36 -0400] "GET /index.php/?items/K548673121/ HTTP/1.1" 404 1251 "-" "Mozilla/5.0 (compatible; DataForSeoBot/1.0; +https://dataforseo.com/dataforseo-bot)"
45.119.209.10 - - [01/May/2026:13:20:39 -0400] "POST /xmlrpc.php HTTP/1.1" 403 26 "-" "Mozilla/5.0 (Windows NT 10.0; Win64; x64) AppleWebKit/537.36 (KHTML, like Gecko) Chrome/65.0.3325.162 Safari/537.36"
136.243.228.181 - - [01/May/2026:13:20:40 -0400] "GET /index.php/?items/K544221172/ HTTP/1.1" 404 1251 "-" "Mozilla/5.0 (compatible; DataForSeoBot/1.0; +https://dataforseo.com/dataforseo-bot)"
112.204.168.183 - - [01/May/2026:13:20:44 -0400] "POST /xmlrpc.php HTTP/1.1" 403 22 "-" "Jetpack by WordPress.com"
136.243.228.181 - - [01/May/2026:13:20:45 -0400] "GET /index.php/?items/K544018765/ HTTP/1.1" 404 1251 "-" "Mozilla/5.0 (compatible; DataForSeoBot/1.0; +https://dataforseo.com/dataforseo-bot)"
136.243.228.181 - - [01/May/2026:13:20:51 -0400] "GET /index.php/?items/K549390413/ HTTP/1.1" 404 1251 "-" "Mozilla/5.0 (compatible; DataForSeoBot/1.0; +https://dataforseo.com/dataforseo-bot)"
112.204.168.183 - - [01/May/2026:13:20:54 -0400] "POST /xmlrpc.php HTTP/1.1" 403 22 "-" "WordPress.com; https://wordpress.com"
66.249.65.33 - - [01/May/2026:13:20:59 -0400] "GET /product/13124120250916041942 HTTP/1.1" 404 1251 "-" "Mozilla/5.0 (Linux; Android 6.0.1; Nexus 5X Build/MMB29P) AppleWebKit/537.36 (KHTML, like Gecko) Chrome/147.0.7727.137 Mobile Safari/537.36 (compatible; Googlebot/2.1; +http://www.google.com/bot.html)"
112.204.168.183 - - [01/May/2026:13:21:05 -0400] "POST /xmlrpc.php HTTP/1.1" 403 22 "-" "Jetpack by WordPress.com"
136.243.228.181 - - [01/May/2026:13:21:09 -0400] "GET /index.php/?items/K542463316/ HTTP/1.1" 404 1251 "-" "Mozilla/5.0 (compatible; DataForSeoBot/1.0; +https://dataforseo.com/dataforseo-bot)"
112.204.168.183 - - [01/May/2026:13:21:16 -0400] "POST /xmlrpc.php HTTP/1.1" 403 22 "-" "WordPress.com; https://wordpress.com"
136.243.228.181 - - [01/May/2026:13:21:25 -0400] "GET /index.php/?items/K542159399/ HTTP/1.1" 404 1251 "-" "Mozilla/5.0 (compatible; DataForSeoBot/1.0; +https://dataforseo.com/dataforseo-bot)"
136.243.228.181 - - [01/May/2026:13:21:29 -0400] "GET /index.php/?items/K542741165/ HTTP/1.1" 404 1251 "-" "Mozilla/5.0 (compatible; DataForSeoBot/1.0; +https://dataforseo.com/dataforseo-bot)"
112.204.168.183 - - [01/May/2026:13:21:37 -0400] "POST /xmlrpc.php HTTP/1.1" 403 22 "-" "Jetpack by WordPress.com"
136.243.228.181 - - [01/May/2026:13:21:41 -0400] "GET /index.php/?items/K547394831/ HTTP/1.1" 404 1251 "-" "Mozilla/5.0 (compatible; DataForSeoBot/1.0; +https://dataforseo.com/dataforseo-bot)"
136.243.228.181 - - [01/May/2026:13:21:53 -0400] "GET /index.php/?items/K546056761/ HTTP/1.1" 404 1251 "-" "Mozilla/5.0 (compatible; DataForSeoBot/1.0; +https://dataforseo.com/dataforseo-bot)"
112.204.168.183 - - [01/May/2026:13:21:58 -0400] "POST /xmlrpc.php HTTP/1.1" 403 22 "-" "WordPress.com; https://wordpress.com"
136.243.228.181 - - [01/May/2026:13:22:00 -0400] "GET /index.php/?items/K544661613/ HTTP/1.1" 404 1251 "-" "Mozilla/5.0 (compatible; DataForSeoBot/1.0; +https://dataforseo.com/dataforseo-bot)"
136.243.228.181 - - [01/May/2026:13:22:04 -0400] "GET /index.php/?items/K549453778/ HTTP/1.1" 404 1251 "-" "Mozilla/5.0 (compatible; DataForSeoBot/1.0; +https://dataforseo.com/dataforseo-bot)"
112.204.168.183 - - [01/May/2026:13:22:09 -0400] "POST /xmlrpc.php HTTP/1.1" 403 22 "-" "Jetpack/12.0; WordPress/6.2; http://site38120669.com"
136.243.228.181 - - [01/May/2026:13:22:13 -0400] "GET /index.php/?items/K543055117/ HTTP/1.1" 404 1251 "-" "Mozilla/5.0 (compatible; DataForSeoBot/1.0; +https://dataforseo.com/dataforseo-bot)"
112.204.168.183 - - [01/May/2026:13:22:30 -0400] "POST /xmlrpc.php HTTP/1.1" 403 22 "-" "Jetpack/12.1; WordPress/6.3; http://site29291675.com"
136.243.228.181 - - [01/May/2026:13:22:34 -0400] "GET /index.php/?items/K544937529/ HTTP/1.1" 404 1251 "-" "Mozilla/5.0 (compatible; DataForSeoBot/1.0; +https://dataforseo.com/dataforseo-bot)"
112.204.168.183 - - [01/May/2026:13:22:41 -0400] "POST /xmlrpc.php HTTP/1.1" 403 22 "-" "Jetpack by WordPress.com (Jetpack 12.0; WordPress 6.3)"
136.243.228.181 - - [01/May/2026:13:22:46 -0400] "GET /index.php/?items/K548050409/ HTTP/1.1" 404 1251 "-" "Mozilla/5.0 (compatible; DataForSeoBot/1.0; +https://dataforseo.com/dataforseo-bot)"
136.243.228.181 - - [01/May/2026:13:22:58 -0400] "GET /index.php/?items/K542821732/ HTTP/1.1" 404 1251 "-" "Mozilla/5.0 (compatible; DataForSeoBot/1.0; +https://dataforseo.com/dataforseo-bot)"
136.243.228.181 - - [01/May/2026:13:23:09 -0400] "GET /index.php/?items/K544348139/ HTTP/1.1" 404 1251 "-" "Mozilla/5.0 (compatible; DataForSeoBot/1.0; +https://dataforseo.com/dataforseo-bot)"
112.204.168.183 - - [01/May/2026:13:23:13 -0400] "POST /xmlrpc.php HTTP/1.1" 403 22 "-" "WordPress.com; https://wordpress.com"
136.243.228.181 - - [01/May/2026:13:23:14 -0400] "GET /index.php/?items/K542443728/ HTTP/1.1" 404 1251 "-" "Mozilla/5.0 (compatible; DataForSeoBot/1.0; +https://dataforseo.com/dataforseo-bot)"
136.243.228.181 - - [01/May/2026:13:23:21 -0400] "GET /index.php/?items/K545936875/ HTTP/1.1" 404 1251 "-" "Mozilla/5.0 (compatible; DataForSeoBot/1.0; +https://dataforseo.com/dataforseo-bot)"
136.243.228.181 - - [01/May/2026:13:23:29 -0400] "GET /index.php/?items/K544338272/ HTTP/1.1" 404 1251 "-" "Mozilla/5.0 (compatible; DataForSeoBot/1.0; +https://dataforseo.com/dataforseo-bot)"
136.243.228.181 - - [01/May/2026:13:23:38 -0400] "GET /index.php/?items/K545915045/ HTTP/1.1" 404 1251 "-" "Mozilla/5.0 (compatible; DataForSeoBot/1.0; +https://dataforseo.com/dataforseo-bot)"
136.243.228.181 - - [01/May/2026:13:23:42 -0400] "GET /index.php/?items/K545012559/ HTTP/1.1" 404 1251 "-" "Mozilla/5.0 (compatible; DataForSeoBot/1.0; +https://dataforseo.com/dataforseo-bot)"
112.204.168.183 - - [01/May/2026:13:23:45 -0400] "POST /xmlrpc.php HTTP/1.1" 403 22 "-" "Jetpack by WordPress.com"
136.243.228.181 - - [01/May/2026:13:23:46 -0400] "GET /index.php/?items/K546636632/ HTTP/1.1" 404 1251 "-" "Mozilla/5.0 (compatible; DataForSeoBot/1.0; +https://dataforseo.com/dataforseo-bot)"
74.125.210.193 - - [01/May/2026:13:23:50 -0400] "GET /_autoindex/assets/js/tablesort.js HTTP/1.1" 200 2137 "https://patrickspestsandplants.com/" "Mozilla/5.0 (X11; Linux x86_64) AppleWebKit/537.36 (KHTML, like Gecko) Chrome/129.0.0.0 Safari/537.36"
74.125.210.192 - - [01/May/2026:13:23:50 -0400] "GET /_autoindex/assets/icons/folder-fill.svg HTTP/1.1" 200 333 "https://patrickspestsandplants.com/" "Mozilla/5.0 (X11; Linux x86_64) AppleWebKit/537.36 (KHTML, like Gecko) Chrome/129.0.0.0 Safari/537.36"
74.125.210.193 - - [01/May/2026:13:23:50 -0400] "GET /_autoindex/assets/icons/file.svg HTTP/1.1" 200 354 "https://patrickspestsandplants.com/" "Mozilla/5.0 (X11; Linux x86_64) AppleWebKit/537.36 (KHTML, like Gecko) Chrome/129.0.0.0 Safari/537.36"
74.125.210.192 - - [01/May/2026:13:23:50 -0400] "GET /_autoindex/assets/icons/file-text.svg HTTP/1.1" 200 394 "https://patrickspestsandplants.com/" "Mozilla/5.0 (X11; Linux x86_64) AppleWebKit/537.36 (KHTML, like Gecko) Chrome/129.0.0.0 Safari/537.36"
136.243.228.181 - - [01/May/2026:13:23:54 -0400] "GET /index.php/?items/K542177861/ HTTP/1.1" 404 1251 "-" "Mozilla/5.0 (compatible; DataForSeoBot/1.0; +https://dataforseo.com/dataforseo-bot)"
136.243.228.181 - - [01/May/2026:13:23:57 -0400] "GET /index.php/?items/K541320841/ HTTP/1.1" 404 1251 "-" "Mozilla/5.0 (compatible; DataForSeoBot/1.0; +https://dataforseo.com/dataforseo-bot)"
136.243.228.181 - - [01/May/2026:13:24:02 -0400] "GET /index.php/?items/K547185853/ HTTP/1.1" 404 1251 "-" "Mozilla/5.0 (compatible; DataForSeoBot/1.0; +https://dataforseo.com/dataforseo-bot)"
136.243.228.181 - - [01/May/2026:13:22:38 -0400] "GET /index.php/?items/K544312358/ HTTP/1.1" 404 1251 "-" "Mozilla/5.0 (compatible; DataForSeoBot/1.0; +https://dataforseo.com/dataforseo-bot)"
136.243.228.181 - - [01/May/2026:13:22:42 -0400] "GET /index.php/?items/K544754000/ HTTP/1.1" 404 1251 "-" "Mozilla/5.0 (compatible; DataForSeoBot/1.0; +https://dataforseo.com/dataforseo-bot)"
136.243.228.181 - - [01/May/2026:13:22:50 -0400] "GET /index.php/?items/K548416956/ HTTP/1.1" 404 1251 "-" "Mozilla/5.0 (compatible; DataForSeoBot/1.0; +https://dataforseo.com/dataforseo-bot)"
112.204.168.183 - - [01/May/2026:13:22:52 -0400] "POST /xmlrpc.php HTTP/1.1" 403 22 "-" "Jetpack by WordPress.com (Jetpack 13.0; WordPress 6.3)"
136.243.228.181 - - [01/May/2026:13:22:54 -0400] "GET /index.php/?items/K547252643/ HTTP/1.1" 404 1251 "-" "Mozilla/5.0 (compatible; DataForSeoBot/1.0; +https://dataforseo.com/dataforseo-bot)"
47.163.39.246 - - [01/May/2026:13:22:59 -0400] "POST /xmlrpc.php HTTP/1.1" 403 26 "-" "Mozilla/5.0 (Windows NT 10.0) AppleWebKit/537.36 (KHTML, like Gecko) Chrome/65.0.3325.181 Safari/537.36"
136.243.228.181 - - [01/May/2026:13:23:02 -0400] "GET /index.php/?items/K543102455/ HTTP/1.1" 404 1251 "-" "Mozilla/5.0 (compatible; DataForSeoBot/1.0; +https://dataforseo.com/dataforseo-bot)"
112.204.168.183 - - [01/May/2026:13:23:02 -0400] "POST /xmlrpc.php HTTP/1.1" 403 22 "-" "WordPress.com; https://wordpress.com"
136.243.228.181 - - [01/May/2026:13:23:06 -0400] "GET /index.php/?items/K542638361/ HTTP/1.1" 404 1251 "-" "Mozilla/5.0 (compatible; DataForSeoBot/1.0; +https://dataforseo.com/dataforseo-bot)"
136.243.228.181 - - [01/May/2026:13:23:18 -0400] "GET /index.php/?items/K548214998/ HTTP/1.1" 404 1251 "-" "Mozilla/5.0 (compatible; DataForSeoBot/1.0; +https://dataforseo.com/dataforseo-bot)"
112.204.168.183 - - [01/May/2026:13:23:24 -0400] "POST /xmlrpc.php HTTP/1.1" 403 22 "-" "Jetpack/13.0; WordPress/6.3; http://site27741142.com"
136.243.228.181 - - [01/May/2026:13:23:26 -0400] "GET /index.php/?items/K545590210/ HTTP/1.1" 404 1251 "-" "Mozilla/5.0 (compatible; DataForSeoBot/1.0; +https://dataforseo.com/dataforseo-bot)"
112.204.168.183 - - [01/May/2026:13:23:34 -0400] "POST /xmlrpc.php HTTP/1.1" 403 22 "-" "Jetpack/13.0; WordPress/6.3; http://site16506336.com"
136.243.228.181 - - [01/May/2026:13:23:35 -0400] "GET /index.php/?items/K546260313/ HTTP/1.1" 404 1251 "-" "Mozilla/5.0 (compatible; DataForSeoBot/1.0; +https://dataforseo.com/dataforseo-bot)"
136.243.228.181 - - [01/May/2026:13:23:49 -0400] "GET /index.php/?items/K548078892/ HTTP/1.1" 404 1251 "-" "Mozilla/5.0 (compatible; DataForSeoBot/1.0; +https://dataforseo.com/dataforseo-bot)"
74.125.210.193 - - [01/May/2026:13:23:50 -0400] "GET / HTTP/1.1" 200 1842 "-" "Mozilla/5.0 (X11; Linux x86_64) AppleWebKit/537.36 (KHTML, like Gecko) Chrome/129.0.0.0 Safari/537.36"
