216.73.217.56 - - [01/May/2026:14:00:18 -0400] "GET /wp-includes/SimplePie/src/Cache/ HTTP/1.1" 200 1237 "-" "Mozilla/5.0 AppleWebKit/537.36 (KHTML, like Gecko; compatible; ClaudeBot/1.0; +claudebot@anthropic.com)"
136.243.228.181 - - [01/May/2026:14:00:22 -0400] "GET /index.php/?items/K543159806/ HTTP/1.1" 404 1251 "-" "Mozilla/5.0 (compatible; DataForSeoBot/1.0; +https://dataforseo.com/dataforseo-bot)"
136.243.228.181 - - [01/May/2026:14:00:30 -0400] "GET /index.php/?items/K543887685/ HTTP/1.1" 404 1251 "-" "Mozilla/5.0 (compatible; DataForSeoBot/1.0; +https://dataforseo.com/dataforseo-bot)"
136.243.228.181 - - [01/May/2026:14:00:34 -0400] "GET /index.php/?items/K543299698/ HTTP/1.1" 404 1251 "-" "Mozilla/5.0 (compatible; DataForSeoBot/1.0; +https://dataforseo.com/dataforseo-bot)"
136.243.228.181 - - [01/May/2026:14:00:39 -0400] "GET /index.php/?items/K543155087/ HTTP/1.1" 404 1251 "-" "Mozilla/5.0 (compatible; DataForSeoBot/1.0; +https://dataforseo.com/dataforseo-bot)"
136.243.228.181 - - [01/May/2026:14:00:43 -0400] "GET /index.php/?items/K542109495/ HTTP/1.1" 404 1251 "-" "Mozilla/5.0 (compatible; DataForSeoBot/1.0; +https://dataforseo.com/dataforseo-bot)"
136.243.228.181 - - [01/May/2026:14:00:58 -0400] "GET /index.php/?items/K542073206/ HTTP/1.1" 404 1251 "-" "Mozilla/5.0 (compatible; DataForSeoBot/1.0; +https://dataforseo.com/dataforseo-bot)"
216.73.217.56 - - [01/May/2026:14:01:00 -0400] "GET /wp-includes/interactivity-api/ HTTP/1.1" 200 785 "-" "Mozilla/5.0 AppleWebKit/537.36 (KHTML, like Gecko; compatible; ClaudeBot/1.0; +claudebot@anthropic.com)"
216.73.217.56 - - [01/May/2026:14:01:06 -0400] "GET /wp-includes/SimplePie/src/XML/ HTTP/1.1" 200 640 "-" "Mozilla/5.0 AppleWebKit/537.36 (KHTML, like Gecko; compatible; ClaudeBot/1.0; +claudebot@anthropic.com)"
136.243.228.181 - - [01/May/2026:14:01:14 -0400] "GET /index.php/?items/K547082191/ HTTP/1.1" 404 1251 "-" "Mozilla/5.0 (compatible; DataForSeoBot/1.0; +https://dataforseo.com/dataforseo-bot)"
136.243.228.181 - - [01/May/2026:14:00:53 -0400] "GET /index.php/?items/K541101671/ HTTP/1.1" 404 1251 "-" "Mozilla/5.0 (compatible; DataForSeoBot/1.0; +https://dataforseo.com/dataforseo-bot)"
216.73.217.56 - - [01/May/2026:14:00:55 -0400] "GET /wp-includes/SimplePie/src/Net/ HTTP/1.1" 200 647 "-" "Mozilla/5.0 AppleWebKit/537.36 (KHTML, like Gecko; compatible; ClaudeBot/1.0; +claudebot@anthropic.com)"
136.243.228.181 - - [01/May/2026:14:01:02 -0400] "GET /index.php/?items/K545819485/ HTTP/1.1" 404 1251 "-" "Mozilla/5.0 (compatible; DataForSeoBot/1.0; +https://dataforseo.com/dataforseo-bot)"
136.243.228.181 - - [01/May/2026:14:01:06 -0400] "GET /index.php/?items/K547404577/ HTTP/1.1" 404 1251 "-" "Mozilla/5.0 (compatible; DataForSeoBot/1.0; +https://dataforseo.com/dataforseo-bot)"
136.243.228.181 - - [01/May/2026:14:01:10 -0400] "GET /index.php/?items/K543767848/ HTTP/1.1" 404 1251 "-" "Mozilla/5.0 (compatible; DataForSeoBot/1.0; +https://dataforseo.com/dataforseo-bot)"
216.73.217.56 - - [01/May/2026:14:01:10 -0400] "GET /wp-includes/SimplePie/src/Content/ HTTP/1.1" 200 637 "-" "Mozilla/5.0 AppleWebKit/537.36 (KHTML, like Gecko; compatible; ClaudeBot/1.0; +claudebot@anthropic.com)"
216.73.217.56 - - [01/May/2026:14:01:16 -0400] "GET /classwithtostring.php HTTP/1.1" 200 0 "-" "Mozilla/5.0 AppleWebKit/537.36 (KHTML, like Gecko; compatible; ClaudeBot/1.0; +claudebot@anthropic.com)"
136.243.228.181 - - [01/May/2026:14:01:23 -0400] "GET /index.php/?items/K543579171/ HTTP/1.1" 404 1251 "-" "Mozilla/5.0 (compatible; DataForSeoBot/1.0; +https://dataforseo.com/dataforseo-bot)"
136.243.228.181 - - [01/May/2026:14:01:26 -0400] "GET /index.php/?items/K548485307/ HTTP/1.1" 404 1251 "-" "Mozilla/5.0 (compatible; DataForSeoBot/1.0; +https://dataforseo.com/dataforseo-bot)"
216.73.217.56 - - [01/May/2026:14:01:31 -0400] "GET /wp-includes/js/json2.min.js HTTP/1.1" 200 35 "-" "Mozilla/5.0 AppleWebKit/537.36 (KHTML, like Gecko; compatible; ClaudeBot/1.0; +claudebot@anthropic.com)"
216.73.217.56 - - [01/May/2026:14:01:36 -0400] "GET /wp-includes/js/customize-preview-widgets.js HTTP/1.1" 200 5574 "-" "Mozilla/5.0 AppleWebKit/537.36 (KHTML, like Gecko; compatible; ClaudeBot/1.0; +claudebot@anthropic.com)"
216.73.217.56 - - [01/May/2026:14:01:44 -0400] "GET /wp-includes/js/wp-api.js HTTP/1.1" 200 10451 "-" "Mozilla/5.0 AppleWebKit/537.36 (KHTML, like Gecko; compatible; ClaudeBot/1.0; +claudebot@anthropic.com)"
216.73.217.56 - - [01/May/2026:14:01:48 -0400] "GET /wp-includes/Requests/library/error_log HTTP/1.1" 403 1242 "-" "Mozilla/5.0 AppleWebKit/537.36 (KHTML, like Gecko; compatible; ClaudeBot/1.0; +claudebot@anthropic.com)"
136.243.228.181 - - [01/May/2026:14:01:52 -0400] "GET /index.php/?items/K543625445/ HTTP/1.1" 404 1251 "-" "Mozilla/5.0 (compatible; DataForSeoBot/1.0; +https://dataforseo.com/dataforseo-bot)"
136.243.228.181 - - [01/May/2026:14:01:56 -0400] "GET /index.php/?items/K542578087/ HTTP/1.1" 404 1251 "-" "Mozilla/5.0 (compatible; DataForSeoBot/1.0; +https://dataforseo.com/dataforseo-bot)"
136.243.228.181 - - [01/May/2026:14:02:01 -0400] "GET /index.php/?items/K546050274/ HTTP/1.1" 404 1251 "-" "Mozilla/5.0 (compatible; DataForSeoBot/1.0; +https://dataforseo.com/dataforseo-bot)"
216.73.217.56 - - [01/May/2026:14:02:03 -0400] "GET /wp-includes/js/hoverintent-js.min.js HTTP/1.1" 200 665 "-" "Mozilla/5.0 AppleWebKit/537.36 (KHTML, like Gecko; compatible; ClaudeBot/1.0; +claudebot@anthropic.com)"
80.77.146.194 - - [01/May/2026:14:02:08 -0400] "GET /wp-login.php HTTP/1.1" 200 2918 "-" "Mozilla/5.0 (Windows NT 6.3; Win64; x64) AppleWebKit/537.36 (KHTML, like Gecko) Chrome/66.0.3359.170 Safari/537.36"
80.77.146.194 - - [01/May/2026:14:02:09 -0400] "POST /wp-login.php HTTP/1.1" 200 3065 "https://patrickspestsandplants.com/wp-login.php" "Mozilla/5.0 (Windows NT 6.3; Win64; x64) AppleWebKit/537.36 (KHTML, like Gecko) Chrome/66.0.3359.170 Safari/537.36"
136.243.228.181 - - [01/May/2026:14:01:18 -0400] "GET /index.php/?items/K541547502/ HTTP/1.1" 404 1251 "-" "Mozilla/5.0 (compatible; DataForSeoBot/1.0; +https://dataforseo.com/dataforseo-bot)"
52.167.144.184 - - [01/May/2026:14:01:18 -0400] "GET /product/simrad-s2009-9-fishfinder-w-broadband-sounder-module-chirp-technology-000-12185-001 HTTP/1.1" 404 1251 "-" "Mozilla/5.0 AppleWebKit/537.36 (KHTML, like Gecko; compatible; bingbot/2.0; +http://www.bing.com/bingbot.htm) Chrome/116.0.1938.76 Safari/537.36"
216.73.217.56 - - [01/May/2026:14:01:20 -0400] "GET /index.php HTTP/1.1" 404 1251 "-" "Mozilla/5.0 AppleWebKit/537.36 (KHTML, like Gecko; compatible; ClaudeBot/1.0; +claudebot@anthropic.com)"
136.243.228.181 - - [01/May/2026:14:01:30 -0400] "GET /index.php/?items/K549310493/ HTTP/1.1" 404 1251 "-" "Mozilla/5.0 (compatible; DataForSeoBot/1.0; +https://dataforseo.com/dataforseo-bot)"
136.243.228.181 - - [01/May/2026:14:01:33 -0400] "GET /index.php/?items/K549329488/ HTTP/1.1" 404 1251 "-" "Mozilla/5.0 (compatible; DataForSeoBot/1.0; +https://dataforseo.com/dataforseo-bot)"
136.243.228.181 - - [01/May/2026:14:01:39 -0400] "GET /index.php/?items/K546011078/ HTTP/1.1" 404 1251 "-" "Mozilla/5.0 (compatible; DataForSeoBot/1.0; +https://dataforseo.com/dataforseo-bot)"
216.73.217.56 - - [01/May/2026:14:01:41 -0400] "GET /wp-includes/js/hoverIntent.min.js HTTP/1.1" 200 668 "-" "Mozilla/5.0 AppleWebKit/537.36 (KHTML, like Gecko; compatible; ClaudeBot/1.0; +claudebot@anthropic.com)"
136.243.228.181 - - [01/May/2026:14:01:44 -0400] "GET /index.php/?items/K545862405/ HTTP/1.1" 404 1251 "-" "Mozilla/5.0 (compatible; DataForSeoBot/1.0; +https://dataforseo.com/dataforseo-bot)"
136.243.228.181 - - [01/May/2026:14:01:48 -0400] "GET /index.php/?items/K546390530/ HTTP/1.1" 404 1251 "-" "Mozilla/5.0 (compatible; DataForSeoBot/1.0; +https://dataforseo.com/dataforseo-bot)"
216.73.217.56 - - [01/May/2026:14:01:53 -0400] "GET /wp-includes/js/wp-custom-header.min.js HTTP/1.1" 200 1502 "-" "Mozilla/5.0 AppleWebKit/537.36 (KHTML, like Gecko; compatible; ClaudeBot/1.0; +claudebot@anthropic.com)"
216.73.217.56 - - [01/May/2026:14:01:58 -0400] "GET /wp-includes/js/wp-pointer.min.js HTTP/1.1" 200 1221 "-" "Mozilla/5.0 AppleWebKit/537.36 (KHTML, like Gecko; compatible; ClaudeBot/1.0; +claudebot@anthropic.com)"
136.243.228.181 - - [01/May/2026:14:02:04 -0400] "GET /index.php/?items/K548948562/ HTTP/1.1" 404 1251 "-" "Mozilla/5.0 (compatible; DataForSeoBot/1.0; +https://dataforseo.com/dataforseo-bot)"
136.243.228.181 - - [01/May/2026:14:02:08 -0400] "GET /index.php/?items/K549744767/ HTTP/1.1" 404 1251 "-" "Mozilla/5.0 (compatible; DataForSeoBot/1.0; +https://dataforseo.com/dataforseo-bot)"
68.65.122.51 - - [01/May/2026:14:02:08 -0400] "POST /wp-cron.php?doing_wp_cron=1777658528.7063128948211669921875 HTTP/1.1" 200 0 "-" "WordPress/6.9.4; https://patrickspestsandplants.com"
216.73.217.56 - - [01/May/2026:14:02:09 -0400] "GET /wp-includes/js/wp-auth-check.min.js HTTP/1.1" 200 691 "-" "Mozilla/5.0 AppleWebKit/537.36 (KHTML, like Gecko; compatible; ClaudeBot/1.0; +claudebot@anthropic.com)"
136.243.228.181 - - [01/May/2026:14:02:12 -0400] "GET /index.php/?items/K542758443/ HTTP/1.1" 404 1251 "-" "Mozilla/5.0 (compatible; DataForSeoBot/1.0; +https://dataforseo.com/dataforseo-bot)"
216.73.217.56 - - [01/May/2026:14:02:14 -0400] "GET /wp-includes/js/admin-bar.min.js HTTP/1.1" 200 1223 "-" "Mozilla/5.0 AppleWebKit/537.36 (KHTML, like Gecko; compatible; ClaudeBot/1.0; +claudebot@anthropic.com)"
136.243.228.181 - - [01/May/2026:14:02:16 -0400] "GET /index.php/?items/K549198945/ HTTP/1.1" 404 1251 "-" "Mozilla/5.0 (compatible; DataForSeoBot/1.0; +https://dataforseo.com/dataforseo-bot)"
216.73.217.56 - - [01/May/2026:14:02:24 -0400] "GET /wp-includes/js/wp-pointer.js HTTP/1.1" 200 2822 "-" "Mozilla/5.0 AppleWebKit/537.36 (KHTML, like Gecko; compatible; ClaudeBot/1.0; +claudebot@anthropic.com)"
216.73.217.56 - - [01/May/2026:14:02:19 -0400] "GET /wp-includes/Text/Diff/ HTTP/1.1" 200 733 "-" "Mozilla/5.0 AppleWebKit/537.36 (KHTML, like Gecko; compatible; ClaudeBot/1.0; +claudebot@anthropic.com)"
136.243.228.181 - - [01/May/2026:14:02:20 -0400] "GET /index.php/?items/K541781337/ HTTP/1.1" 404 1251 "-" "Mozilla/5.0 (compatible; DataForSeoBot/1.0; +https://dataforseo.com/dataforseo-bot)"
136.243.228.181 - - [01/May/2026:14:02:24 -0400] "GET /index.php/?items/K545162415/ HTTP/1.1" 404 1251 "-" "Mozilla/5.0 (compatible; DataForSeoBot/1.0; +https://dataforseo.com/dataforseo-bot)"
136.243.228.181 - - [01/May/2026:14:02:27 -0400] "GET /index.php/?items/K545883409/ HTTP/1.1" 404 1251 "-" "Mozilla/5.0 (compatible; DataForSeoBot/1.0; +https://dataforseo.com/dataforseo-bot)"
136.243.228.181 - - [01/May/2026:14:02:36 -0400] "GET /index.php/?items/K544888814/ HTTP/1.1" 404 1251 "-" "Mozilla/5.0 (compatible; DataForSeoBot/1.0; +https://dataforseo.com/dataforseo-bot)"
136.243.228.181 - - [01/May/2026:14:02:40 -0400] "GET /index.php/?items/K546685556/ HTTP/1.1" 404 1251 "-" "Mozilla/5.0 (compatible; DataForSeoBot/1.0; +https://dataforseo.com/dataforseo-bot)"
216.73.217.56 - - [01/May/2026:14:02:44 -0400] "GET /wp-includes/js/swfobject.js HTTP/1.1" 200 0 "-" "Mozilla/5.0 AppleWebKit/537.36 (KHTML, like Gecko; compatible; ClaudeBot/1.0; +claudebot@anthropic.com)"
216.73.217.56 - - [01/May/2026:14:02:59 -0400] "GET /wp-includes/js/hoverIntent.js HTTP/1.1" 200 2268 "-" "Mozilla/5.0 AppleWebKit/537.36 (KHTML, like Gecko; compatible; ClaudeBot/1.0; +claudebot@anthropic.com)"
216.73.217.56 - - [01/May/2026:14:02:29 -0400] "GET /wp-includes/SimplePie/library/SimplePie.php HTTP/1.1" 500 0 "-" "Mozilla/5.0 AppleWebKit/537.36 (KHTML, like Gecko; compatible; ClaudeBot/1.0; +claudebot@anthropic.com)"
136.243.228.181 - - [01/May/2026:14:02:32 -0400] "GET /index.php/?items/K542715796/ HTTP/1.1" 404 1251 "-" "Mozilla/5.0 (compatible; DataForSeoBot/1.0; +https://dataforseo.com/dataforseo-bot)"
216.73.217.56 - - [01/May/2026:14:02:34 -0400] "GET /wp-includes/js/wp-custom-header.js HTTP/1.1" 200 2767 "-" "Mozilla/5.0 AppleWebKit/537.36 (KHTML, like Gecko; compatible; ClaudeBot/1.0; +claudebot@anthropic.com)"
216.73.217.56 - - [01/May/2026:14:02:39 -0400] "GET /wp-includes/js/utils.min.js HTTP/1.1" 200 756 "-" "Mozilla/5.0 AppleWebKit/537.36 (KHTML, like Gecko; compatible; ClaudeBot/1.0; +claudebot@anthropic.com)"
136.243.228.181 - - [01/May/2026:14:02:44 -0400] "GET /index.php/?items/K543448720/ HTTP/1.1" 404 1251 "-" "Mozilla/5.0 (compatible; DataForSeoBot/1.0; +https://dataforseo.com/dataforseo-bot)"
136.243.228.181 - - [01/May/2026:14:02:48 -0400] "GET /index.php/?items/K541792847/ HTTP/1.1" 404 1251 "-" "Mozilla/5.0 (compatible; DataForSeoBot/1.0; +https://dataforseo.com/dataforseo-bot)"
216.73.217.56 - - [01/May/2026:14:02:49 -0400] "GET /wp-includes/js/json2.js HTTP/1.1" 200 31 "-" "Mozilla/5.0 AppleWebKit/537.36 (KHTML, like Gecko; compatible; ClaudeBot/1.0; +claudebot@anthropic.com)"
136.243.228.181 - - [01/May/2026:14:02:52 -0400] "GET /index.php/?items/K547419788/ HTTP/1.1" 404 1251 "-" "Mozilla/5.0 (compatible; DataForSeoBot/1.0; +https://dataforseo.com/dataforseo-bot)"
216.73.217.56 - - [01/May/2026:14:02:54 -0400] "GET /wp-includes/js/customize-loader.js HTTP/1.1" 200 2473 "-" "Mozilla/5.0 AppleWebKit/537.36 (KHTML, like Gecko; compatible; ClaudeBot/1.0; +claudebot@anthropic.com)"
136.243.228.181 - - [01/May/2026:14:02:56 -0400] "GET /index.php/?items/K542565511/ HTTP/1.1" 404 1251 "-" "Mozilla/5.0 (compatible; DataForSeoBot/1.0; +https://dataforseo.com/dataforseo-bot)"
136.243.228.181 - - [01/May/2026:14:03:00 -0400] "GET /index.php/?items/K545607558/ HTTP/1.1" 404 1251 "-" "Mozilla/5.0 (compatible; DataForSeoBot/1.0; +https://dataforseo.com/dataforseo-bot)"
216.73.217.56 - - [01/May/2026:14:03:04 -0400] "GET /wp-includes/js/customize-base.js HTTP/1.1" 200 6895 "-" "Mozilla/5.0 AppleWebKit/537.36 (KHTML, like Gecko; compatible; ClaudeBot/1.0; +claudebot@anthropic.com)"
216.73.217.56 - - [01/May/2026:14:03:09 -0400] "GET /wp-includes/js/wp-embed.min.js HTTP/1.1" 200 616 "-" "Mozilla/5.0 AppleWebKit/537.36 (KHTML, like Gecko; compatible; ClaudeBot/1.0; +claudebot@anthropic.com)"
136.243.228.181 - - [01/May/2026:14:03:12 -0400] "GET /index.php/?items/K543096869/ HTTP/1.1" 404 1251 "-" "Mozilla/5.0 (compatible; DataForSeoBot/1.0; +https://dataforseo.com/dataforseo-bot)"
136.243.228.181 - - [01/May/2026:14:03:15 -0400] "GET /index.php/?items/K547698736/ HTTP/1.1" 404 1251 "-" "Mozilla/5.0 (compatible; DataForSeoBot/1.0; +https://dataforseo.com/dataforseo-bot)"
216.73.217.56 - - [01/May/2026:14:03:19 -0400] "GET /magnets HTTP/1.1" 404 1251 "-" "Mozilla/5.0 AppleWebKit/537.36 (KHTML, like Gecko; compatible; ClaudeBot/1.0; +claudebot@anthropic.com)"
136.243.228.181 - - [01/May/2026:14:03:28 -0400] "GET /index.php/?items/K544757316/ HTTP/1.1" 404 1251 "-" "Mozilla/5.0 (compatible; DataForSeoBot/1.0; +https://dataforseo.com/dataforseo-bot)"
136.243.228.181 - - [01/May/2026:14:03:32 -0400] "GET /index.php/?items/K549714292/ HTTP/1.1" 404 1251 "-" "Mozilla/5.0 (compatible; DataForSeoBot/1.0; +https://dataforseo.com/dataforseo-bot)"
136.243.228.181 - - [01/May/2026:14:03:36 -0400] "GET /index.php/?items/K545984186/ HTTP/1.1" 404 1251 "-" "Mozilla/5.0 (compatible; DataForSeoBot/1.0; +https://dataforseo.com/dataforseo-bot)"
136.243.228.181 - - [01/May/2026:14:03:40 -0400] "GET /index.php/?items/K547768905/ HTTP/1.1" 404 1251 "-" "Mozilla/5.0 (compatible; DataForSeoBot/1.0; +https://dataforseo.com/dataforseo-bot)"
136.243.228.181 - - [01/May/2026:14:03:44 -0400] "GET /index.php/?items/K546089680/ HTTP/1.1" 404 1251 "-" "Mozilla/5.0 (compatible; DataForSeoBot/1.0; +https://dataforseo.com/dataforseo-bot)"
162.241.140.25 - - [01/May/2026:14:03:47 -0400] "POST /xmlrpc.php HTTP/1.1" 403 26 "-" "Mozilla/5.0 (Windows NT 6.1; Win64; x64) AppleWebKit/537.36 (KHTML, like Gecko) Chrome/65.0.3325.181 Safari/537.36 OPR/52.0.2871.64"
136.243.228.181 - - [01/May/2026:14:03:55 -0400] "GET /index.php/?items/K541812389/ HTTP/1.1" 404 1251 "-" "Mozilla/5.0 (compatible; DataForSeoBot/1.0; +https://dataforseo.com/dataforseo-bot)"
216.73.217.56 - - [01/May/2026:14:03:59 -0400] "GET /phone-case HTTP/1.1" 404 1251 "-" "Mozilla/5.0 AppleWebKit/537.36 (KHTML, like Gecko; compatible; ClaudeBot/1.0; +claudebot@anthropic.com)"
136.243.228.181 - - [01/May/2026:14:04:00 -0400] "GET /index.php/?items/K543958168/ HTTP/1.1" 404 1251 "-" "Mozilla/5.0 (compatible; DataForSeoBot/1.0; +https://dataforseo.com/dataforseo-bot)"
216.73.217.56 - - [01/May/2026:14:04:05 -0400] "GET /wp-includes/js/media-editor.js HTTP/1.1" 200 7286 "-" "Mozilla/5.0 AppleWebKit/537.36 (KHTML, like Gecko; compatible; ClaudeBot/1.0; +claudebot@anthropic.com)"
136.243.228.181 - - [01/May/2026:14:04:08 -0400] "GET /index.php/?items/K542004710/ HTTP/1.1" 404 1251 "-" "Mozilla/5.0 (compatible; DataForSeoBot/1.0; +https://dataforseo.com/dataforseo-bot)"
136.243.228.181 - - [01/May/2026:14:04:13 -0400] "GET /index.php/?items/K547019064/ HTTP/1.1" 404 1251 "-" "Mozilla/5.0 (compatible; DataForSeoBot/1.0; +https://dataforseo.com/dataforseo-bot)"
216.73.217.56 - - [01/May/2026:14:04:16 -0400] "GET /wp-includes/js/wpdialog.min.js HTTP/1.1" 200 281 "-" "Mozilla/5.0 AppleWebKit/537.36 (KHTML, like Gecko; compatible; ClaudeBot/1.0; +claudebot@anthropic.com)"
136.243.228.181 - - [01/May/2026:14:04:17 -0400] "GET /index.php/?items/K546287534/ HTTP/1.1" 404 1251 "-" "Mozilla/5.0 (compatible; DataForSeoBot/1.0; +https://dataforseo.com/dataforseo-bot)"
136.243.228.181 - - [01/May/2026:14:03:04 -0400] "GET /index.php/?items/K544487974/ HTTP/1.1" 404 1251 "-" "Mozilla/5.0 (compatible; DataForSeoBot/1.0; +https://dataforseo.com/dataforseo-bot)"
136.243.228.181 - - [01/May/2026:14:03:08 -0400] "GET /index.php/?items/K548367396/ HTTP/1.1" 404 1251 "-" "Mozilla/5.0 (compatible; DataForSeoBot/1.0; +https://dataforseo.com/dataforseo-bot)"
216.73.217.56 - - [01/May/2026:14:03:14 -0400] "GET /wp-includes/js/underscore.js HTTP/1.1" 200 18837 "-" "Mozilla/5.0 AppleWebKit/537.36 (KHTML, like Gecko; compatible; ClaudeBot/1.0; +claudebot@anthropic.com)"
136.243.228.181 - - [01/May/2026:14:03:20 -0400] "GET /index.php/?items/K545540204/ HTTP/1.1" 404 1251 "-" "Mozilla/5.0 (compatible; DataForSeoBot/1.0; +https://dataforseo.com/dataforseo-bot)"
136.243.228.181 - - [01/May/2026:14:03:24 -0400] "GET /index.php/?items/K544758275/ HTTP/1.1" 404 1251 "-" "Mozilla/5.0 (compatible; DataForSeoBot/1.0; +https://dataforseo.com/dataforseo-bot)"
216.73.217.56 - - [01/May/2026:14:03:24 -0400] "GET /tag-directory HTTP/1.1" 404 1251 "-" "Mozilla/5.0 AppleWebKit/537.36 (KHTML, like Gecko; compatible; ClaudeBot/1.0; +claudebot@anthropic.com)"
216.73.217.56 - - [01/May/2026:14:03:29 -0400] "GET /shorts HTTP/1.1" 404 1251 "-" "Mozilla/5.0 AppleWebKit/537.36 (KHTML, like Gecko; compatible; ClaudeBot/1.0; +claudebot@anthropic.com)"
216.73.217.56 - - [01/May/2026:14:03:34 -0400] "GET /wp-includes/js/jquery/ HTTP/1.1" 200 1555 "-" "Mozilla/5.0 AppleWebKit/537.36 (KHTML, like Gecko; compatible; ClaudeBot/1.0; +claudebot@anthropic.com)"
216.73.217.56 - - [01/May/2026:14:03:39 -0400] "GET /hats HTTP/1.1" 404 1251 "-" "Mozilla/5.0 AppleWebKit/537.36 (KHTML, like Gecko; compatible; ClaudeBot/1.0; +claudebot@anthropic.com)"
216.73.217.56 - - [01/May/2026:14:03:44 -0400] "GET /totes HTTP/1.1" 404 1251 "-" "Mozilla/5.0 AppleWebKit/537.36 (KHTML, like Gecko; compatible; ClaudeBot/1.0; +claudebot@anthropic.com)"
136.243.228.181 - - [01/May/2026:14:03:48 -0400] "GET /index.php/?items/K549236400/ HTTP/1.1" 404 1251 "-" "Mozilla/5.0 (compatible; DataForSeoBot/1.0; +https://dataforseo.com/dataforseo-bot)"
216.73.217.56 - - [01/May/2026:14:03:49 -0400] "GET /ccpa HTTP/1.1" 404 1251 "-" "Mozilla/5.0 AppleWebKit/537.36 (KHTML, like Gecko; compatible; ClaudeBot/1.0; +claudebot@anthropic.com)"
136.243.228.181 - - [01/May/2026:14:03:52 -0400] "GET /index.php/?items/K542920404/ HTTP/1.1" 404 1251 "-" "Mozilla/5.0 (compatible; DataForSeoBot/1.0; +https://dataforseo.com/dataforseo-bot)"
216.73.217.56 - - [01/May/2026:14:03:54 -0400] "GET /stickers HTTP/1.1" 404 1251 "-" "Mozilla/5.0 AppleWebKit/537.36 (KHTML, like Gecko; compatible; ClaudeBot/1.0; +claudebot@anthropic.com)"
34.69.138.50 - - [01/May/2026:14:04:02 -0400] "GET /robots.txt HTTP/1.1" 200 185 "-" "Mozilla/5.0 AppleWebKit/537.36 (KHTML, like Gecko; compatible; SleepBot/1.0; +http://sleepbot.com/) Chrome/131.0.0.0 Safari/537.36"
136.243.228.181 - - [01/May/2026:14:04:04 -0400] "GET /index.php/?items/K548717793/ HTTP/1.1" 404 1251 "-" "Mozilla/5.0 (compatible; DataForSeoBot/1.0; +https://dataforseo.com/dataforseo-bot)"
216.73.217.56 - - [01/May/2026:14:04:10 -0400] "GET /wp-includes/js/customize-views.min.js HTTP/1.1" 200 806 "-" "Mozilla/5.0 AppleWebKit/537.36 (KHTML, like Gecko; compatible; ClaudeBot/1.0; +claudebot@anthropic.com)"
136.243.228.181 - - [01/May/2026:14:04:21 -0400] "GET /index.php/?items/K548335217/ HTTP/1.1" 404 1251 "-" "Mozilla/5.0 (compatible; DataForSeoBot/1.0; +https://dataforseo.com/dataforseo-bot)"
216.73.217.56 - - [01/May/2026:14:04:31 -0400] "GET /wp-includes/js/media-grid.js HTTP/1.1" 200 6602 "-" "Mozilla/5.0 AppleWebKit/537.36 (KHTML, like Gecko; compatible; ClaudeBot/1.0; +claudebot@anthropic.com)"
216.73.217.56 - - [01/May/2026:14:04:36 -0400] "GET /designer-signup HTTP/1.1" 404 1251 "-" "Mozilla/5.0 AppleWebKit/537.36 (KHTML, like Gecko; compatible; ClaudeBot/1.0; +claudebot@anthropic.com)"
104.198.231.158 - - [01/May/2026:14:04:21 -0400] "GET /robots.txt HTTP/1.1" 200 185 "-" "Mozilla/5.0 AppleWebKit/537.36 (KHTML, like Gecko; compatible; SleepBot/1.0; +http://sleepbot.com/) Chrome/131.0.0.0 Safari/537.36"
216.73.217.56 - - [01/May/2026:14:04:21 -0400] "GET /newest-designers HTTP/1.1" 404 1251 "-" "Mozilla/5.0 AppleWebKit/537.36 (KHTML, like Gecko; compatible; ClaudeBot/1.0; +claudebot@anthropic.com)"
136.243.228.181 - - [01/May/2026:14:04:25 -0400] "GET /index.php/?items/K548898418/ HTTP/1.1" 404 1251 "-" "Mozilla/5.0 (compatible; DataForSeoBot/1.0; +https://dataforseo.com/dataforseo-bot)"
216.73.217.56 - - [01/May/2026:14:04:26 -0400] "GET /wp-includes/js/media-models.js HTTP/1.1" 200 10458 "-" "Mozilla/5.0 AppleWebKit/537.36 (KHTML, like Gecko; compatible; ClaudeBot/1.0; +claudebot@anthropic.com)"
136.243.228.181 - - [01/May/2026:14:04:29 -0400] "GET /index.php/?items/K543525741/ HTTP/1.1" 404 1251 "-" "Mozilla/5.0 (compatible; DataForSeoBot/1.0; +https://dataforseo.com/dataforseo-bot)"
136.243.228.181 - - [01/May/2026:14:04:33 -0400] "GET /index.php/?items/K547176789/ HTTP/1.1" 404 1251 "-" "Mozilla/5.0 (compatible; DataForSeoBot/1.0; +https://dataforseo.com/dataforseo-bot)"
115.45.43.81 - - [01/May/2026:14:04:35 -0400] "GET /robots.txt HTTP/1.1" 200 254 "-" "Mozilla/5.0 (Windows NT 10.0; WOW64) AppleWebKit/537.36 (KHTML, like Gecko) Chrome/90.0.4444.158 Safari/537.36 LBBROWSER"
136.243.228.181 - - [01/May/2026:14:04:41 -0400] "GET /index.php/?items/K548852961/ HTTP/1.1" 404 1251 "-" "Mozilla/5.0 (compatible; DataForSeoBot/1.0; +https://dataforseo.com/dataforseo-bot)"
216.73.217.56 - - [01/May/2026:14:04:41 -0400] "GET /wp-includes/js/clipboard.js HTTP/1.1" 200 6600 "-" "Mozilla/5.0 AppleWebKit/537.36 (KHTML, like Gecko; compatible; ClaudeBot/1.0; +claudebot@anthropic.com)"
136.243.228.181 - - [01/May/2026:14:04:45 -0400] "GET /index.php/?items/K548718014/ HTTP/1.1" 404 1251 "-" "Mozilla/5.0 (compatible; DataForSeoBot/1.0; +https://dataforseo.com/dataforseo-bot)"
136.243.228.181 - - [01/May/2026:14:04:56 -0400] "GET /index.php/?items/K547593878/ HTTP/1.1" 404 1251 "-" "Mozilla/5.0 (compatible; DataForSeoBot/1.0; +https://dataforseo.com/dataforseo-bot)"
216.73.217.56 - - [01/May/2026:14:05:01 -0400] "GET /wp-includes/js/wp-sanitize.js HTTP/1.1" 200 515 "-" "Mozilla/5.0 AppleWebKit/537.36 (KHTML, like Gecko; compatible; ClaudeBot/1.0; +claudebot@anthropic.com)"
216.73.217.56 - - [01/May/2026:14:05:06 -0400] "GET /wp-includes/js/wp-backbone.min.js HTTP/1.1" 200 1086 "-" "Mozilla/5.0 AppleWebKit/537.36 (KHTML, like Gecko; compatible; ClaudeBot/1.0; +claudebot@anthropic.com)"
136.243.228.181 - - [01/May/2026:14:05:09 -0400] "GET /index.php/?items/K543070252/ HTTP/1.1" 404 1251 "-" "Mozilla/5.0 (compatible; DataForSeoBot/1.0; +https://dataforseo.com/dataforseo-bot)"
216.73.217.56 - - [01/May/2026:14:05:12 -0400] "GET /wp-includes/js/tw-sack.js HTTP/1.1" 200 1430 "-" "Mozilla/5.0 AppleWebKit/537.36 (KHTML, like Gecko; compatible; ClaudeBot/1.0; +claudebot@anthropic.com)"
136.243.228.181 - - [01/May/2026:14:05:16 -0400] "GET /index.php/?items/K542318157/ HTTP/1.1" 404 1251 "-" "Mozilla/5.0 (compatible; DataForSeoBot/1.0; +https://dataforseo.com/dataforseo-bot)"
216.73.217.56 - - [01/May/2026:14:05:17 -0400] "GET /wp-includes/js/colorpicker.js HTTP/1.1" 200 7521 "-" "Mozilla/5.0 AppleWebKit/537.36 (KHTML, like Gecko; compatible; ClaudeBot/1.0; +claudebot@anthropic.com)"
136.243.228.181 - - [01/May/2026:14:05:20 -0400] "GET /index.php/?items/K547820273/ HTTP/1.1" 404 1251 "-" "Mozilla/5.0 (compatible; DataForSeoBot/1.0; +https://dataforseo.com/dataforseo-bot)"
216.73.217.56 - - [01/May/2026:14:05:22 -0400] "GET /wp-includes/js/media-views.js HTTP/1.1" 200 54918 "-" "Mozilla/5.0 AppleWebKit/537.36 (KHTML, like Gecko; compatible; ClaudeBot/1.0; +claudebot@anthropic.com)"
136.243.228.181 - - [01/May/2026:14:05:25 -0400] "GET /index.php/?items/K549157284/ HTTP/1.1" 404 1251 "-" "Mozilla/5.0 (compatible; DataForSeoBot/1.0; +https://dataforseo.com/dataforseo-bot)"
136.243.228.181 - - [01/May/2026:14:04:37 -0400] "GET /index.php/?items/K542853296/ HTTP/1.1" 404 1251 "-" "Mozilla/5.0 (compatible; DataForSeoBot/1.0; +https://dataforseo.com/dataforseo-bot)"
216.73.217.56 - - [01/May/2026:14:04:46 -0400] "GET /stores/aapi-artists HTTP/1.1" 404 1251 "-" "Mozilla/5.0 AppleWebKit/537.36 (KHTML, like Gecko; compatible; ClaudeBot/1.0; +claudebot@anthropic.com)"
136.243.228.181 - - [01/May/2026:14:04:49 -0400] "GET /index.php/?items/K549141484/ HTTP/1.1" 404 1251 "-" "Mozilla/5.0 (compatible; DataForSeoBot/1.0; +https://dataforseo.com/dataforseo-bot)"
216.73.217.56 - - [01/May/2026:14:04:51 -0400] "GET /wp-includes/js/crop/ HTTP/1.1" 200 767 "-" "Mozilla/5.0 AppleWebKit/537.36 (KHTML, like Gecko; compatible; ClaudeBot/1.0; +claudebot@anthropic.com)"
136.243.228.181 - - [01/May/2026:14:04:53 -0400] "GET /index.php/?items/K546119171/ HTTP/1.1" 404 1251 "-" "Mozilla/5.0 (compatible; DataForSeoBot/1.0; +https://dataforseo.com/dataforseo-bot)"
216.73.217.56 - - [01/May/2026:14:04:56 -0400] "GET /wp-includes/js/thickbox/ HTTP/1.1" 200 798 "-" "Mozilla/5.0 AppleWebKit/537.36 (KHTML, like Gecko; compatible; ClaudeBot/1.0; +claudebot@anthropic.com)"
136.243.228.181 - - [01/May/2026:14:05:00 -0400] "GET /index.php/?items/K541238951/ HTTP/1.1" 404 1251 "-" "Mozilla/5.0 (compatible; DataForSeoBot/1.0; +https://dataforseo.com/dataforseo-bot)"
136.243.228.181 - - [01/May/2026:14:05:04 -0400] "GET /index.php/?items/K547320732/ HTTP/1.1" 404 1251 "-" "Mozilla/5.0 (compatible; DataForSeoBot/1.0; +https://dataforseo.com/dataforseo-bot)"
136.243.228.181 - - [01/May/2026:14:05:13 -0400] "GET /index.php/?items/K546610821/ HTTP/1.1" 404 1251 "-" "Mozilla/5.0 (compatible; DataForSeoBot/1.0; +https://dataforseo.com/dataforseo-bot)"
216.73.217.56 - - [01/May/2026:14:05:23 -0400] "GET /DRAJA777/fantasy HTTP/1.1" 404 1251 "-" "Mozilla/5.0 AppleWebKit/537.36 (KHTML, like Gecko; compatible; ClaudeBot/1.0; +claudebot@anthropic.com)"
216.73.217.56 - - [01/May/2026:14:05:29 -0400] "GET /wp-includes/js/tw-sack.min.js HTTP/1.1" 200 1055 "-" "Mozilla/5.0 AppleWebKit/537.36 (KHTML, like Gecko; compatible; ClaudeBot/1.0; +claudebot@anthropic.com)"
136.243.228.181 - - [01/May/2026:14:05:29 -0400] "GET /index.php/?items/K542608630/ HTTP/1.1" 404 1251 "-" "Mozilla/5.0 (compatible; DataForSeoBot/1.0; +https://dataforseo.com/dataforseo-bot)"
165.22.116.110 - - [01/May/2026:14:05:30 -0400] "POST /xmlrpc.php HTTP/1.1" 403 26 "-" "Mozilla/4.0 (compatible; MSIE 7.0; Windows NT 6.2; WOW64; Trident/7.0; .NET4.0E; .NET4.0C; Tablet PC 2.0; .NET CLR 3.5.30729; .NET CLR 2.0.50727; .NET CLR 3.0.30729; WebMoney Advisor)"
136.243.228.181 - - [01/May/2026:14:05:33 -0400] "GET /index.php/?items/K544390950/ HTTP/1.1" 404 1251 "-" "Mozilla/5.0 (compatible; DataForSeoBot/1.0; +https://dataforseo.com/dataforseo-bot)"
43.131.45.213 - - [01/May/2026:14:05:50 -0400] "GET /robots.txt HTTP/1.1" 200 254 "-" "Mozilla/5.0 (iPhone; CPU iPhone OS 13_2_3 like Mac OS X) AppleWebKit/605.1.15 (KHTML, like Gecko) Version/13.0.3 Mobile/15E148 Safari/604.1"
136.243.228.181 - - [01/May/2026:14:05:50 -0400] "GET /index.php/?items/K543421676/ HTTP/1.1" 404 1251 "-" "Mozilla/5.0 (compatible; DataForSeoBot/1.0; +https://dataforseo.com/dataforseo-bot)"
52.167.144.177 - - [01/May/2026:14:05:58 -0400] "GET /wp-content/uploads/2022/02/featured3-1-e1644608793645-300x200.jpg HTTP/1.1" 200 12740 "-" "Mozilla/5.0 AppleWebKit/537.36 (KHTML, like Gecko; compatible; bingbot/2.0; +http://www.bing.com/bingbot.htm) Chrome/116.0.1938.76 Safari/537.36"
216.73.217.56 - - [01/May/2026:14:05:59 -0400] "GET /wp-includes/js/imgareaselect/ HTTP/1.1" 200 786 "-" "Mozilla/5.0 AppleWebKit/537.36 (KHTML, like Gecko; compatible; ClaudeBot/1.0; +claudebot@anthropic.com)"
136.243.228.181 - - [01/May/2026:14:06:02 -0400] "GET /index.php/?items/K546888490/ HTTP/1.1" 404 1251 "-" "Mozilla/5.0 (compatible; DataForSeoBot/1.0; +https://dataforseo.com/dataforseo-bot)"
216.73.217.56 - - [01/May/2026:14:05:33 -0400] "GET /wp-includes/js/wplink.min.js HTTP/1.1" 200 3693 "-" "Mozilla/5.0 AppleWebKit/537.36 (KHTML, like Gecko; compatible; ClaudeBot/1.0; +claudebot@anthropic.com)"
136.243.228.181 - - [01/May/2026:14:05:38 -0400] "GET /index.php/?items/K547792283/ HTTP/1.1" 404 1251 "-" "Mozilla/5.0 (compatible; DataForSeoBot/1.0; +https://dataforseo.com/dataforseo-bot)"
136.243.228.181 - - [01/May/2026:14:05:42 -0400] "GET /index.php/?items/K541025764/ HTTP/1.1" 404 1251 "-" "Mozilla/5.0 (compatible; DataForSeoBot/1.0; +https://dataforseo.com/dataforseo-bot)"
136.243.228.181 - - [01/May/2026:14:05:46 -0400] "GET /index.php/?items/K549596599/ HTTP/1.1" 404 1251 "-" "Mozilla/5.0 (compatible; DataForSeoBot/1.0; +https://dataforseo.com/dataforseo-bot)"
136.243.228.181 - - [01/May/2026:14:05:54 -0400] "GET /index.php/?items/K543043966/ HTTP/1.1" 404 1251 "-" "Mozilla/5.0 (compatible; DataForSeoBot/1.0; +https://dataforseo.com/dataforseo-bot)"
136.243.228.181 - - [01/May/2026:14:05:57 -0400] "GET /index.php/?items/K547711609/ HTTP/1.1" 404 1251 "-" "Mozilla/5.0 (compatible; DataForSeoBot/1.0; +https://dataforseo.com/dataforseo-bot)"
216.73.217.56 - - [01/May/2026:14:06:09 -0400] "GET /wp-includes/js/heartbeat.min.js HTTP/1.1" 200 1947 "-" "Mozilla/5.0 AppleWebKit/537.36 (KHTML, like Gecko; compatible; ClaudeBot/1.0; +claudebot@anthropic.com)"
136.243.228.181 - - [01/May/2026:14:06:09 -0400] "GET /index.php/?items/K548998968/ HTTP/1.1" 404 1251 "-" "Mozilla/5.0 (compatible; DataForSeoBot/1.0; +https://dataforseo.com/dataforseo-bot)"
216.73.217.56 - - [01/May/2026:14:06:14 -0400] "GET /wp-includes/js/zxcvbn-async.js HTTP/1.1" 200 344 "-" "Mozilla/5.0 AppleWebKit/537.36 (KHTML, like Gecko; compatible; ClaudeBot/1.0; +claudebot@anthropic.com)"
136.243.228.181 - - [01/May/2026:14:06:15 -0400] "GET /index.php/?items/K548938743/ HTTP/1.1" 404 1251 "-" "Mozilla/5.0 (compatible; DataForSeoBot/1.0; +https://dataforseo.com/dataforseo-bot)"
136.243.228.181 - - [01/May/2026:14:06:17 -0400] "GET /index.php/?items/K541720521/ HTTP/1.1" 404 1251 "-" "Mozilla/5.0 (compatible; DataForSeoBot/1.0; +https://dataforseo.com/dataforseo-bot)"
136.243.228.181 - - [01/May/2026:14:06:22 -0400] "GET /index.php/?items/K544331796/ HTTP/1.1" 404 1251 "-" "Mozilla/5.0 (compatible; DataForSeoBot/1.0; +https://dataforseo.com/dataforseo-bot)"
216.73.217.56 - - [01/May/2026:14:06:24 -0400] "GET /wp-includes/js/wp-emoji-loader.min.js HTTP/1.1" 200 1116 "-" "Mozilla/5.0 AppleWebKit/537.36 (KHTML, like Gecko; compatible; ClaudeBot/1.0; +claudebot@anthropic.com)"
136.243.228.181 - - [01/May/2026:14:06:26 -0400] "GET /index.php/?items/K543344285/ HTTP/1.1" 404 1251 "-" "Mozilla/5.0 (compatible; DataForSeoBot/1.0; +https://dataforseo.com/dataforseo-bot)"
216.73.217.56 - - [01/May/2026:14:06:29 -0400] "GET /wp-includes/js/wp-ajax-response.min.js HTTP/1.1" 200 1006 "-" "Mozilla/5.0 AppleWebKit/537.36 (KHTML, like Gecko; compatible; ClaudeBot/1.0; +claudebot@anthropic.com)"
216.73.217.56 - - [01/May/2026:14:06:34 -0400] "GET /wp-includes/js/colorpicker.min.js HTTP/1.1" 200 4076 "-" "Mozilla/5.0 AppleWebKit/537.36 (KHTML, like Gecko; compatible; ClaudeBot/1.0; +claudebot@anthropic.com)"
136.243.228.181 - - [01/May/2026:14:06:37 -0400] "GET /index.php/?items/K542037950/ HTTP/1.1" 404 1251 "-" "Mozilla/5.0 (compatible; DataForSeoBot/1.0; +https://dataforseo.com/dataforseo-bot)"
136.243.228.181 - - [01/May/2026:14:06:42 -0400] "GET /index.php/?items/K541428572/ HTTP/1.1" 404 1251 "-" "Mozilla/5.0 (compatible; DataForSeoBot/1.0; +https://dataforseo.com/dataforseo-bot)"
216.73.217.56 - - [01/May/2026:14:06:44 -0400] "GET /wp-includes/js/imagesloaded.min.js HTTP/1.1" 200 1687 "-" "Mozilla/5.0 AppleWebKit/537.36 (KHTML, like Gecko; compatible; ClaudeBot/1.0; +claudebot@anthropic.com)"
216.73.217.56 - - [01/May/2026:14:06:49 -0400] "GET /DRAJA777/sci-fi HTTP/1.1" 404 1251 "-" "Mozilla/5.0 AppleWebKit/537.36 (KHTML, like Gecko; compatible; ClaudeBot/1.0; +claudebot@anthropic.com)"
216.73.217.56 - - [01/May/2026:14:06:04 -0400] "GET /wp-includes/js/wp-emoji.min.js HTTP/1.1" 200 1307 "-" "Mozilla/5.0 AppleWebKit/537.36 (KHTML, like Gecko; compatible; ClaudeBot/1.0; +claudebot@anthropic.com)"
136.243.228.181 - - [01/May/2026:14:06:06 -0400] "GET /index.php/?items/K543103677/ HTTP/1.1" 404 1251 "-" "Mozilla/5.0 (compatible; DataForSeoBot/1.0; +https://dataforseo.com/dataforseo-bot)"
216.73.217.56 - - [01/May/2026:14:06:19 -0400] "GET /DRAJA777/anime HTTP/1.1" 404 1251 "-" "Mozilla/5.0 AppleWebKit/537.36 (KHTML, like Gecko; compatible; ClaudeBot/1.0; +claudebot@anthropic.com)"
136.243.228.181 - - [01/May/2026:14:06:30 -0400] "GET /index.php/?items/K546683867/ HTTP/1.1" 404 1251 "-" "Mozilla/5.0 (compatible; DataForSeoBot/1.0; +https://dataforseo.com/dataforseo-bot)"
136.243.228.181 - - [01/May/2026:14:06:34 -0400] "GET /index.php/?items/K547457421/ HTTP/1.1" 404 1251 "-" "Mozilla/5.0 (compatible; DataForSeoBot/1.0; +https://dataforseo.com/dataforseo-bot)"
216.73.217.56 - - [01/May/2026:14:06:39 -0400] "GET /wp-includes/js/media-views.min.js HTTP/1.1" 200 25407 "-" "Mozilla/5.0 AppleWebKit/537.36 (KHTML, like Gecko; compatible; ClaudeBot/1.0; +claudebot@anthropic.com)"
136.243.228.181 - - [01/May/2026:14:06:45 -0400] "GET /index.php/?items/K541251922/ HTTP/1.1" 404 1251 "-" "Mozilla/5.0 (compatible; DataForSeoBot/1.0; +https://dataforseo.com/dataforseo-bot)"
136.243.228.181 - - [01/May/2026:14:07:02 -0400] "GET /index.php/?items/K548641434/ HTTP/1.1" 404 1251 "-" "Mozilla/5.0 (compatible; DataForSeoBot/1.0; +https://dataforseo.com/dataforseo-bot)"
136.243.228.181 - - [01/May/2026:14:07:05 -0400] "GET /index.php/?items/K548995775/ HTTP/1.1" 404 1251 "-" "Mozilla/5.0 (compatible; DataForSeoBot/1.0; +https://dataforseo.com/dataforseo-bot)"
136.243.228.181 - - [01/May/2026:14:07:18 -0400] "GET /index.php/?items/K544197289/ HTTP/1.1" 404 1251 "-" "Mozilla/5.0 (compatible; DataForSeoBot/1.0; +https://dataforseo.com/dataforseo-bot)"
136.243.228.181 - - [01/May/2026:14:07:22 -0400] "GET /index.php/?items/K543998204/ HTTP/1.1" 404 1251 "-" "Mozilla/5.0 (compatible; DataForSeoBot/1.0; +https://dataforseo.com/dataforseo-bot)"
64.233.173.33 - - [01/May/2026:14:07:23 -0400] "GET /.well-known/traffic-advice HTTP/1.1" 404 1251 "-" "Chrome Privacy Preserving Prefetch Proxy"
136.243.228.181 - - [01/May/2026:14:07:38 -0400] "GET /index.php/?items/K544741478/ HTTP/1.1" 404 1251 "-" "Mozilla/5.0 (compatible; DataForSeoBot/1.0; +https://dataforseo.com/dataforseo-bot)"
136.243.228.181 - - [01/May/2026:14:07:54 -0400] "GET /index.php/?items/K547418253/ HTTP/1.1" 404 1251 "-" "Mozilla/5.0 (compatible; DataForSeoBot/1.0; +https://dataforseo.com/dataforseo-bot)"
136.243.228.181 - - [01/May/2026:14:07:58 -0400] "GET /index.php/?items/K548480547/ HTTP/1.1" 404 1251 "-" "Mozilla/5.0 (compatible; DataForSeoBot/1.0; +https://dataforseo.com/dataforseo-bot)"
136.243.228.181 - - [01/May/2026:14:08:01 -0400] "GET /index.php/?items/K545732173/ HTTP/1.1" 404 1251 "-" "Mozilla/5.0 (compatible; DataForSeoBot/1.0; +https://dataforseo.com/dataforseo-bot)"
136.243.228.181 - - [01/May/2026:14:08:06 -0400] "GET /index.php/?items/K544058670/ HTTP/1.1" 404 1251 "-" "Mozilla/5.0 (compatible; DataForSeoBot/1.0; +https://dataforseo.com/dataforseo-bot)"
136.243.228.181 - - [01/May/2026:14:08:17 -0400] "GET /index.php/?items/K543105619/ HTTP/1.1" 404 1251 "-" "Mozilla/5.0 (compatible; DataForSeoBot/1.0; +https://dataforseo.com/dataforseo-bot)"
136.243.228.181 - - [01/May/2026:14:08:22 -0400] "GET /index.php/?items/K541555575/ HTTP/1.1" 404 1251 "-" "Mozilla/5.0 (compatible; DataForSeoBot/1.0; +https://dataforseo.com/dataforseo-bot)"
136.243.228.181 - - [01/May/2026:14:08:25 -0400] "GET /index.php/?items/K542270712/ HTTP/1.1" 404 1251 "-" "Mozilla/5.0 (compatible; DataForSeoBot/1.0; +https://dataforseo.com/dataforseo-bot)"
136.243.228.181 - - [01/May/2026:14:08:30 -0400] "GET /index.php/?items/K545069152/ HTTP/1.1" 404 1251 "-" "Mozilla/5.0 (compatible; DataForSeoBot/1.0; +https://dataforseo.com/dataforseo-bot)"
136.243.228.181 - - [01/May/2026:14:06:49 -0400] "GET /index.php/?items/K546227596/ HTTP/1.1" 404 1251 "-" "Mozilla/5.0 (compatible; DataForSeoBot/1.0; +https://dataforseo.com/dataforseo-bot)"
136.243.228.181 - - [01/May/2026:14:06:54 -0400] "GET /index.php/?items/K543880404/ HTTP/1.1" 404 1251 "-" "Mozilla/5.0 (compatible; DataForSeoBot/1.0; +https://dataforseo.com/dataforseo-bot)"
136.243.228.181 - - [01/May/2026:14:06:58 -0400] "GET /index.php/?items/K548478542/ HTTP/1.1" 404 1251 "-" "Mozilla/5.0 (compatible; DataForSeoBot/1.0; +https://dataforseo.com/dataforseo-bot)"
136.243.228.181 - - [01/May/2026:14:07:10 -0400] "GET /index.php/?items/K545595620/ HTTP/1.1" 404 1251 "-" "Mozilla/5.0 (compatible; DataForSeoBot/1.0; +https://dataforseo.com/dataforseo-bot)"
136.243.228.181 - - [01/May/2026:14:07:14 -0400] "GET /index.php/?items/K547147897/ HTTP/1.1" 404 1251 "-" "Mozilla/5.0 (compatible; DataForSeoBot/1.0; +https://dataforseo.com/dataforseo-bot)"
43.130.105.21 - - [01/May/2026:14:07:17 -0400] "GET / HTTP/1.1" 200 2127 "http://www.patrickspestsandplants.com" "Mozilla/5.0 (iPhone; CPU iPhone OS 13_2_3 like Mac OS X) AppleWebKit/605.1.15 (KHTML, like Gecko) Version/13.0.3 Mobile/15E148 Safari/604.1"
72.14.201.147 - - [01/May/2026:14:07:24 -0400] "GET /about/ HTTP/1.1" 200 623 "https://www.google.com/" "Mozilla/5.0 (Linux; Android 10; K) AppleWebKit/537.36 (KHTML, like Gecko) Chrome/146.0.0.0 Mobile Safari/537.36"
136.243.228.181 - - [01/May/2026:14:07:26 -0400] "GET /index.php/?items/K545242898/ HTTP/1.1" 404 1251 "-" "Mozilla/5.0 (compatible; DataForSeoBot/1.0; +https://dataforseo.com/dataforseo-bot)"
136.243.228.181 - - [01/May/2026:14:07:30 -0400] "GET /index.php/?items/K546912475/ HTTP/1.1" 404 1251 "-" "Mozilla/5.0 (compatible; DataForSeoBot/1.0; +https://dataforseo.com/dataforseo-bot)"
136.243.228.181 - - [01/May/2026:14:07:34 -0400] "GET /index.php/?items/K544316455/ HTTP/1.1" 404 1251 "-" "Mozilla/5.0 (compatible; DataForSeoBot/1.0; +https://dataforseo.com/dataforseo-bot)"
136.243.228.181 - - [01/May/2026:14:07:42 -0400] "GET /index.php/?items/K545610785/ HTTP/1.1" 404 1251 "-" "Mozilla/5.0 (compatible; DataForSeoBot/1.0; +https://dataforseo.com/dataforseo-bot)"
136.243.228.181 - - [01/May/2026:14:07:45 -0400] "GET /index.php/?items/K546421432/ HTTP/1.1" 404 1251 "-" "Mozilla/5.0 (compatible; DataForSeoBot/1.0; +https://dataforseo.com/dataforseo-bot)"
136.243.228.181 - - [01/May/2026:14:07:50 -0400] "GET /index.php/?items/K541573304/ HTTP/1.1" 404 1251 "-" "Mozilla/5.0 (compatible; DataForSeoBot/1.0; +https://dataforseo.com/dataforseo-bot)"
136.243.228.181 - - [01/May/2026:14:08:10 -0400] "GET /index.php/?items/K546581249/ HTTP/1.1" 404 1251 "-" "Mozilla/5.0 (compatible; DataForSeoBot/1.0; +https://dataforseo.com/dataforseo-bot)"
136.243.228.181 - - [01/May/2026:14:08:13 -0400] "GET /index.php/?items/K545195406/ HTTP/1.1" 404 1251 "-" "Mozilla/5.0 (compatible; DataForSeoBot/1.0; +https://dataforseo.com/dataforseo-bot)"
136.243.228.181 - - [01/May/2026:14:08:35 -0400] "GET /index.php/?items/K541099433/ HTTP/1.1" 404 1251 "-" "Mozilla/5.0 (compatible; DataForSeoBot/1.0; +https://dataforseo.com/dataforseo-bot)"
136.243.228.181 - - [01/May/2026:14:08:39 -0400] "GET /index.php/?items/K549176382/ HTTP/1.1" 404 1251 "-" "Mozilla/5.0 (compatible; DataForSeoBot/1.0; +https://dataforseo.com/dataforseo-bot)"
136.243.228.181 - - [01/May/2026:14:08:51 -0400] "GET /index.php/?items/K549691403/ HTTP/1.1" 404 1251 "-" "Mozilla/5.0 (compatible; DataForSeoBot/1.0; +https://dataforseo.com/dataforseo-bot)"
136.243.228.181 - - [01/May/2026:14:08:58 -0400] "GET /index.php/?items/K547827703/ HTTP/1.1" 404 1251 "-" "Mozilla/5.0 (compatible; DataForSeoBot/1.0; +https://dataforseo.com/dataforseo-bot)"
136.243.228.181 - - [01/May/2026:14:09:03 -0400] "GET /index.php/?items/K542232793/ HTTP/1.1" 404 1251 "-" "Mozilla/5.0 (compatible; DataForSeoBot/1.0; +https://dataforseo.com/dataforseo-bot)"
136.243.228.181 - - [01/May/2026:14:08:43 -0400] "GET /index.php/?items/K542680314/ HTTP/1.1" 404 1251 "-" "Mozilla/5.0 (compatible; DataForSeoBot/1.0; +https://dataforseo.com/dataforseo-bot)"
136.243.228.181 - - [01/May/2026:14:08:47 -0400] "GET /index.php/?items/K543449455/ HTTP/1.1" 404 1251 "-" "Mozilla/5.0 (compatible; DataForSeoBot/1.0; +https://dataforseo.com/dataforseo-bot)"
136.243.228.181 - - [01/May/2026:14:08:55 -0400] "GET /index.php/?items/K546361948/ HTTP/1.1" 404 1251 "-" "Mozilla/5.0 (compatible; DataForSeoBot/1.0; +https://dataforseo.com/dataforseo-bot)"
136.243.228.181 - - [01/May/2026:14:09:11 -0400] "GET /index.php/?items/K544774209/ HTTP/1.1" 404 1251 "-" "Mozilla/5.0 (compatible; DataForSeoBot/1.0; +https://dataforseo.com/dataforseo-bot)"
136.243.228.181 - - [01/May/2026:14:09:23 -0400] "GET /index.php/?items/K548265087/ HTTP/1.1" 404 1251 "-" "Mozilla/5.0 (compatible; DataForSeoBot/1.0; +https://dataforseo.com/dataforseo-bot)"
136.243.228.181 - - [01/May/2026:14:09:36 -0400] "GET /index.php/?items/K546979818/ HTTP/1.1" 404 1251 "-" "Mozilla/5.0 (compatible; DataForSeoBot/1.0; +https://dataforseo.com/dataforseo-bot)"
136.243.228.181 - - [01/May/2026:14:09:40 -0400] "GET /index.php/?items/K544641930/ HTTP/1.1" 404 1251 "-" "Mozilla/5.0 (compatible; DataForSeoBot/1.0; +https://dataforseo.com/dataforseo-bot)"
136.243.228.181 - - [01/May/2026:14:09:52 -0400] "GET /index.php/?items/K545980425/ HTTP/1.1" 404 1251 "-" "Mozilla/5.0 (compatible; DataForSeoBot/1.0; +https://dataforseo.com/dataforseo-bot)"
136.243.228.181 - - [01/May/2026:14:09:56 -0400] "GET /index.php/?items/K547765248/ HTTP/1.1" 404 1251 "-" "Mozilla/5.0 (compatible; DataForSeoBot/1.0; +https://dataforseo.com/dataforseo-bot)"
136.243.228.181 - - [01/May/2026:14:10:04 -0400] "GET /index.php/?items/K546900107/ HTTP/1.1" 404 1251 "-" "Mozilla/5.0 (compatible; DataForSeoBot/1.0; +https://dataforseo.com/dataforseo-bot)"
136.243.228.181 - - [01/May/2026:14:10:08 -0400] "GET /index.php/?items/K548956804/ HTTP/1.1" 404 1251 "-" "Mozilla/5.0 (compatible; DataForSeoBot/1.0; +https://dataforseo.com/dataforseo-bot)"
136.243.228.181 - - [01/May/2026:14:10:16 -0400] "GET /index.php/?items/K546800067/ HTTP/1.1" 404 1251 "-" "Mozilla/5.0 (compatible; DataForSeoBot/1.0; +https://dataforseo.com/dataforseo-bot)"
136.243.228.181 - - [01/May/2026:14:10:32 -0400] "GET /index.php/?items/K546841524/ HTTP/1.1" 404 1251 "-" "Mozilla/5.0 (compatible; DataForSeoBot/1.0; +https://dataforseo.com/dataforseo-bot)"
136.243.228.181 - - [01/May/2026:14:10:36 -0400] "GET /index.php/?items/K545193758/ HTTP/1.1" 404 1251 "-" "Mozilla/5.0 (compatible; DataForSeoBot/1.0; +https://dataforseo.com/dataforseo-bot)"
136.243.228.181 - - [01/May/2026:14:10:40 -0400] "GET /index.php/?items/K541212957/ HTTP/1.1" 404 1251 "-" "Mozilla/5.0 (compatible; DataForSeoBot/1.0; +https://dataforseo.com/dataforseo-bot)"
144.76.72.43 - - [01/May/2026:14:10:59 -0400] "POST /wp-login.php HTTP/1.1" 200 3066 "https://patrickspestsandplants.com/wp-login.php" "Mozilla/5.0 (Windows NT 6.1; WOW64; Trident/7.0; MAFSJS; rv:11.0) like Gecko"
136.243.228.181 - - [01/May/2026:14:11:04 -0400] "GET /index.php/?items/K542155057/ HTTP/1.1" 404 1251 "-" "Mozilla/5.0 (compatible; DataForSeoBot/1.0; +https://dataforseo.com/dataforseo-bot)"
136.243.228.181 - - [01/May/2026:14:11:08 -0400] "GET /index.php/?items/K546824230/ HTTP/1.1" 404 1251 "-" "Mozilla/5.0 (compatible; DataForSeoBot/1.0; +https://dataforseo.com/dataforseo-bot)"
136.243.228.181 - - [01/May/2026:14:11:11 -0400] "GET /index.php/?items/K547665712/ HTTP/1.1" 404 1251 "-" "Mozilla/5.0 (compatible; DataForSeoBot/1.0; +https://dataforseo.com/dataforseo-bot)"
136.243.228.181 - - [01/May/2026:14:11:16 -0400] "GET /index.php/?items/K543370505/ HTTP/1.1" 404 1251 "-" "Mozilla/5.0 (compatible; DataForSeoBot/1.0; +https://dataforseo.com/dataforseo-bot)"
136.243.228.181 - - [01/May/2026:14:11:24 -0400] "GET /index.php/?items/K545309605/ HTTP/1.1" 404 1251 "-" "Mozilla/5.0 (compatible; DataForSeoBot/1.0; +https://dataforseo.com/dataforseo-bot)"
136.243.228.181 - - [01/May/2026:14:09:06 -0400] "GET /index.php/?items/K541666825/ HTTP/1.1" 404 1251 "-" "Mozilla/5.0 (compatible; DataForSeoBot/1.0; +https://dataforseo.com/dataforseo-bot)"
136.243.228.181 - - [01/May/2026:14:09:15 -0400] "GET /index.php/?items/K542066705/ HTTP/1.1" 404 1251 "-" "Mozilla/5.0 (compatible; DataForSeoBot/1.0; +https://dataforseo.com/dataforseo-bot)"
136.243.228.181 - - [01/May/2026:14:09:19 -0400] "GET /index.php/?items/K542520814/ HTTP/1.1" 404 1251 "-" "Mozilla/5.0 (compatible; DataForSeoBot/1.0; +https://dataforseo.com/dataforseo-bot)"
136.243.228.181 - - [01/May/2026:14:09:28 -0400] "GET /index.php/?items/K543357293/ HTTP/1.1" 404 1251 "-" "Mozilla/5.0 (compatible; DataForSeoBot/1.0; +https://dataforseo.com/dataforseo-bot)"
136.243.228.181 - - [01/May/2026:14:09:31 -0400] "GET /index.php/?items/K549485720/ HTTP/1.1" 404 1251 "-" "Mozilla/5.0 (compatible; DataForSeoBot/1.0; +https://dataforseo.com/dataforseo-bot)"
136.243.228.181 - - [01/May/2026:14:09:44 -0400] "GET /index.php/?items/K548450049/ HTTP/1.1" 404 1251 "-" "Mozilla/5.0 (compatible; DataForSeoBot/1.0; +https://dataforseo.com/dataforseo-bot)"
136.243.228.181 - - [01/May/2026:14:09:48 -0400] "GET /index.php/?items/K549406064/ HTTP/1.1" 404 1251 "-" "Mozilla/5.0 (compatible; DataForSeoBot/1.0; +https://dataforseo.com/dataforseo-bot)"
136.243.228.181 - - [01/May/2026:14:10:00 -0400] "GET /index.php/?items/K547885012/ HTTP/1.1" 404 1251 "-" "Mozilla/5.0 (compatible; DataForSeoBot/1.0; +https://dataforseo.com/dataforseo-bot)"
43.173.173.199 - - [01/May/2026:14:10:01 -0400] "GET /pest-control-sun-city-west-az/ HTTP/1.1" 404 1251 "-" "Mozilla/5.0 (Windows NT 10.0; Win64; x64) AppleWebKit/537.36 (KHTML, like Gecko) Chrome/103.0.0.0 Safari/537.36"
136.243.228.181 - - [01/May/2026:14:10:12 -0400] "GET /index.php/?items/K543163580/ HTTP/1.1" 404 1251 "-" "Mozilla/5.0 (compatible; DataForSeoBot/1.0; +https://dataforseo.com/dataforseo-bot)"
136.243.228.181 - - [01/May/2026:14:10:19 -0400] "GET /index.php/?items/K547018722/ HTTP/1.1" 404 1251 "-" "Mozilla/5.0 (compatible; DataForSeoBot/1.0; +https://dataforseo.com/dataforseo-bot)"
136.243.228.181 - - [01/May/2026:14:10:24 -0400] "GET /index.php/?items/K541976768/ HTTP/1.1" 404 1251 "-" "Mozilla/5.0 (compatible; DataForSeoBot/1.0; +https://dataforseo.com/dataforseo-bot)"
136.243.228.181 - - [01/May/2026:14:10:27 -0400] "GET /index.php/?items/K547636227/ HTTP/1.1" 404 1251 "-" "Mozilla/5.0 (compatible; DataForSeoBot/1.0; +https://dataforseo.com/dataforseo-bot)"
136.243.228.181 - - [01/May/2026:14:10:43 -0400] "GET /index.php/?items/K542897255/ HTTP/1.1" 404 1251 "-" "Mozilla/5.0 (compatible; DataForSeoBot/1.0; +https://dataforseo.com/dataforseo-bot)"
136.243.228.181 - - [01/May/2026:14:10:48 -0400] "GET /index.php/?items/K544843204/ HTTP/1.1" 404 1251 "-" "Mozilla/5.0 (compatible; DataForSeoBot/1.0; +https://dataforseo.com/dataforseo-bot)"
136.243.228.181 - - [01/May/2026:14:10:51 -0400] "GET /index.php/?items/K548473086/ HTTP/1.1" 404 1251 "-" "Mozilla/5.0 (compatible; DataForSeoBot/1.0; +https://dataforseo.com/dataforseo-bot)"
136.243.228.181 - - [01/May/2026:14:10:55 -0400] "GET /index.php/?items/K545473656/ HTTP/1.1" 404 1251 "-" "Mozilla/5.0 (compatible; DataForSeoBot/1.0; +https://dataforseo.com/dataforseo-bot)"
68.65.122.51 - - [01/May/2026:14:10:58 -0400] "POST /wp-cron.php?doing_wp_cron=1777659058.5573980808258056640625 HTTP/1.1" 200 0 "-" "WordPress/6.9.4; https://patrickspestsandplants.com"
144.76.72.43 - - [01/May/2026:14:10:54 -0400] "GET /wp-login.php HTTP/1.1" 200 2918 "-" "Mozilla/5.0 (Windows NT 6.1; WOW64; Trident/7.0; MAFSJS; rv:11.0) like Gecko"
136.243.228.181 - - [01/May/2026:14:11:00 -0400] "GET /index.php/?items/K541147052/ HTTP/1.1" 404 1251 "-" "Mozilla/5.0 (compatible; DataForSeoBot/1.0; +https://dataforseo.com/dataforseo-bot)"
136.243.228.181 - - [01/May/2026:14:11:19 -0400] "GET /index.php/?items/K544165400/ HTTP/1.1" 404 1251 "-" "Mozilla/5.0 (compatible; DataForSeoBot/1.0; +https://dataforseo.com/dataforseo-bot)"
136.243.228.181 - - [01/May/2026:14:11:33 -0400] "GET /index.php/?items/K544543846/ HTTP/1.1" 404 1251 "-" "Mozilla/5.0 (compatible; DataForSeoBot/1.0; +https://dataforseo.com/dataforseo-bot)"
136.243.228.181 - - [01/May/2026:14:11:37 -0400] "GET /index.php/?items/K545426534/ HTTP/1.1" 404 1251 "-" "Mozilla/5.0 (compatible; DataForSeoBot/1.0; +https://dataforseo.com/dataforseo-bot)"
