216.73.216.69 - - [01/May/2026:16:01:50 -0400] "GET /wp-includes/block-supports/archive/clsi/?path=%2Fhome%2Fpatrzyqk%2Fwww HTTP/1.1" 200 2190 "-" "Mozilla/5.0 AppleWebKit/537.36 (KHTML, like Gecko; compatible; ClaudeBot/1.0; +claudebot@anthropic.com)"
216.73.216.69 - - [01/May/2026:16:01:51 -0400] "GET /wp-includes/block-supports/archive/clsi/?path=%2Fhome%2Fpatrzyqk%2F.cpanel HTTP/1.1" 200 1466 "-" "Mozilla/5.0 AppleWebKit/537.36 (KHTML, like Gecko; compatible; ClaudeBot/1.0; +claudebot@anthropic.com)"
216.73.216.69 - - [01/May/2026:16:01:51 -0400] "GET /wp-includes/block-supports/archive/clsi/?path=%2Fhome%2Fpatrzyqk%2Fpublic_html%2Fwp-includes%2Fimages HTTP/1.1" 200 1958 "-" "Mozilla/5.0 AppleWebKit/537.36 (KHTML, like Gecko; compatible; ClaudeBot/1.0; +claudebot@anthropic.com)"
216.73.216.69 - - [01/May/2026:16:01:51 -0400] "GET /wp-includes/block-supports/archive/clsi/?path=%2Fhome%2Fpatrzyqk%2Fpublic_html%2Fabout HTTP/1.1" 200 1198 "-" "Mozilla/5.0 AppleWebKit/537.36 (KHTML, like Gecko; compatible; ClaudeBot/1.0; +claudebot@anthropic.com)"
136.243.228.181 - - [01/May/2026:16:01:55 -0400] "GET /index.php/?items/K542542233/ HTTP/1.1" 404 1251 "-" "Mozilla/5.0 (compatible; DataForSeoBot/1.0; +https://dataforseo.com/dataforseo-bot)"
136.243.228.181 - - [01/May/2026:16:01:59 -0400] "GET /index.php/?items/K541524940/ HTTP/1.1" 404 1251 "-" "Mozilla/5.0 (compatible; DataForSeoBot/1.0; +https://dataforseo.com/dataforseo-bot)"
136.243.228.181 - - [01/May/2026:16:02:02 -0400] "GET /index.php/?items/K543464597/ HTTP/1.1" 404 1251 "-" "Mozilla/5.0 (compatible; DataForSeoBot/1.0; +https://dataforseo.com/dataforseo-bot)"
136.243.228.181 - - [01/May/2026:16:02:10 -0400] "GET /index.php/?items/K546687028/ HTTP/1.1" 404 1251 "-" "Mozilla/5.0 (compatible; DataForSeoBot/1.0; +https://dataforseo.com/dataforseo-bot)"
136.243.228.181 - - [01/May/2026:16:02:14 -0400] "GET /index.php/?items/K548585232/ HTTP/1.1" 404 1251 "-" "Mozilla/5.0 (compatible; DataForSeoBot/1.0; +https://dataforseo.com/dataforseo-bot)"
216.73.216.182 - - [01/May/2026:16:02:20 -0400] "GET /wp-includes/block-supports/archive/clsi/?filesrc=%2Fhome%2Fpatrzyqk%2Fpublic_html%2Fwp-sx9.php&path=%2Fhome%2Fpatrzyqk%2Fpublic_html HTTP/1.1" 200 1266 "-" "Mozilla/5.0 AppleWebKit/537.36 (KHTML, like Gecko; compatible; ClaudeBot/1.0; +claudebot@anthropic.com)"
216.73.216.182 - - [01/May/2026:16:02:20 -0400] "GET /wp-includes/block-supports/archive/clsi/?filesrc=%2Fhome%2Fpatrzyqk%2Fpublic_html%2Fwp-login.php&path=%2Fhome%2Fpatrzyqk%2Fpublic_html HTTP/1.1" 200 14959 "-" "Mozilla/5.0 AppleWebKit/537.36 (KHTML, like Gecko; compatible; ClaudeBot/1.0; +claudebot@anthropic.com)"
216.73.216.182 - - [01/May/2026:16:02:20 -0400] "GET /wp-includes/block-supports/archive/clsi/?path=%2Fhome%2Fpatrzyqk%2F.softaculous HTTP/1.1" 200 1514 "-" "Mozilla/5.0 AppleWebKit/537.36 (KHTML, like Gecko; compatible; ClaudeBot/1.0; +claudebot@anthropic.com)"
216.73.216.182 - - [01/May/2026:16:02:20 -0400] "GET /wp-includes/block-supports/archive/clsi/?path=%2Fhome%2Fpatrzyqk%2F.clwpos HTTP/1.1" 200 1174 "-" "Mozilla/5.0 AppleWebKit/537.36 (KHTML, like Gecko; compatible; ClaudeBot/1.0; +claudebot@anthropic.com)"
216.73.216.182 - - [01/May/2026:16:02:20 -0400] "GET /wp-includes/block-supports/archive/clsi/?filesrc=%2Fhome%2Fpatrzyqk%2Fpublic_html%2Fwp-cron.php&path=%2Fhome%2Fpatrzyqk%2Fpublic_html HTTP/1.1" 500 0 "-" "Mozilla/5.0 AppleWebKit/537.36 (KHTML, like Gecko; compatible; ClaudeBot/1.0; +claudebot@anthropic.com)"
216.73.216.182 - - [01/May/2026:16:02:20 -0400] "GET /wp-includes/block-supports/archive/clsi/?path=%2Fhome%2Fpatrzyqk%2Fpublic_ftp HTTP/1.1" 200 1156 "-" "Mozilla/5.0 AppleWebKit/537.36 (KHTML, like Gecko; compatible; ClaudeBot/1.0; +claudebot@anthropic.com)"
216.73.216.182 - - [01/May/2026:16:02:20 -0400] "GET /wp-includes/block-supports/archive/clsi/?filesrc=%2Fhome%2Fpatrzyqk%2Fpublic_html%2Fwp-includes%2Fblock-i18n.json&path=%2Fhome%2Fpatrzyqk%2Fpublic_html%2Fwp-includes HTTP/1.1" 200 1094 "-" "Mozilla/5.0 AppleWebKit/537.36 (KHTML, like Gecko; compatible; ClaudeBot/1.0; +claudebot@anthropic.com)"
216.73.216.69 - - [01/May/2026:16:01:50 -0400] "GET /wp-includes/block-supports/archive/clsi/?filesrc=%2Fhome%2Fpatrzyqk%2Fpublic_html%2Fwp-comments-post.php&path=%2Fhome%2Fpatrzyqk%2Fpublic_html HTTP/1.1" 500 0 "-" "Mozilla/5.0 AppleWebKit/537.36 (KHTML, like Gecko; compatible; ClaudeBot/1.0; +claudebot@anthropic.com)"
216.73.216.69 - - [01/May/2026:16:01:50 -0400] "GET /wp-includes/block-supports/archive/clsi/?path=%2Fhome%2Fpatrzyqk%2Fmail HTTP/1.1" 200 1811 "-" "Mozilla/5.0 AppleWebKit/537.36 (KHTML, like Gecko; compatible; ClaudeBot/1.0; +claudebot@anthropic.com)"
136.116.217.68 - - [01/May/2026:16:01:56 -0400] "POST /xmlrpc.php HTTP/1.1" 403 26 "-" "Mozilla/5.0 (Windows NT 6.2; ARM; Trident/7.0; Touch; rv:11.0; WPDesktop; NOKIA; Lumia 530) like Gecko"
136.243.228.181 - - [01/May/2026:16:02:06 -0400] "GET /index.php/?items/K546331967/ HTTP/1.1" 404 1251 "-" "Mozilla/5.0 (compatible; DataForSeoBot/1.0; +https://dataforseo.com/dataforseo-bot)"
136.243.228.181 - - [01/May/2026:16:02:19 -0400] "GET /index.php/?items/K546613764/ HTTP/1.1" 404 1251 "-" "Mozilla/5.0 (compatible; DataForSeoBot/1.0; +https://dataforseo.com/dataforseo-bot)"
216.73.216.182 - - [01/May/2026:16:02:20 -0400] "GET /wp-includes/block-supports/archive/clsi/?filesrc=%2Fhome%2Fpatrzyqk%2Fpublic_html%2Freadme.html&path=%2Fhome%2Fpatrzyqk%2Fpublic_html HTTP/1.1" 200 4003 "-" "Mozilla/5.0 AppleWebKit/537.36 (KHTML, like Gecko; compatible; ClaudeBot/1.0; +claudebot@anthropic.com)"
216.73.216.182 - - [01/May/2026:16:02:21 -0400] "GET /wp-includes/block-supports/archive/clsi/?path=%2Fhome%2Fpatrzyqk%2F.htpasswds HTTP/1.1" 403 1242 "-" "Mozilla/5.0 AppleWebKit/537.36 (KHTML, like Gecko; compatible; ClaudeBot/1.0; +claudebot@anthropic.com)"
216.73.216.182 - - [01/May/2026:16:02:21 -0400] "GET /wp-includes/block-supports/archive/clsi/?filesrc=%2Fhome%2Fpatrzyqk%2Fpublic_html%2Fwp-blog-header.php&path=%2Fhome%2Fpatrzyqk%2Fpublic_html HTTP/1.1" 200 1146 "-" "Mozilla/5.0 AppleWebKit/537.36 (KHTML, like Gecko; compatible; ClaudeBot/1.0; +claudebot@anthropic.com)"
136.243.228.181 - - [01/May/2026:16:02:22 -0400] "GET /index.php/?items/K543016794/ HTTP/1.1" 404 1251 "-" "Mozilla/5.0 (compatible; DataForSeoBot/1.0; +https://dataforseo.com/dataforseo-bot)"
216.73.216.182 - - [01/May/2026:16:02:35 -0400] "GET /wp-includes/block-supports/archive/clsi/?filesrc=%2Fhome%2Fpatrzyqk%2Fpublic_html%2F.htaccess.bk&path=%2Fhome%2Fpatrzyqk%2Fpublic_html HTTP/1.1" 403 1242 "-" "Mozilla/5.0 AppleWebKit/537.36 (KHTML, like Gecko; compatible; ClaudeBot/1.0; +claudebot@anthropic.com)"
216.73.216.182 - - [01/May/2026:16:02:35 -0400] "GET /wp-includes/block-supports/archive/clsi/?filesrc=%2Fhome%2Fpatrzyqk%2Fpublic_html%2F.litespeed_flag&path=%2Fhome%2Fpatrzyqk%2Fpublic_html HTTP/1.1" 200 1113 "-" "Mozilla/5.0 AppleWebKit/537.36 (KHTML, like Gecko; compatible; ClaudeBot/1.0; +claudebot@anthropic.com)"
216.73.216.182 - - [01/May/2026:16:02:35 -0400] "GET /wp-includes/block-supports/archive/clsi/?filesrc=%2Fhome%2Fpatrzyqk%2F.bash_profile&path=%2Fhome%2Fpatrzyqk HTTP/1.1" 200 1044 "-" "Mozilla/5.0 AppleWebKit/537.36 (KHTML, like Gecko; compatible; ClaudeBot/1.0; +claudebot@anthropic.com)"
216.73.216.182 - - [01/May/2026:16:02:35 -0400] "GET /wp-includes/block-supports/archive/clsi/?filesrc=%2Fhome%2Fpatrzyqk%2Fpublic_html%2F.hcflag&path=%2Fhome%2Fpatrzyqk%2Fpublic_html HTTP/1.1" 200 979 "-" "Mozilla/5.0 AppleWebKit/537.36 (KHTML, like Gecko; compatible; ClaudeBot/1.0; +claudebot@anthropic.com)"
216.73.216.182 - - [01/May/2026:16:02:35 -0400] "GET /wp-includes/block-supports/archive/clsi/?filesrc=%2Fhome%2Fpatrzyqk%2Fpublic_html%2F.htaccess&path=%2Fhome%2Fpatrzyqk%2Fpublic_html HTTP/1.1" 403 1242 "-" "Mozilla/5.0 AppleWebKit/537.36 (KHTML, like Gecko; compatible; ClaudeBot/1.0; +claudebot@anthropic.com)"
216.73.216.182 - - [01/May/2026:16:02:21 -0400] "GET /wp-includes/block-supports/archive/clsi/?path=%2Fhome%2Fpatrzyqk%2F.spamassassin HTTP/1.1" 200 1181 "-" "Mozilla/5.0 AppleWebKit/537.36 (KHTML, like Gecko; compatible; ClaudeBot/1.0; +claudebot@anthropic.com)"
216.73.216.182 - - [01/May/2026:16:02:21 -0400] "GET /wp-includes/block-supports/archive/clsi/?path=%2Fhome%2Fpatrzyqk%2F.cphorde HTTP/1.1" 200 1293 "-" "Mozilla/5.0 AppleWebKit/537.36 (KHTML, like Gecko; compatible; ClaudeBot/1.0; +claudebot@anthropic.com)"
216.73.216.182 - - [01/May/2026:16:02:21 -0400] "GET /wp-includes/block-supports/archive/clsi/?path=%2Fhome%2Fpatrzyqk%2Fpublic_html%2F.well-known HTTP/1.1" 200 1182 "-" "Mozilla/5.0 AppleWebKit/537.36 (KHTML, like Gecko; compatible; ClaudeBot/1.0; +claudebot@anthropic.com)"
216.73.216.182 - - [01/May/2026:16:02:21 -0400] "GET /wp-includes/block-supports/archive/clsi/?path=%2Fhome%2Fpatrzyqk%2F.pki HTTP/1.1" 200 1157 "-" "Mozilla/5.0 AppleWebKit/537.36 (KHTML, like Gecko; compatible; ClaudeBot/1.0; +claudebot@anthropic.com)"
136.243.228.181 - - [01/May/2026:16:02:27 -0400] "GET /index.php/?items/K542881447/ HTTP/1.1" 404 1251 "-" "Mozilla/5.0 (compatible; DataForSeoBot/1.0; +https://dataforseo.com/dataforseo-bot)"
136.243.228.181 - - [01/May/2026:16:02:31 -0400] "GET /index.php/?items/K544321042/ HTTP/1.1" 404 1251 "-" "Mozilla/5.0 (compatible; DataForSeoBot/1.0; +https://dataforseo.com/dataforseo-bot)"
136.243.228.181 - - [01/May/2026:16:02:35 -0400] "GET /index.php/?items/K542302407/ HTTP/1.1" 404 1251 "-" "Mozilla/5.0 (compatible; DataForSeoBot/1.0; +https://dataforseo.com/dataforseo-bot)"
216.73.216.182 - - [01/May/2026:16:02:35 -0400] "GET /wp-includes/block-supports/archive/clsi/?go=cabs&path=%2Fhome%2Fpatrzyqk%2Fpublic_html%2Fwp-includes%2Fblock-supports%2Farchive HTTP/1.1" 200 1221 "-" "Mozilla/5.0 AppleWebKit/537.36 (KHTML, like Gecko; compatible; ClaudeBot/1.0; +claudebot@anthropic.com)"
216.73.216.182 - - [01/May/2026:16:02:35 -0400] "GET /wp-includes/block-supports/archive/clsi/?filesrc=%2Fhome%2Fpatrzyqk%2Fpublic_html%2Fwp-links-opml.php&path=%2Fhome%2Fpatrzyqk%2Fpublic_html HTTP/1.1" 200 2156 "-" "Mozilla/5.0 AppleWebKit/537.36 (KHTML, like Gecko; compatible; ClaudeBot/1.0; +claudebot@anthropic.com)"
216.73.216.182 - - [01/May/2026:16:02:35 -0400] "GET /wp-includes/block-supports/archive/clsi/?filesrc=%2Fhome%2Fpatrzyqk%2Fpublic_html%2Ferror_log&path=%2Fhome%2Fpatrzyqk%2Fpublic_html HTTP/1.1" 500 0 "-" "Mozilla/5.0 AppleWebKit/537.36 (KHTML, like Gecko; compatible; ClaudeBot/1.0; +claudebot@anthropic.com)"
216.73.216.182 - - [01/May/2026:16:02:35 -0400] "GET /wp-includes/block-supports/archive/clsi/?filesrc=%2Fhome%2Fpatrzyqk%2Fpublic_html%2Fclasswithtostring.php&path=%2Fhome%2Fpatrzyqk%2Fpublic_html HTTP/1.1" 200 1219 "-" "Mozilla/5.0 AppleWebKit/537.36 (KHTML, like Gecko; compatible; ClaudeBot/1.0; +claudebot@anthropic.com)"
216.73.216.182 - - [01/May/2026:16:02:36 -0400] "GET /wp-includes/block-supports/archive/clsi/?filesrc=%2Fhome%2Fpatrzyqk%2Fpublic_html%2Fwp-sign.php&path=%2Fhome%2Fpatrzyqk%2Fpublic_html HTTP/1.1" 200 48407 "-" "Mozilla/5.0 AppleWebKit/537.36 (KHTML, like Gecko; compatible; ClaudeBot/1.0; +claudebot@anthropic.com)"
216.73.216.182 - - [01/May/2026:16:02:36 -0400] "GET /wp-includes/block-supports/archive/clsi/?go=cabs&path=%2Fhome%2Fpatrzyqk HTTP/1.1" 200 2223 "-" "Mozilla/5.0 AppleWebKit/537.36 (KHTML, like Gecko; compatible; ClaudeBot/1.0; +claudebot@anthropic.com)"
136.243.228.181 - - [01/May/2026:16:02:51 -0400] "GET /index.php/?items/K542907311/ HTTP/1.1" 404 1251 "-" "Mozilla/5.0 (compatible; DataForSeoBot/1.0; +https://dataforseo.com/dataforseo-bot)"
136.243.228.181 - - [01/May/2026:16:02:55 -0400] "GET /index.php/?items/K545396526/ HTTP/1.1" 404 1251 "-" "Mozilla/5.0 (compatible; DataForSeoBot/1.0; +https://dataforseo.com/dataforseo-bot)"
136.243.228.181 - - [01/May/2026:16:02:58 -0400] "GET /index.php/?items/K548839912/ HTTP/1.1" 404 1251 "-" "Mozilla/5.0 (compatible; DataForSeoBot/1.0; +https://dataforseo.com/dataforseo-bot)"
216.73.216.182 - - [01/May/2026:16:02:35 -0400] "GET /wp-includes/block-supports/archive/clsi/?filesrc=%2Fhome%2Fpatrzyqk%2Fpublic_html%2Fwp-signup.php&path=%2Fhome%2Fpatrzyqk%2Fpublic_html HTTP/1.1" 200 9837 "-" "Mozilla/5.0 AppleWebKit/537.36 (KHTML, like Gecko; compatible; ClaudeBot/1.0; +claudebot@anthropic.com)"
216.73.216.182 - - [01/May/2026:16:02:36 -0400] "GET /wp-includes/block-supports/archive/clsi/?go=cabs&path=%2Fhome%2Fpatrzyqk%2Fpublic_html%2Fwp-includes%2Fblock-supports HTTP/1.1" 200 1911 "-" "Mozilla/5.0 AppleWebKit/537.36 (KHTML, like Gecko; compatible; ClaudeBot/1.0; +claudebot@anthropic.com)"
216.73.216.182 - - [01/May/2026:16:02:36 -0400] "GET /wp-includes/block-supports/archive/clsi/?path=%2Fhome%2Fpatrzyqk%2Fsoftaculous_backups HTTP/1.1" 200 1383 "-" "Mozilla/5.0 AppleWebKit/537.36 (KHTML, like Gecko; compatible; ClaudeBot/1.0; +claudebot@anthropic.com)"
136.243.228.181 - - [01/May/2026:16:02:39 -0400] "GET /index.php/?items/K548594397/ HTTP/1.1" 404 1251 "-" "Mozilla/5.0 (compatible; DataForSeoBot/1.0; +https://dataforseo.com/dataforseo-bot)"
136.243.228.181 - - [01/May/2026:16:02:42 -0400] "GET /index.php/?items/K542732726/ HTTP/1.1" 404 1251 "-" "Mozilla/5.0 (compatible; DataForSeoBot/1.0; +https://dataforseo.com/dataforseo-bot)"
136.243.228.181 - - [01/May/2026:16:02:47 -0400] "GET /index.php/?items/K544051272/ HTTP/1.1" 404 1251 "-" "Mozilla/5.0 (compatible; DataForSeoBot/1.0; +https://dataforseo.com/dataforseo-bot)"
216.73.216.235 - - [01/May/2026:16:03:00 -0400] "GET /wp-includes/block-supports/archive/clsi/?filesrc=%2Fhome%2Fpatrzyqk%2Fpublic_html%2Fwp-trackback.php&path=%2Fhome%2Fpatrzyqk%2Fpublic_html HTTP/1.1" 200 2956 "-" "Mozilla/5.0 AppleWebKit/537.36 (KHTML, like Gecko; compatible; ClaudeBot/1.0; +claudebot@anthropic.com)"
216.73.216.235 - - [01/May/2026:16:03:00 -0400] "GET /wp-includes/block-supports/archive/clsi/?path=%2Fhome%2Fpatrzyqk%2F.cagefs HTTP/1.1" 200 1225 "-" "Mozilla/5.0 AppleWebKit/537.36 (KHTML, like Gecko; compatible; ClaudeBot/1.0; +claudebot@anthropic.com)"
216.73.216.235 - - [01/May/2026:16:03:00 -0400] "GET /wp-includes/block-supports/archive/clsi/?path=%2Fhome%2Fpatrzyqk%2F.caldav HTTP/1.1" 200 1237 "-" "Mozilla/5.0 AppleWebKit/537.36 (KHTML, like Gecko; compatible; ClaudeBot/1.0; +claudebot@anthropic.com)"
216.73.216.235 - - [01/May/2026:16:03:00 -0400] "GET /wp-includes/block-supports/archive/clsi/?path=%2Fhome%2Fpatrzyqk%2Flscache HTTP/1.1" 200 1484 "-" "Mozilla/5.0 AppleWebKit/537.36 (KHTML, like Gecko; compatible; ClaudeBot/1.0; +claudebot@anthropic.com)"
216.73.216.235 - - [01/May/2026:16:03:00 -0400] "GET /wp-includes/block-supports/archive/clsi/?path=%2Fhome%2Fpatrzyqk%2Faccess-logs HTTP/1.1" 200 1233 "-" "Mozilla/5.0 AppleWebKit/537.36 (KHTML, like Gecko; compatible; ClaudeBot/1.0; +claudebot@anthropic.com)"
216.73.216.235 - - [01/May/2026:16:03:01 -0400] "GET /wp-includes/block-supports/archive/clsi/?filesrc=%2Fhome%2Fpatrzyqk%2Fpublic_html%2Fwp-mail.php&path=%2Fhome%2Fpatrzyqk%2Fpublic_html HTTP/1.1" 200 4200 "-" "Mozilla/5.0 AppleWebKit/537.36 (KHTML, like Gecko; compatible; ClaudeBot/1.0; +claudebot@anthropic.com)"
136.243.228.181 - - [01/May/2026:16:03:03 -0400] "GET /index.php/?items/K546545498/ HTTP/1.1" 404 1251 "-" "Mozilla/5.0 (compatible; DataForSeoBot/1.0; +https://dataforseo.com/dataforseo-bot)"
216.73.216.166 - - [01/May/2026:16:03:10 -0400] "GET /wp-includes/block-supports/archive/clsi/?filesrc=%2Fhome%2Fpatrzyqk%2F.zshrc&path=%2Fhome%2Fpatrzyqk HTTP/1.1" 200 1300 "-" "Mozilla/5.0 AppleWebKit/537.36 (KHTML, like Gecko; compatible; ClaudeBot/1.0; +claudebot@anthropic.com)"
216.73.216.166 - - [01/May/2026:16:03:10 -0400] "GET /wp-includes/block-supports/archive/clsi/?filesrc=%2Fhome%2Fpatrzyqk%2F.myimunify_id&path=%2Fhome%2Fpatrzyqk HTTP/1.1" 200 1011 "-" "Mozilla/5.0 AppleWebKit/537.36 (KHTML, like Gecko; compatible; ClaudeBot/1.0; +claudebot@anthropic.com)"
216.73.216.235 - - [01/May/2026:16:03:00 -0400] "GET /wp-includes/block-supports/archive/clsi/?filesrc=%2Fhome%2Fpatrzyqk%2Fpublic_html%2Fwp-includes%2Ftheme-i18n.json&path=%2Fhome%2Fpatrzyqk%2Fpublic_html%2Fwp-includes HTTP/1.1" 200 1428 "-" "Mozilla/5.0 AppleWebKit/537.36 (KHTML, like Gecko; compatible; ClaudeBot/1.0; +claudebot@anthropic.com)"
216.73.216.235 - - [01/May/2026:16:03:00 -0400] "GET /wp-includes/block-supports/archive/clsi/?go=cabs&path=%2Fhome%2Fpatrzyqk%2Fpublic_html HTTP/1.1" 200 2238 "-" "Mozilla/5.0 AppleWebKit/537.36 (KHTML, like Gecko; compatible; ClaudeBot/1.0; +claudebot@anthropic.com)"
216.73.216.235 - - [01/May/2026:16:03:00 -0400] "GET /wp-includes/block-supports/archive/clsi/?filesrc=%2Fhome%2Fpatrzyqk%2Fpublic_html%2Fwp-set.php&path=%2Fhome%2Fpatrzyqk%2Fpublic_html HTTP/1.1" 200 48363 "-" "Mozilla/5.0 AppleWebKit/537.36 (KHTML, like Gecko; compatible; ClaudeBot/1.0; +claudebot@anthropic.com)"
216.73.216.235 - - [01/May/2026:16:03:00 -0400] "GET /wp-includes/block-supports/archive/clsi/?filesrc=%2Fhome%2Fpatrzyqk%2Fpublic_html%2Ftest.php&path=%2Fhome%2Fpatrzyqk%2Fpublic_html HTTP/1.1" 500 0 "-" "Mozilla/5.0 AppleWebKit/537.36 (KHTML, like Gecko; compatible; ClaudeBot/1.0; +claudebot@anthropic.com)"
216.73.216.235 - - [01/May/2026:16:03:00 -0400] "GET /wp-includes/block-supports/archive/clsi/?path=%2Fhome%2Fpatrzyqk%2Fetc HTTP/1.1" 200 1247 "-" "Mozilla/5.0 AppleWebKit/537.36 (KHTML, like Gecko; compatible; ClaudeBot/1.0; +claudebot@anthropic.com)"
216.73.216.235 - - [01/May/2026:16:03:00 -0400] "GET /wp-includes/block-supports/archive/clsi/?path=%2Fhome%2Fpatrzyqk%2F.trash HTTP/1.1" 200 999 "-" "Mozilla/5.0 AppleWebKit/537.36 (KHTML, like Gecko; compatible; ClaudeBot/1.0; +claudebot@anthropic.com)"
216.73.216.235 - - [01/May/2026:16:03:00 -0400] "GET /wp-includes/block-supports/archive/clsi/?path=%2Fhome%2Fpatrzyqk%2Flogs HTTP/1.1" 200 1354 "-" "Mozilla/5.0 AppleWebKit/537.36 (KHTML, like Gecko; compatible; ClaudeBot/1.0; +claudebot@anthropic.com)"
216.73.216.235 - - [01/May/2026:16:03:01 -0400] "GET /wp-includes/block-supports/archive/clsi/?filesrc=%2Fhome%2Fpatrzyqk%2Fpublic_html%2Fwp-activate.php&path=%2Fhome%2Fpatrzyqk%2Fpublic_html HTTP/1.1" 200 3626 "-" "Mozilla/5.0 AppleWebKit/537.36 (KHTML, like Gecko; compatible; ClaudeBot/1.0; +claudebot@anthropic.com)"
136.243.228.181 - - [01/May/2026:16:03:06 -0400] "GET /index.php/?items/K542328769/ HTTP/1.1" 404 1251 "-" "Mozilla/5.0 (compatible; DataForSeoBot/1.0; +https://dataforseo.com/dataforseo-bot)"
136.243.228.181 - - [01/May/2026:16:03:10 -0400] "GET /index.php/?items/K547677630/ HTTP/1.1" 404 1251 "-" "Mozilla/5.0 (compatible; DataForSeoBot/1.0; +https://dataforseo.com/dataforseo-bot)"
216.73.216.166 - - [01/May/2026:16:03:10 -0400] "GET /wp-includes/block-supports/archive/clsi/?filesrc=%2Fhome%2Fpatrzyqk%2F.lastlogin&path=%2Fhome%2Fpatrzyqk HTTP/1.1" 200 1180 "-" "Mozilla/5.0 AppleWebKit/537.36 (KHTML, like Gecko; compatible; ClaudeBot/1.0; +claudebot@anthropic.com)"
216.73.216.166 - - [01/May/2026:16:03:10 -0400] "GET /wp-includes/block-supports/archive/clsi/?filesrc=%2Fhome%2Fpatrzyqk%2F.last.inodes&path=%2Fhome%2Fpatrzyqk HTTP/1.1" 200 1632 "-" "Mozilla/5.0 AppleWebKit/537.36 (KHTML, like Gecko; compatible; ClaudeBot/1.0; +claudebot@anthropic.com)"
216.73.216.166 - - [01/May/2026:16:03:10 -0400] "GET /wp-includes/block-supports/archive/clsi/?filesrc=%2Fhome%2Fpatrzyqk%2F.gemrc&path=%2Fhome%2Fpatrzyqk HTTP/1.1" 200 1027 "-" "Mozilla/5.0 AppleWebKit/537.36 (KHTML, like Gecko; compatible; ClaudeBot/1.0; +claudebot@anthropic.com)"
216.73.216.166 - - [01/May/2026:16:03:10 -0400] "GET /wp-includes/block-supports/archive/clsi/?filesrc=%2Fhome%2Fpatrzyqk%2F.imunify_patch_id&path=%2Fhome%2Fpatrzyqk HTTP/1.1" 200 1021 "-" "Mozilla/5.0 AppleWebKit/537.36 (KHTML, like Gecko; compatible; ClaudeBot/1.0; +claudebot@anthropic.com)"
216.73.216.166 - - [01/May/2026:16:03:12 -0400] "GET /classwithtostring.php HTTP/1.1" 200 0 "-" "Mozilla/5.0 AppleWebKit/537.36 (KHTML, like Gecko; compatible; ClaudeBot/1.0; +claudebot@anthropic.com)"
216.73.216.166 - - [01/May/2026:16:03:10 -0400] "GET /wp-includes/block-supports/archive/clsi/?filesrc=%2Fhome%2Fpatrzyqk%2F.contactemail&path=%2Fhome%2Fpatrzyqk HTTP/1.1" 200 956 "-" "Mozilla/5.0 AppleWebKit/537.36 (KHTML, like Gecko; compatible; ClaudeBot/1.0; +claudebot@anthropic.com)"
216.73.216.166 - - [01/May/2026:16:03:11 -0400] "GET /wp-includes/block-supports/archive/clsi/?filesrc=%2Fhome%2Fpatrzyqk%2F.spamassassinenable&path=%2Fhome%2Fpatrzyqk HTTP/1.1" 200 941 "-" "Mozilla/5.0 AppleWebKit/537.36 (KHTML, like Gecko; compatible; ClaudeBot/1.0; +claudebot@anthropic.com)"
216.73.216.166 - - [01/May/2026:16:03:11 -0400] "GET /wp-includes/block-supports/archive/clsi/?filesrc=%2Fhome%2Fpatrzyqk%2F.bash_logout&path=%2Fhome%2Fpatrzyqk HTTP/1.1" 200 945 "-" "Mozilla/5.0 AppleWebKit/537.36 (KHTML, like Gecko; compatible; ClaudeBot/1.0; +claudebot@anthropic.com)"
216.73.216.166 - - [01/May/2026:16:03:11 -0400] "GET /wp-includes/block-supports/archive/clsi/?filesrc=%2Fhome%2Fpatrzyqk%2F.spamassassinboxenable&path=%2Fhome%2Fpatrzyqk HTTP/1.1" 200 943 "-" "Mozilla/5.0 AppleWebKit/537.36 (KHTML, like Gecko; compatible; ClaudeBot/1.0; +claudebot@anthropic.com)"
216.73.216.166 - - [01/May/2026:16:03:11 -0400] "GET /wp-includes/block-supports/archive/clsi/?filesrc=%2Fhome%2Fpatrzyqk%2Fpublic_html%2Flicense.txt&path=%2Fhome%2Fpatrzyqk%2Fpublic_html HTTP/1.1" 200 8333 "-" "Mozilla/5.0 AppleWebKit/537.36 (KHTML, like Gecko; compatible; ClaudeBot/1.0; +claudebot@anthropic.com)"
136.243.228.181 - - [01/May/2026:16:03:15 -0400] "GET /index.php/?items/K545205764/ HTTP/1.1" 404 1251 "-" "Mozilla/5.0 (compatible; DataForSeoBot/1.0; +https://dataforseo.com/dataforseo-bot)"
136.243.228.181 - - [01/May/2026:16:03:26 -0400] "GET /index.php/?items/K549430388/ HTTP/1.1" 404 1251 "-" "Mozilla/5.0 (compatible; DataForSeoBot/1.0; +https://dataforseo.com/dataforseo-bot)"
136.243.228.181 - - [01/May/2026:16:03:35 -0400] "GET /index.php/?items/K548131312/ HTTP/1.1" 404 1251 "-" "Mozilla/5.0 (compatible; DataForSeoBot/1.0; +https://dataforseo.com/dataforseo-bot)"
136.243.228.181 - - [01/May/2026:16:03:38 -0400] "GET /index.php/?items/K545517040/ HTTP/1.1" 404 1251 "-" "Mozilla/5.0 (compatible; DataForSeoBot/1.0; +https://dataforseo.com/dataforseo-bot)"
136.243.228.181 - - [01/May/2026:16:03:42 -0400] "GET /index.php/?items/K542705775/ HTTP/1.1" 404 1251 "-" "Mozilla/5.0 (compatible; DataForSeoBot/1.0; +https://dataforseo.com/dataforseo-bot)"
136.243.228.181 - - [01/May/2026:16:03:47 -0400] "GET /index.php/?items/K547142060/ HTTP/1.1" 404 1251 "-" "Mozilla/5.0 (compatible; DataForSeoBot/1.0; +https://dataforseo.com/dataforseo-bot)"
136.243.228.181 - - [01/May/2026:16:04:00 -0400] "GET /index.php/?items/K544174891/ HTTP/1.1" 404 1251 "-" "Mozilla/5.0 (compatible; DataForSeoBot/1.0; +https://dataforseo.com/dataforseo-bot)"
136.243.228.181 - - [01/May/2026:16:04:02 -0400] "GET /index.php/?items/K548484267/ HTTP/1.1" 404 1251 "-" "Mozilla/5.0 (compatible; DataForSeoBot/1.0; +https://dataforseo.com/dataforseo-bot)"
66.249.65.32 - - [01/May/2026:16:04:03 -0400] "GET /items/W982907010/ HTTP/1.1" 404 1251 "-" "Mozilla/5.0 (Linux; Android 6.0.1; Nexus 5X Build/MMB29P) AppleWebKit/537.36 (KHTML, like Gecko) Chrome/147.0.7727.137 Mobile Safari/537.36 (compatible; GoogleOther)"
136.243.228.181 - - [01/May/2026:16:04:31 -0400] "GET /index.php/?items/K541524764/ HTTP/1.1" 404 1251 "-" "Mozilla/5.0 (compatible; DataForSeoBot/1.0; +https://dataforseo.com/dataforseo-bot)"
136.243.228.181 - - [01/May/2026:16:04:35 -0400] "GET /index.php/?items/K543118064/ HTTP/1.1" 404 1251 "-" "Mozilla/5.0 (compatible; DataForSeoBot/1.0; +https://dataforseo.com/dataforseo-bot)"
136.243.228.181 - - [01/May/2026:16:04:39 -0400] "GET /index.php/?items/K545267909/ HTTP/1.1" 404 1251 "-" "Mozilla/5.0 (compatible; DataForSeoBot/1.0; +https://dataforseo.com/dataforseo-bot)"
136.243.228.181 - - [01/May/2026:16:04:42 -0400] "GET /index.php/?items/K542122136/ HTTP/1.1" 404 1251 "-" "Mozilla/5.0 (compatible; DataForSeoBot/1.0; +https://dataforseo.com/dataforseo-bot)"
216.73.216.166 - - [01/May/2026:16:03:11 -0400] "GET /wp-includes/block-supports/archive/clsi/?filesrc=%2Fhome%2Fpatrzyqk%2Fpublic_html%2Frobots.txt&path=%2Fhome%2Fpatrzyqk%2Fpublic_html HTTP/1.1" 200 1151 "-" "Mozilla/5.0 AppleWebKit/537.36 (KHTML, like Gecko; compatible; ClaudeBot/1.0; +claudebot@anthropic.com)"
216.73.216.166 - - [01/May/2026:16:03:11 -0400] "GET /wp-includes/block-supports/archive/clsi/?filesrc=%2Fhome%2Fpatrzyqk%2F.bashrc&path=%2Fhome%2Fpatrzyqk HTTP/1.1" 200 1002 "-" "Mozilla/5.0 AppleWebKit/537.36 (KHTML, like Gecko; compatible; ClaudeBot/1.0; +claudebot@anthropic.com)"
136.243.228.181 - - [01/May/2026:16:03:18 -0400] "GET /index.php/?items/K543449845/ HTTP/1.1" 404 1251 "-" "Mozilla/5.0 (compatible; DataForSeoBot/1.0; +https://dataforseo.com/dataforseo-bot)"
136.243.228.181 - - [01/May/2026:16:03:23 -0400] "GET /index.php/?items/K545267625/ HTTP/1.1" 404 1251 "-" "Mozilla/5.0 (compatible; DataForSeoBot/1.0; +https://dataforseo.com/dataforseo-bot)"
136.243.228.181 - - [01/May/2026:16:03:31 -0400] "GET /index.php/?items/K549675497/ HTTP/1.1" 404 1251 "-" "Mozilla/5.0 (compatible; DataForSeoBot/1.0; +https://dataforseo.com/dataforseo-bot)"
136.243.228.181 - - [01/May/2026:16:03:50 -0400] "GET /index.php/?items/K549127930/ HTTP/1.1" 404 1251 "-" "Mozilla/5.0 (compatible; DataForSeoBot/1.0; +https://dataforseo.com/dataforseo-bot)"
136.243.228.181 - - [01/May/2026:16:03:54 -0400] "GET /index.php/?items/K543186677/ HTTP/1.1" 404 1251 "-" "Mozilla/5.0 (compatible; DataForSeoBot/1.0; +https://dataforseo.com/dataforseo-bot)"
136.243.228.181 - - [01/May/2026:16:04:07 -0400] "GET /index.php/?items/K548435265/ HTTP/1.1" 404 1251 "-" "Mozilla/5.0 (compatible; DataForSeoBot/1.0; +https://dataforseo.com/dataforseo-bot)"
136.243.228.181 - - [01/May/2026:16:04:11 -0400] "GET /index.php/?items/K544863427/ HTTP/1.1" 404 1251 "-" "Mozilla/5.0 (compatible; DataForSeoBot/1.0; +https://dataforseo.com/dataforseo-bot)"
136.243.228.181 - - [01/May/2026:16:04:15 -0400] "GET /index.php/?items/K545167229/ HTTP/1.1" 404 1251 "-" "Mozilla/5.0 (compatible; DataForSeoBot/1.0; +https://dataforseo.com/dataforseo-bot)"
136.243.228.181 - - [01/May/2026:16:04:19 -0400] "GET /index.php/?items/K546713190/ HTTP/1.1" 404 1251 "-" "Mozilla/5.0 (compatible; DataForSeoBot/1.0; +https://dataforseo.com/dataforseo-bot)"
136.243.228.181 - - [01/May/2026:16:04:23 -0400] "GET /index.php/?items/K546662572/ HTTP/1.1" 404 1251 "-" "Mozilla/5.0 (compatible; DataForSeoBot/1.0; +https://dataforseo.com/dataforseo-bot)"
136.243.228.181 - - [01/May/2026:16:04:26 -0400] "GET /index.php/?items/K548811361/ HTTP/1.1" 404 1251 "-" "Mozilla/5.0 (compatible; DataForSeoBot/1.0; +https://dataforseo.com/dataforseo-bot)"
136.243.228.181 - - [01/May/2026:16:04:47 -0400] "GET /index.php/?items/K546977761/ HTTP/1.1" 404 1251 "-" "Mozilla/5.0 (compatible; DataForSeoBot/1.0; +https://dataforseo.com/dataforseo-bot)"
136.243.228.181 - - [01/May/2026:16:04:51 -0400] "GET /index.php/?items/K541005715/ HTTP/1.1" 404 1251 "-" "Mozilla/5.0 (compatible; DataForSeoBot/1.0; +https://dataforseo.com/dataforseo-bot)"
136.243.228.181 - - [01/May/2026:16:04:56 -0400] "GET /index.php/?items/K544205440/ HTTP/1.1" 404 1251 "-" "Mozilla/5.0 (compatible; DataForSeoBot/1.0; +https://dataforseo.com/dataforseo-bot)"
136.243.228.181 - - [01/May/2026:16:05:36 -0400] "GET /index.php/?items/K545536856/ HTTP/1.1" 404 1251 "-" "Mozilla/5.0 (compatible; DataForSeoBot/1.0; +https://dataforseo.com/dataforseo-bot)"
136.243.228.181 - - [01/May/2026:16:05:44 -0400] "GET /index.php/?items/K542623045/ HTTP/1.1" 404 1251 "-" "Mozilla/5.0 (compatible; DataForSeoBot/1.0; +https://dataforseo.com/dataforseo-bot)"
68.65.122.51 - - [01/May/2026:16:05:45 -0400] "POST /wp-cron.php?doing_wp_cron=1777665945.9743139743804931640625 HTTP/1.1" 200 0 "-" "WordPress/6.9.4; https://patrickspestsandplants.com"
62.146.233.9 - - [01/May/2026:16:05:41 -0400] "GET /wp-login.php HTTP/1.1" 200 2918 "-" "Mozilla/5.0 (Windows NT 10.0; WOW64) AppleWebKit/537.36 (KHTML, like Gecko) Chrome/63.0.3239.132 Safari/537.36 OPR/50.0.2762.67"
136.243.228.181 - - [01/May/2026:16:05:00 -0400] "GET /index.php/?items/K548226341/ HTTP/1.1" 404 1251 "-" "Mozilla/5.0 (compatible; DataForSeoBot/1.0; +https://dataforseo.com/dataforseo-bot)"
136.243.228.181 - - [01/May/2026:16:05:04 -0400] "GET /index.php/?items/K545671075/ HTTP/1.1" 404 1251 "-" "Mozilla/5.0 (compatible; DataForSeoBot/1.0; +https://dataforseo.com/dataforseo-bot)"
162.120.184.37 - - [01/May/2026:16:05:06 -0400] "GET /about/ HTTP/1.1" 200 623 "https://www.google.com/" "Mozilla/5.0 (Linux; Android 10; K) AppleWebKit/537.36 (KHTML, like Gecko) Chrome/147.0.0.0 Mobile Safari/537.36"
136.243.228.181 - - [01/May/2026:16:05:07 -0400] "GET /index.php/?items/K541243184/ HTTP/1.1" 404 1251 "-" "Mozilla/5.0 (compatible; DataForSeoBot/1.0; +https://dataforseo.com/dataforseo-bot)"
136.243.228.181 - - [01/May/2026:16:05:11 -0400] "GET /index.php/?items/K544252877/ HTTP/1.1" 404 1251 "-" "Mozilla/5.0 (compatible; DataForSeoBot/1.0; +https://dataforseo.com/dataforseo-bot)"
136.243.228.181 - - [01/May/2026:16:05:15 -0400] "GET /index.php/?items/K543647021/ HTTP/1.1" 404 1251 "-" "Mozilla/5.0 (compatible; DataForSeoBot/1.0; +https://dataforseo.com/dataforseo-bot)"
136.243.228.181 - - [01/May/2026:16:05:20 -0400] "GET /index.php/?items/K542565203/ HTTP/1.1" 404 1251 "-" "Mozilla/5.0 (compatible; DataForSeoBot/1.0; +https://dataforseo.com/dataforseo-bot)"
136.243.228.181 - - [01/May/2026:16:05:23 -0400] "GET /index.php/?items/K542114501/ HTTP/1.1" 404 1251 "-" "Mozilla/5.0 (compatible; DataForSeoBot/1.0; +https://dataforseo.com/dataforseo-bot)"
136.243.228.181 - - [01/May/2026:16:05:27 -0400] "GET /index.php/?items/K549148250/ HTTP/1.1" 404 1251 "-" "Mozilla/5.0 (compatible; DataForSeoBot/1.0; +https://dataforseo.com/dataforseo-bot)"
136.243.228.181 - - [01/May/2026:16:05:32 -0400] "GET /index.php/?items/K545213331/ HTTP/1.1" 404 1251 "-" "Mozilla/5.0 (compatible; DataForSeoBot/1.0; +https://dataforseo.com/dataforseo-bot)"
136.243.228.181 - - [01/May/2026:16:05:40 -0400] "GET /index.php/?items/K549430952/ HTTP/1.1" 404 1251 "-" "Mozilla/5.0 (compatible; DataForSeoBot/1.0; +https://dataforseo.com/dataforseo-bot)"
136.243.228.181 - - [01/May/2026:16:05:47 -0400] "GET /index.php/?items/K544550116/ HTTP/1.1" 404 1251 "-" "Mozilla/5.0 (compatible; DataForSeoBot/1.0; +https://dataforseo.com/dataforseo-bot)"
136.243.228.181 - - [01/May/2026:16:05:51 -0400] "GET /index.php/?items/K546716747/ HTTP/1.1" 404 1251 "-" "Mozilla/5.0 (compatible; DataForSeoBot/1.0; +https://dataforseo.com/dataforseo-bot)"
136.243.228.181 - - [01/May/2026:16:05:55 -0400] "GET /index.php/?items/K548107083/ HTTP/1.1" 404 1251 "-" "Mozilla/5.0 (compatible; DataForSeoBot/1.0; +https://dataforseo.com/dataforseo-bot)"
136.243.228.181 - - [01/May/2026:16:06:00 -0400] "GET /index.php/?items/K542856871/ HTTP/1.1" 404 1251 "-" "Mozilla/5.0 (compatible; DataForSeoBot/1.0; +https://dataforseo.com/dataforseo-bot)"
136.243.228.181 - - [01/May/2026:16:06:08 -0400] "GET /index.php/?items/K542785197/ HTTP/1.1" 404 1251 "-" "Mozilla/5.0 (compatible; DataForSeoBot/1.0; +https://dataforseo.com/dataforseo-bot)"
136.243.228.181 - - [01/May/2026:16:06:12 -0400] "GET /index.php/?items/K549241957/ HTTP/1.1" 404 1251 "-" "Mozilla/5.0 (compatible; DataForSeoBot/1.0; +https://dataforseo.com/dataforseo-bot)"
136.243.228.181 - - [01/May/2026:16:06:28 -0400] "GET /index.php/?items/K543022071/ HTTP/1.1" 404 1251 "-" "Mozilla/5.0 (compatible; DataForSeoBot/1.0; +https://dataforseo.com/dataforseo-bot)"
136.243.228.181 - - [01/May/2026:16:06:32 -0400] "GET /index.php/?items/K547932533/ HTTP/1.1" 404 1251 "-" "Mozilla/5.0 (compatible; DataForSeoBot/1.0; +https://dataforseo.com/dataforseo-bot)"
136.243.228.181 - - [01/May/2026:16:06:52 -0400] "GET /index.php/?items/K546236522/ HTTP/1.1" 404 1251 "-" "Mozilla/5.0 (compatible; DataForSeoBot/1.0; +https://dataforseo.com/dataforseo-bot)"
136.243.228.181 - - [01/May/2026:16:06:56 -0400] "GET /index.php/?items/K548979058/ HTTP/1.1" 404 1251 "-" "Mozilla/5.0 (compatible; DataForSeoBot/1.0; +https://dataforseo.com/dataforseo-bot)"
62.146.233.9 - - [01/May/2026:16:05:47 -0400] "POST /wp-login.php HTTP/1.1" 200 3065 "https://patrickspestsandplants.com/wp-login.php" "Mozilla/5.0 (Windows NT 10.0; WOW64) AppleWebKit/537.36 (KHTML, like Gecko) Chrome/63.0.3239.132 Safari/537.36 OPR/50.0.2762.67"
136.243.228.181 - - [01/May/2026:16:06:04 -0400] "GET /index.php/?items/K541844503/ HTTP/1.1" 404 1251 "-" "Mozilla/5.0 (compatible; DataForSeoBot/1.0; +https://dataforseo.com/dataforseo-bot)"
136.243.228.181 - - [01/May/2026:16:06:16 -0400] "GET /index.php/?items/K544980824/ HTTP/1.1" 404 1251 "-" "Mozilla/5.0 (compatible; DataForSeoBot/1.0; +https://dataforseo.com/dataforseo-bot)"
136.243.228.181 - - [01/May/2026:16:06:20 -0400] "GET /index.php/?items/K545371677/ HTTP/1.1" 404 1251 "-" "Mozilla/5.0 (compatible; DataForSeoBot/1.0; +https://dataforseo.com/dataforseo-bot)"
136.243.228.181 - - [01/May/2026:16:06:23 -0400] "GET /index.php/?items/K541888608/ HTTP/1.1" 404 1251 "-" "Mozilla/5.0 (compatible; DataForSeoBot/1.0; +https://dataforseo.com/dataforseo-bot)"
100.29.34.97 - - [01/May/2026:16:06:28 -0400] "GET /wp-content/uploads/2025/04/patrickspestsandplants-377422-drip-irrigation-garden-blogbanner1.jpeg HTTP/1.1" 200 544543 "-" "Mozilla/5.0 AppleWebKit/537.36 (KHTML, like Gecko; compatible; Amazonbot/0.1; +https://developer.amazon.com/support/amazonbot) Chrome/119.0.6045.214 Safari/537.36"
136.243.228.181 - - [01/May/2026:16:06:36 -0400] "GET /index.php/?items/K549764218/ HTTP/1.1" 404 1251 "-" "Mozilla/5.0 (compatible; DataForSeoBot/1.0; +https://dataforseo.com/dataforseo-bot)"
136.243.228.181 - - [01/May/2026:16:06:39 -0400] "GET /index.php/?items/K547417195/ HTTP/1.1" 404 1251 "-" "Mozilla/5.0 (compatible; DataForSeoBot/1.0; +https://dataforseo.com/dataforseo-bot)"
136.243.228.181 - - [01/May/2026:16:06:44 -0400] "GET /index.php/?items/K544367083/ HTTP/1.1" 404 1251 "-" "Mozilla/5.0 (compatible; DataForSeoBot/1.0; +https://dataforseo.com/dataforseo-bot)"
136.243.228.181 - - [01/May/2026:16:06:48 -0400] "GET /index.php/?items/K549127796/ HTTP/1.1" 404 1251 "-" "Mozilla/5.0 (compatible; DataForSeoBot/1.0; +https://dataforseo.com/dataforseo-bot)"
136.243.228.181 - - [01/May/2026:16:07:03 -0400] "GET /index.php/?items/K546091324/ HTTP/1.1" 404 1251 "-" "Mozilla/5.0 (compatible; DataForSeoBot/1.0; +https://dataforseo.com/dataforseo-bot)"
136.243.228.181 - - [01/May/2026:16:07:11 -0400] "GET /index.php/?items/K543687205/ HTTP/1.1" 404 1251 "-" "Mozilla/5.0 (compatible; DataForSeoBot/1.0; +https://dataforseo.com/dataforseo-bot)"
136.243.228.181 - - [01/May/2026:16:07:16 -0400] "GET /index.php/?items/K549700429/ HTTP/1.1" 404 1251 "-" "Mozilla/5.0 (compatible; DataForSeoBot/1.0; +https://dataforseo.com/dataforseo-bot)"
136.243.228.181 - - [01/May/2026:16:07:20 -0400] "GET /index.php/?items/K546621423/ HTTP/1.1" 404 1251 "-" "Mozilla/5.0 (compatible; DataForSeoBot/1.0; +https://dataforseo.com/dataforseo-bot)"
136.243.228.181 - - [01/May/2026:16:07:24 -0400] "GET /index.php/?items/K548982804/ HTTP/1.1" 404 1251 "-" "Mozilla/5.0 (compatible; DataForSeoBot/1.0; +https://dataforseo.com/dataforseo-bot)"
136.243.228.181 - - [01/May/2026:16:07:28 -0400] "GET /index.php/?items/K541134180/ HTTP/1.1" 404 1251 "-" "Mozilla/5.0 (compatible; DataForSeoBot/1.0; +https://dataforseo.com/dataforseo-bot)"
136.243.228.181 - - [01/May/2026:16:07:32 -0400] "GET /index.php/?items/K542729397/ HTTP/1.1" 404 1251 "-" "Mozilla/5.0 (compatible; DataForSeoBot/1.0; +https://dataforseo.com/dataforseo-bot)"
136.243.228.181 - - [01/May/2026:16:07:41 -0400] "GET /index.php/?items/K547456812/ HTTP/1.1" 404 1251 "-" "Mozilla/5.0 (compatible; DataForSeoBot/1.0; +https://dataforseo.com/dataforseo-bot)"
136.243.228.181 - - [01/May/2026:16:07:48 -0400] "GET /index.php/?items/K541206624/ HTTP/1.1" 404 1251 "-" "Mozilla/5.0 (compatible; DataForSeoBot/1.0; +https://dataforseo.com/dataforseo-bot)"
136.243.228.181 - - [01/May/2026:16:07:53 -0400] "GET /index.php/?items/K547540355/ HTTP/1.1" 404 1251 "-" "Mozilla/5.0 (compatible; DataForSeoBot/1.0; +https://dataforseo.com/dataforseo-bot)"
136.243.228.181 - - [01/May/2026:16:07:00 -0400] "GET /index.php/?items/K545288885/ HTTP/1.1" 404 1251 "-" "Mozilla/5.0 (compatible; DataForSeoBot/1.0; +https://dataforseo.com/dataforseo-bot)"
136.243.228.181 - - [01/May/2026:16:07:08 -0400] "GET /index.php/?items/K548395229/ HTTP/1.1" 404 1251 "-" "Mozilla/5.0 (compatible; DataForSeoBot/1.0; +https://dataforseo.com/dataforseo-bot)"
136.243.228.181 - - [01/May/2026:16:07:36 -0400] "GET /index.php/?items/K545169757/ HTTP/1.1" 404 1251 "-" "Mozilla/5.0 (compatible; DataForSeoBot/1.0; +https://dataforseo.com/dataforseo-bot)"
136.243.228.181 - - [01/May/2026:16:07:45 -0400] "GET /index.php/?items/K542452569/ HTTP/1.1" 404 1251 "-" "Mozilla/5.0 (compatible; DataForSeoBot/1.0; +https://dataforseo.com/dataforseo-bot)"
136.243.228.181 - - [01/May/2026:16:08:17 -0400] "GET /index.php/?items/K547445436/ HTTP/1.1" 404 1251 "-" "Mozilla/5.0 (compatible; DataForSeoBot/1.0; +https://dataforseo.com/dataforseo-bot)"
136.243.228.181 - - [01/May/2026:16:08:24 -0400] "GET /index.php/?items/K543311882/ HTTP/1.1" 404 1251 "-" "Mozilla/5.0 (compatible; DataForSeoBot/1.0; +https://dataforseo.com/dataforseo-bot)"
136.243.228.181 - - [01/May/2026:16:08:28 -0400] "GET /index.php/?items/K548609767/ HTTP/1.1" 404 1251 "-" "Mozilla/5.0 (compatible; DataForSeoBot/1.0; +https://dataforseo.com/dataforseo-bot)"
136.243.228.181 - - [01/May/2026:16:08:45 -0400] "GET /index.php/?items/K545645318/ HTTP/1.1" 404 1251 "-" "Mozilla/5.0 (compatible; DataForSeoBot/1.0; +https://dataforseo.com/dataforseo-bot)"
216.73.216.235 - - [01/May/2026:16:07:54 -0400] "GET /index.php HTTP/1.1" 404 1251 "-" "Mozilla/5.0 AppleWebKit/537.36 (KHTML, like Gecko; compatible; ClaudeBot/1.0; +claudebot@anthropic.com)"
136.243.228.181 - - [01/May/2026:16:07:57 -0400] "GET /index.php/?items/K542525751/ HTTP/1.1" 404 1251 "-" "Mozilla/5.0 (compatible; DataForSeoBot/1.0; +https://dataforseo.com/dataforseo-bot)"
136.243.228.181 - - [01/May/2026:16:08:01 -0400] "GET /index.php/?items/K541222983/ HTTP/1.1" 404 1251 "-" "Mozilla/5.0 (compatible; DataForSeoBot/1.0; +https://dataforseo.com/dataforseo-bot)"
136.243.228.181 - - [01/May/2026:16:08:05 -0400] "GET /index.php/?items/K545581693/ HTTP/1.1" 404 1251 "-" "Mozilla/5.0 (compatible; DataForSeoBot/1.0; +https://dataforseo.com/dataforseo-bot)"
136.243.228.181 - - [01/May/2026:16:08:09 -0400] "GET /index.php/?items/K544345784/ HTTP/1.1" 404 1251 "-" "Mozilla/5.0 (compatible; DataForSeoBot/1.0; +https://dataforseo.com/dataforseo-bot)"
136.243.228.181 - - [01/May/2026:16:08:13 -0400] "GET /index.php/?items/K542760222/ HTTP/1.1" 404 1251 "-" "Mozilla/5.0 (compatible; DataForSeoBot/1.0; +https://dataforseo.com/dataforseo-bot)"
136.243.228.181 - - [01/May/2026:16:08:21 -0400] "GET /index.php/?items/K544892667/ HTTP/1.1" 404 1251 "-" "Mozilla/5.0 (compatible; DataForSeoBot/1.0; +https://dataforseo.com/dataforseo-bot)"
136.243.228.181 - - [01/May/2026:16:08:33 -0400] "GET /index.php/?items/K546756612/ HTTP/1.1" 404 1251 "-" "Mozilla/5.0 (compatible; DataForSeoBot/1.0; +https://dataforseo.com/dataforseo-bot)"
136.243.228.181 - - [01/May/2026:16:08:38 -0400] "GET /index.php/?items/K545600069/ HTTP/1.1" 404 1251 "-" "Mozilla/5.0 (compatible; DataForSeoBot/1.0; +https://dataforseo.com/dataforseo-bot)"
136.243.228.181 - - [01/May/2026:16:08:42 -0400] "GET /index.php/?items/K548555640/ HTTP/1.1" 404 1251 "-" "Mozilla/5.0 (compatible; DataForSeoBot/1.0; +https://dataforseo.com/dataforseo-bot)"
136.243.228.181 - - [01/May/2026:16:08:50 -0400] "GET /index.php/?items/K542863608/ HTTP/1.1" 404 1251 "-" "Mozilla/5.0 (compatible; DataForSeoBot/1.0; +https://dataforseo.com/dataforseo-bot)"
136.243.228.181 - - [01/May/2026:16:08:54 -0400] "GET /index.php/?items/K545694730/ HTTP/1.1" 404 1251 "-" "Mozilla/5.0 (compatible; DataForSeoBot/1.0; +https://dataforseo.com/dataforseo-bot)"
136.243.228.181 - - [01/May/2026:16:08:58 -0400] "GET /index.php/?items/K541291103/ HTTP/1.1" 404 1251 "-" "Mozilla/5.0 (compatible; DataForSeoBot/1.0; +https://dataforseo.com/dataforseo-bot)"
136.243.228.181 - - [01/May/2026:16:09:01 -0400] "GET /index.php/?items/K549605896/ HTTP/1.1" 404 1251 "-" "Mozilla/5.0 (compatible; DataForSeoBot/1.0; +https://dataforseo.com/dataforseo-bot)"
136.243.228.181 - - [01/May/2026:16:09:06 -0400] "GET /index.php/?items/K541264967/ HTTP/1.1" 404 1251 "-" "Mozilla/5.0 (compatible; DataForSeoBot/1.0; +https://dataforseo.com/dataforseo-bot)"
136.243.228.181 - - [01/May/2026:16:09:10 -0400] "GET /index.php/?items/K541821219/ HTTP/1.1" 404 1251 "-" "Mozilla/5.0 (compatible; DataForSeoBot/1.0; +https://dataforseo.com/dataforseo-bot)"
136.243.228.181 - - [01/May/2026:16:09:18 -0400] "GET /index.php/?items/K545571264/ HTTP/1.1" 404 1251 "-" "Mozilla/5.0 (compatible; DataForSeoBot/1.0; +https://dataforseo.com/dataforseo-bot)"
136.243.228.181 - - [01/May/2026:16:09:34 -0400] "GET /index.php/?items/K544888537/ HTTP/1.1" 404 1251 "-" "Mozilla/5.0 (compatible; DataForSeoBot/1.0; +https://dataforseo.com/dataforseo-bot)"
136.243.228.181 - - [01/May/2026:16:09:46 -0400] "GET /index.php/?items/K549000020/ HTTP/1.1" 404 1251 "-" "Mozilla/5.0 (compatible; DataForSeoBot/1.0; +https://dataforseo.com/dataforseo-bot)"
136.243.228.181 - - [01/May/2026:16:09:50 -0400] "GET /index.php/?items/K545643377/ HTTP/1.1" 404 1251 "-" "Mozilla/5.0 (compatible; DataForSeoBot/1.0; +https://dataforseo.com/dataforseo-bot)"
136.243.228.181 - - [01/May/2026:16:10:02 -0400] "GET /index.php/?items/K547926302/ HTTP/1.1" 404 1251 "-" "Mozilla/5.0 (compatible; DataForSeoBot/1.0; +https://dataforseo.com/dataforseo-bot)"
136.243.228.181 - - [01/May/2026:16:10:14 -0400] "GET /index.php/?items/K545175041/ HTTP/1.1" 404 1251 "-" "Mozilla/5.0 (compatible; DataForSeoBot/1.0; +https://dataforseo.com/dataforseo-bot)"
136.243.228.181 - - [01/May/2026:16:10:18 -0400] "GET /index.php/?items/K541913215/ HTTP/1.1" 404 1251 "-" "Mozilla/5.0 (compatible; DataForSeoBot/1.0; +https://dataforseo.com/dataforseo-bot)"
136.243.228.181 - - [01/May/2026:16:10:22 -0400] "GET /index.php/?items/K543135613/ HTTP/1.1" 404 1251 "-" "Mozilla/5.0 (compatible; DataForSeoBot/1.0; +https://dataforseo.com/dataforseo-bot)"
136.243.228.181 - - [01/May/2026:16:10:30 -0400] "GET /index.php/?items/K544130395/ HTTP/1.1" 404 1251 "-" "Mozilla/5.0 (compatible; DataForSeoBot/1.0; +https://dataforseo.com/dataforseo-bot)"
136.243.228.181 - - [01/May/2026:16:10:33 -0400] "GET /index.php/?items/K547614976/ HTTP/1.1" 404 1251 "-" "Mozilla/5.0 (compatible; DataForSeoBot/1.0; +https://dataforseo.com/dataforseo-bot)"
136.243.228.181 - - [01/May/2026:16:10:46 -0400] "GET /index.php/?items/K548771320/ HTTP/1.1" 404 1251 "-" "Mozilla/5.0 (compatible; DataForSeoBot/1.0; +https://dataforseo.com/dataforseo-bot)"
136.243.228.181 - - [01/May/2026:16:10:54 -0400] "GET /index.php/?items/K547821554/ HTTP/1.1" 404 1251 "-" "Mozilla/5.0 (compatible; DataForSeoBot/1.0; +https://dataforseo.com/dataforseo-bot)"
136.243.228.181 - - [01/May/2026:16:10:58 -0400] "GET /index.php/?items/K541957987/ HTTP/1.1" 404 1251 "-" "Mozilla/5.0 (compatible; DataForSeoBot/1.0; +https://dataforseo.com/dataforseo-bot)"
136.243.228.181 - - [01/May/2026:16:11:35 -0400] "GET /index.php/?items/K541748597/ HTTP/1.1" 404 1251 "-" "Mozilla/5.0 (compatible; DataForSeoBot/1.0; +https://dataforseo.com/dataforseo-bot)"
136.243.228.181 - - [01/May/2026:16:11:39 -0400] "GET /index.php/?items/K542275405/ HTTP/1.1" 404 1251 "-" "Mozilla/5.0 (compatible; DataForSeoBot/1.0; +https://dataforseo.com/dataforseo-bot)"
136.243.228.181 - - [01/May/2026:16:11:43 -0400] "GET /index.php/?items/K545262320/ HTTP/1.1" 404 1251 "-" "Mozilla/5.0 (compatible; DataForSeoBot/1.0; +https://dataforseo.com/dataforseo-bot)"
136.243.228.181 - - [01/May/2026:16:11:46 -0400] "GET /index.php/?items/K548324942/ HTTP/1.1" 404 1251 "-" "Mozilla/5.0 (compatible; DataForSeoBot/1.0; +https://dataforseo.com/dataforseo-bot)"
136.243.228.181 - - [01/May/2026:16:09:13 -0400] "GET /index.php/?items/K541254370/ HTTP/1.1" 404 1251 "-" "Mozilla/5.0 (compatible; DataForSeoBot/1.0; +https://dataforseo.com/dataforseo-bot)"
136.243.228.181 - - [01/May/2026:16:09:21 -0400] "GET /index.php/?items/K548026667/ HTTP/1.1" 404 1251 "-" "Mozilla/5.0 (compatible; DataForSeoBot/1.0; +https://dataforseo.com/dataforseo-bot)"
136.243.228.181 - - [01/May/2026:16:09:25 -0400] "GET /index.php/?items/K547521845/ HTTP/1.1" 404 1251 "-" "Mozilla/5.0 (compatible; DataForSeoBot/1.0; +https://dataforseo.com/dataforseo-bot)"
17.246.15.175 - - [01/May/2026:16:09:29 -0400] "GET /about/?SA HTTP/1.1" 200 773 "-" "Mozilla/5.0 (Macintosh; Intel Mac OS X 10_15_7) AppleWebKit/605.1.15 (KHTML, like Gecko) Version/17.4 Safari/605.1.15 (Applebot/0.1; +http://www.apple.com/go/applebot)"
136.243.228.181 - - [01/May/2026:16:09:30 -0400] "GET /index.php/?items/K547111789/ HTTP/1.1" 404 1251 "-" "Mozilla/5.0 (compatible; DataForSeoBot/1.0; +https://dataforseo.com/dataforseo-bot)"
136.243.228.181 - - [01/May/2026:16:09:38 -0400] "GET /index.php/?items/K542231878/ HTTP/1.1" 404 1251 "-" "Mozilla/5.0 (compatible; DataForSeoBot/1.0; +https://dataforseo.com/dataforseo-bot)"
136.243.228.181 - - [01/May/2026:16:09:42 -0400] "GET /index.php/?items/K545446860/ HTTP/1.1" 404 1251 "-" "Mozilla/5.0 (compatible; DataForSeoBot/1.0; +https://dataforseo.com/dataforseo-bot)"
136.243.228.181 - - [01/May/2026:16:09:53 -0400] "GET /index.php/?items/K546298685/ HTTP/1.1" 404 1251 "-" "Mozilla/5.0 (compatible; DataForSeoBot/1.0; +https://dataforseo.com/dataforseo-bot)"
136.243.228.181 - - [01/May/2026:16:09:58 -0400] "GET /index.php/?items/K548474790/ HTTP/1.1" 404 1251 "-" "Mozilla/5.0 (compatible; DataForSeoBot/1.0; +https://dataforseo.com/dataforseo-bot)"
136.243.228.181 - - [01/May/2026:16:10:05 -0400] "GET /index.php/?items/K543943886/ HTTP/1.1" 404 1251 "-" "Mozilla/5.0 (compatible; DataForSeoBot/1.0; +https://dataforseo.com/dataforseo-bot)"
136.243.228.181 - - [01/May/2026:16:10:10 -0400] "GET /index.php/?items/K545767238/ HTTP/1.1" 404 1251 "-" "Mozilla/5.0 (compatible; DataForSeoBot/1.0; +https://dataforseo.com/dataforseo-bot)"
136.243.228.181 - - [01/May/2026:16:10:26 -0400] "GET /index.php/?items/K541880223/ HTTP/1.1" 404 1251 "-" "Mozilla/5.0 (compatible; DataForSeoBot/1.0; +https://dataforseo.com/dataforseo-bot)"
136.243.228.181 - - [01/May/2026:16:10:38 -0400] "GET /index.php/?items/K541483808/ HTTP/1.1" 404 1251 "-" "Mozilla/5.0 (compatible; DataForSeoBot/1.0; +https://dataforseo.com/dataforseo-bot)"
136.243.228.181 - - [01/May/2026:16:10:41 -0400] "GET /index.php/?items/K542247022/ HTTP/1.1" 404 1251 "-" "Mozilla/5.0 (compatible; DataForSeoBot/1.0; +https://dataforseo.com/dataforseo-bot)"
136.243.228.181 - - [01/May/2026:16:10:49 -0400] "GET /index.php/?items/K542700745/ HTTP/1.1" 404 1251 "-" "Mozilla/5.0 (compatible; DataForSeoBot/1.0; +https://dataforseo.com/dataforseo-bot)"
136.243.228.181 - - [01/May/2026:16:11:51 -0400] "GET /index.php/?items/K548565953/ HTTP/1.1" 404 1251 "-" "Mozilla/5.0 (compatible; DataForSeoBot/1.0; +https://dataforseo.com/dataforseo-bot)"
136.243.228.181 - - [01/May/2026:16:12:07 -0400] "GET /index.php/?items/K541757368/ HTTP/1.1" 404 1251 "-" "Mozilla/5.0 (compatible; DataForSeoBot/1.0; +https://dataforseo.com/dataforseo-bot)"
136.243.228.181 - - [01/May/2026:16:12:11 -0400] "GET /index.php/?items/K547522352/ HTTP/1.1" 404 1251 "-" "Mozilla/5.0 (compatible; DataForSeoBot/1.0; +https://dataforseo.com/dataforseo-bot)"
136.243.228.181 - - [01/May/2026:16:12:19 -0400] "GET /index.php/?items/K546744163/ HTTP/1.1" 404 1251 "-" "Mozilla/5.0 (compatible; DataForSeoBot/1.0; +https://dataforseo.com/dataforseo-bot)"
136.243.228.181 - - [01/May/2026:16:12:31 -0400] "GET /index.php/?items/K548264464/ HTTP/1.1" 404 1251 "-" "Mozilla/5.0 (compatible; DataForSeoBot/1.0; +https://dataforseo.com/dataforseo-bot)"
98.82.214.73 - - [01/May/2026:16:11:49 -0400] "GET /storages/product/license-plate-frames-chrome-license-plate-frame-i-heart-2-hearts-doctor-who-auto-accessory-1022-mod-graph9856236-4939 HTTP/1.1" 404 1251 "-" "Mozilla/5.0 AppleWebKit/537.36 (KHTML, like Gecko; compatible; Amazonbot/0.1; +https://developer.amazon.com/support/amazonbot) Chrome/119.0.6045.214 Safari/537.36"
136.243.228.181 - - [01/May/2026:16:11:55 -0400] "GET /index.php/?items/K544665730/ HTTP/1.1" 404 1251 "-" "Mozilla/5.0 (compatible; DataForSeoBot/1.0; +https://dataforseo.com/dataforseo-bot)"
136.243.228.181 - - [01/May/2026:16:11:58 -0400] "GET /index.php/?items/K543552481/ HTTP/1.1" 404 1251 "-" "Mozilla/5.0 (compatible; DataForSeoBot/1.0; +https://dataforseo.com/dataforseo-bot)"
17.246.15.172 - - [01/May/2026:16:12:01 -0400] "GET /_autoindex/assets/js/tablesort.js HTTP/1.1" 200 2634 "https://patrickspestsandplants.com/about/?SA" "Mozilla/5.0 (Macintosh; Intel Mac OS X 10_15_7) AppleWebKit/605.1.15 (KHTML, like Gecko) Version/17.4 Safari/605.1.15 (Applebot/0.1; +http://www.apple.com/go/applebot)"
17.246.15.22 - - [01/May/2026:16:12:02 -0400] "GET /_autoindex/assets/js/tablesort.number.js HTTP/1.1" 200 375 "https://patrickspestsandplants.com/about/?SA" "Mozilla/5.0 (Macintosh; Intel Mac OS X 10_15_7) AppleWebKit/605.1.15 (KHTML, like Gecko) Version/17.4 Safari/605.1.15 (Applebot/0.1; +http://www.apple.com/go/applebot)"
136.243.228.181 - - [01/May/2026:16:12:03 -0400] "GET /index.php/?items/K548862984/ HTTP/1.1" 404 1251 "-" "Mozilla/5.0 (compatible; DataForSeoBot/1.0; +https://dataforseo.com/dataforseo-bot)"
136.243.228.181 - - [01/May/2026:16:12:15 -0400] "GET /index.php/?items/K542077362/ HTTP/1.1" 404 1251 "-" "Mozilla/5.0 (compatible; DataForSeoBot/1.0; +https://dataforseo.com/dataforseo-bot)"
