147.182.134.197 - - [01/May/2026:12:02:16 -0400] "GET /wp-includes/sodium_compat/src/Core/Curve25519/Ge/P2.php HTTP/1.1" 200 0 "-" "WP-Safe-Scanner/2.0"
147.182.134.197 - - [01/May/2026:12:02:16 -0400] "GET /wp-includes/sodium_compat/src/Core/Curve25519/Ge/P3.php HTTP/1.1" 200 0 "-" "WP-Safe-Scanner/2.0"
147.182.134.197 - - [01/May/2026:12:02:17 -0400] "GET /wp-includes/sodium_compat/src/Core/Curve25519/Ge/Precomp.php HTTP/1.1" 200 0 "-" "WP-Safe-Scanner/2.0"
147.182.134.197 - - [01/May/2026:12:02:17 -0400] "GET /wp-includes/sodium_compat/src/Core/SecretStream/ HTTP/1.1" 200 800 "-" "WP-Safe-Scanner/2.0"
147.182.134.197 - - [01/May/2026:12:02:17 -0400] "GET /wp-includes/sodium_compat/src/Core/SecretStream/State.php HTTP/1.1" 200 0 "-" "WP-Safe-Scanner/2.0"
147.182.134.197 - - [01/May/2026:12:02:18 -0400] "GET /wp-includes/sodium_compat/src/Core/Base64/ HTTP/1.1" 200 829 "-" "WP-Safe-Scanner/2.0"
147.182.134.197 - - [01/May/2026:12:02:18 -0400] "GET /wp-includes/sodium_compat/src/Core/Base64/Original.php HTTP/1.1" 200 0 "-" "WP-Safe-Scanner/2.0"
147.182.134.197 - - [01/May/2026:12:02:19 -0400] "GET /wp-includes/sodium_compat/src/Core/ChaCha20/ HTTP/1.1" 200 827 "-" "WP-Safe-Scanner/2.0"
147.182.134.197 - - [01/May/2026:12:02:19 -0400] "GET /wp-includes/sodium_compat/src/Core/ChaCha20/IetfCtx.php HTTP/1.1" 500 0 "-" "WP-Safe-Scanner/2.0"
136.243.228.181 - - [01/May/2026:12:02:19 -0400] "GET /index.php/?items/K548745230/ HTTP/1.1" 404 1251 "-" "Mozilla/5.0 (compatible; DataForSeoBot/1.0; +https://dataforseo.com/dataforseo-bot)"
147.182.134.197 - - [01/May/2026:12:02:21 -0400] "GET /wp-includes/sodium_compat/src/Core/AES/KeySchedule.php HTTP/1.1" 200 0 "-" "WP-Safe-Scanner/2.0"
147.182.134.197 - - [01/May/2026:12:02:26 -0400] "GET /wp-includes/sodium_compat/src/Core32/BLAKE2b.php HTTP/1.1" 500 0 "-" "WP-Safe-Scanner/2.0"
147.182.134.197 - - [01/May/2026:12:02:30 -0400] "GET /wp-includes/sodium_compat/src/Core32/Curve25519/Ge/Cached.php HTTP/1.1" 200 0 "-" "WP-Safe-Scanner/2.0"
147.182.134.197 - - [01/May/2026:12:02:31 -0400] "GET /wp-includes/sodium_compat/src/Core32/Curve25519/Ge/Precomp.php HTTP/1.1" 200 0 "-" "WP-Safe-Scanner/2.0"
147.182.134.197 - - [01/May/2026:12:02:31 -0400] "GET /wp-includes/sodium_compat/src/Core32/Poly1305/ HTTP/1.1" 200 804 "-" "WP-Safe-Scanner/2.0"
147.182.134.197 - - [01/May/2026:12:02:32 -0400] "GET /wp-includes/ID3/module.audio-video.flv.php HTTP/1.1" 200 0 "-" "WP-Safe-Scanner/2.0"
147.182.134.197 - - [01/May/2026:12:02:32 -0400] "GET /wp-includes/ID3/module.audio-video.asf.php HTTP/1.1" 200 0 "-" "WP-Safe-Scanner/2.0"
147.182.134.197 - - [01/May/2026:12:02:33 -0400] "GET /wp-includes/ID3/getid3.lib.php HTTP/1.1" 200 0 "-" "WP-Safe-Scanner/2.0"
147.182.134.197 - - [01/May/2026:12:02:33 -0400] "GET /wp-includes/ID3/module.audio.flac.php HTTP/1.1" 200 0 "-" "WP-Safe-Scanner/2.0"
147.182.134.197 - - [01/May/2026:12:02:27 -0400] "GET /wp-includes/sodium_compat/src/Core32/ChaCha20/IetfCtx.php HTTP/1.1" 500 0 "-" "WP-Safe-Scanner/2.0"
147.182.134.197 - - [01/May/2026:12:02:28 -0400] "GET /wp-includes/sodium_compat/src/Core32/ChaCha20/Ctx.php HTTP/1.1" 500 0 "-" "WP-Safe-Scanner/2.0"
147.182.134.197 - - [01/May/2026:12:02:28 -0400] "GET /wp-includes/sodium_compat/src/Core32/SecretStream/ HTTP/1.1" 200 804 "-" "WP-Safe-Scanner/2.0"
147.182.134.197 - - [01/May/2026:12:02:28 -0400] "GET /wp-includes/sodium_compat/src/Core32/SecretStream/State.php HTTP/1.1" 200 0 "-" "WP-Safe-Scanner/2.0"
147.182.134.197 - - [01/May/2026:12:02:29 -0400] "GET /wp-includes/sodium_compat/src/Core32/Curve25519/ HTTP/1.1" 200 914 "-" "WP-Safe-Scanner/2.0"
147.182.134.197 - - [01/May/2026:12:02:29 -0400] "GET /wp-includes/sodium_compat/src/Core32/Curve25519/Fe.php HTTP/1.1" 200 0 "-" "WP-Safe-Scanner/2.0"
147.182.134.197 - - [01/May/2026:12:02:29 -0400] "GET /wp-includes/sodium_compat/src/Core32/Curve25519/H.php HTTP/1.1" 500 0 "-" "WP-Safe-Scanner/2.0"
147.182.134.197 - - [01/May/2026:12:02:29 -0400] "GET /wp-includes/sodium_compat/src/Core32/Curve25519/Ge/ HTTP/1.1" 200 889 "-" "WP-Safe-Scanner/2.0"
147.182.134.197 - - [01/May/2026:12:02:30 -0400] "GET /wp-includes/sodium_compat/src/Core32/Curve25519/Ge/P2.php HTTP/1.1" 200 0 "-" "WP-Safe-Scanner/2.0"
147.182.134.197 - - [01/May/2026:12:02:30 -0400] "GET /wp-includes/sodium_compat/src/Core32/Curve25519/Ge/P1p1.php HTTP/1.1" 200 0 "-" "WP-Safe-Scanner/2.0"
147.182.134.197 - - [01/May/2026:12:02:31 -0400] "GET /wp-includes/sodium_compat/src/Core32/Curve25519/Ge/P3.php HTTP/1.1" 200 0 "-" "WP-Safe-Scanner/2.0"
147.182.134.197 - - [01/May/2026:12:02:32 -0400] "GET /wp-includes/sodium_compat/src/Core32/Poly1305/State.php HTTP/1.1" 500 0 "-" "WP-Safe-Scanner/2.0"
147.182.134.197 - - [01/May/2026:12:02:32 -0400] "GET /wp-includes/ID3/ HTTP/1.1" 200 1683 "-" "WP-Safe-Scanner/2.0"
147.182.134.197 - - [01/May/2026:12:02:32 -0400] "GET /wp-includes/ID3/module.audio.ac3.php HTTP/1.1" 200 0 "-" "WP-Safe-Scanner/2.0"
147.182.134.197 - - [01/May/2026:12:02:33 -0400] "GET /wp-includes/ID3/getid3.php HTTP/1.1" 200 0 "-" "WP-Safe-Scanner/2.0"
147.182.134.197 - - [01/May/2026:12:02:34 -0400] "GET /wp-includes/ID3/module.audio.dts.php HTTP/1.1" 200 0 "-" "WP-Safe-Scanner/2.0"
147.182.134.197 - - [01/May/2026:12:02:34 -0400] "GET /wp-includes/ID3/module.audio-video.matroska.php HTTP/1.1" 200 0 "-" "WP-Safe-Scanner/2.0"
147.182.134.197 - - [01/May/2026:12:02:35 -0400] "GET /wp-includes/ID3/module.audio.ogg.php HTTP/1.1" 200 0 "-" "WP-Safe-Scanner/2.0"
147.182.134.197 - - [01/May/2026:12:02:35 -0400] "GET /wp-includes/ID3/module.tag.id3v2.php HTTP/1.1" 200 0 "-" "WP-Safe-Scanner/2.0"
147.182.134.197 - - [01/May/2026:12:02:35 -0400] "GET /wp-includes/ID3/module.tag.apetag.php HTTP/1.1" 200 0 "-" "WP-Safe-Scanner/2.0"
147.182.134.197 - - [01/May/2026:12:02:36 -0400] "GET /wp-includes/ID3/module.tag.id3v1.php HTTP/1.1" 200 0 "-" "WP-Safe-Scanner/2.0"
147.182.134.197 - - [01/May/2026:12:02:36 -0400] "GET /wp-includes/ID3/module.audio.mp3.php HTTP/1.1" 200 0 "-" "WP-Safe-Scanner/2.0"
147.182.134.197 - - [01/May/2026:12:02:37 -0400] "GET /wp-includes/html-api/ HTTP/1.1" 200 1678 "-" "WP-Safe-Scanner/2.0"
147.182.134.197 - - [01/May/2026:12:02:37 -0400] "GET /wp-includes/html-api/class-wp-html-tag-processor.php HTTP/1.1" 200 0 "-" "WP-Safe-Scanner/2.0"
147.182.134.197 - - [01/May/2026:12:02:37 -0400] "GET /wp-includes/html-api/class-wp-html-span.php HTTP/1.1" 200 0 "-" "WP-Safe-Scanner/2.0"
147.182.134.197 - - [01/May/2026:12:02:38 -0400] "GET /wp-includes/html-api/class-wp-html-attribute-token.php HTTP/1.1" 200 0 "-" "WP-Safe-Scanner/2.0"
147.182.134.197 - - [01/May/2026:12:02:39 -0400] "GET /wp-includes/html-api/class-wp-html-token.php HTTP/1.1" 200 0 "-" "WP-Safe-Scanner/2.0"
147.182.134.197 - - [01/May/2026:12:02:39 -0400] "GET /wp-includes/html-api/class-wp-html-active-formatting-elements.php HTTP/1.1" 200 0 "-" "WP-Safe-Scanner/2.0"
136.243.228.181 - - [01/May/2026:12:02:34 -0400] "GET /index.php/?items/K545269722/ HTTP/1.1" 404 1251 "-" "Mozilla/5.0 (compatible; DataForSeoBot/1.0; +https://dataforseo.com/dataforseo-bot)"
147.182.134.197 - - [01/May/2026:12:02:34 -0400] "GET /wp-includes/ID3/module.audio-video.quicktime.php HTTP/1.1" 200 0 "-" "WP-Safe-Scanner/2.0"
147.182.134.197 - - [01/May/2026:12:02:36 -0400] "GET /wp-includes/ID3/module.tag.lyrics3.php HTTP/1.1" 200 0 "-" "WP-Safe-Scanner/2.0"
147.182.134.197 - - [01/May/2026:12:02:36 -0400] "GET /wp-includes/ID3/module.audio-video.riff.php HTTP/1.1" 200 0 "-" "WP-Safe-Scanner/2.0"
147.182.134.197 - - [01/May/2026:12:02:38 -0400] "GET /wp-includes/html-api/class-wp-html-open-elements.php HTTP/1.1" 200 0 "-" "WP-Safe-Scanner/2.0"
147.182.134.197 - - [01/May/2026:12:02:38 -0400] "GET /wp-includes/html-api/class-wp-html-decoder.php HTTP/1.1" 200 0 "-" "WP-Safe-Scanner/2.0"
147.182.134.197 - - [01/May/2026:12:02:39 -0400] "GET /wp-includes/html-api/class-wp-html-unsupported-exception.php HTTP/1.1" 200 0 "-" "WP-Safe-Scanner/2.0"
136.243.228.181 - - [01/May/2026:12:02:39 -0400] "GET /index.php/?items/K547220399/ HTTP/1.1" 404 1251 "-" "Mozilla/5.0 (compatible; DataForSeoBot/1.0; +https://dataforseo.com/dataforseo-bot)"
147.182.134.197 - - [01/May/2026:12:02:40 -0400] "GET /wp-includes/html-api/html5-named-character-references.php HTTP/1.1" 500 0 "-" "WP-Safe-Scanner/2.0"
162.241.53.41 - - [01/May/2026:12:02:40 -0400] "POST /wp-login.php HTTP/1.1" 200 3067 "https://patrickspestsandplants.com/wp-login.php" "Mozilla/5.0 (Windows NT 6.1; rv:61.0) Gecko/20100101 Firefox/61.0"
147.182.134.197 - - [01/May/2026:12:02:41 -0400] "GET /wp-includes/html-api/class-wp-html-processor.php HTTP/1.1" 500 0 "-" "WP-Safe-Scanner/2.0"
147.182.134.197 - - [01/May/2026:12:02:42 -0400] "GET /wp-includes/html-api/class-wp-html-text-replacement.php HTTP/1.1" 200 0 "-" "WP-Safe-Scanner/2.0"
147.182.134.197 - - [01/May/2026:12:02:42 -0400] "GET /wp-includes/html-api/docs/2025/ HTTP/1.1" 200 792 "-" "WP-Safe-Scanner/2.0"
147.182.134.197 - - [01/May/2026:12:02:43 -0400] "GET /wp-includes/html-api/docs/2025/cache/ HTTP/1.1" 200 780 "-" "WP-Safe-Scanner/2.0"
147.182.134.197 - - [01/May/2026:12:02:43 -0400] "GET /wp-includes/html-api/docs/2025/cache/whfq/ HTTP/1.1" 200 784 "-" "WP-Safe-Scanner/2.0"
147.182.134.197 - - [01/May/2026:12:02:43 -0400] "GET /wp-includes/Text/ HTTP/1.1" 200 889 "-" "WP-Safe-Scanner/2.0"
147.182.134.197 - - [01/May/2026:12:02:44 -0400] "GET /wp-includes/Text/Exception.php HTTP/1.1" 200 0 "-" "WP-Safe-Scanner/2.0"
147.182.134.197 - - [01/May/2026:12:02:44 -0400] "GET /wp-includes/Text/Diff/Renderer.php HTTP/1.1" 200 0 "-" "WP-Safe-Scanner/2.0"
147.182.134.197 - - [01/May/2026:12:02:46 -0400] "GET /wp-includes/Text/Diff/Engine/shell.php HTTP/1.1" 200 0 "-" "WP-Safe-Scanner/2.0"
147.182.134.197 - - [01/May/2026:12:02:46 -0400] "GET /wp-includes/Text/Diff/Engine/xdiff.php HTTP/1.1" 200 0 "-" "WP-Safe-Scanner/2.0"
136.243.228.181 - - [01/May/2026:12:02:46 -0400] "GET /index.php/?items/K543169723/ HTTP/1.1" 404 1251 "-" "Mozilla/5.0 (compatible; DataForSeoBot/1.0; +https://dataforseo.com/dataforseo-bot)"
147.182.134.197 - - [01/May/2026:12:02:47 -0400] "GET /wp-includes/Text/Diff/Engine/v3/assets/ HTTP/1.1" 200 782 "-" "WP-Safe-Scanner/2.0"
147.182.134.197 - - [01/May/2026:12:02:49 -0400] "GET /wp-includes/l10n/class-wp-translation-controller.php HTTP/1.1" 200 0 "-" "WP-Safe-Scanner/2.0"
147.182.134.197 - - [01/May/2026:12:02:49 -0400] "GET /wp-includes/l10n/class-wp-translations.php HTTP/1.1" 200 0 "-" "WP-Safe-Scanner/2.0"
147.182.134.197 - - [01/May/2026:12:02:50 -0400] "GET /wp-includes/customize/ HTTP/1.1" 200 2558 "-" "WP-Safe-Scanner/2.0"
147.182.134.197 - - [01/May/2026:12:02:50 -0400] "GET /wp-includes/customize/class-wp-customize-nav-menus-panel.php HTTP/1.1" 500 0 "-" "WP-Safe-Scanner/2.0"
147.182.134.197 - - [01/May/2026:12:02:50 -0400] "GET /wp-includes/customize/class-wp-customize-header-image-setting.php HTTP/1.1" 500 0 "-" "WP-Safe-Scanner/2.0"
162.241.53.41 - - [01/May/2026:12:02:36 -0400] "GET /wp-login.php HTTP/1.1" 200 2918 "-" "Mozilla/5.0 (Windows NT 6.1; rv:61.0) Gecko/20100101 Firefox/61.0"
147.182.134.197 - - [01/May/2026:12:02:40 -0400] "GET /wp-includes/html-api/class-wp-html-stack-event.php HTTP/1.1" 200 0 "-" "WP-Safe-Scanner/2.0"
147.182.134.197 - - [01/May/2026:12:02:40 -0400] "GET /wp-includes/html-api/class-wp-html-doctype-info.php HTTP/1.1" 200 0 "-" "WP-Safe-Scanner/2.0"
147.182.134.197 - - [01/May/2026:12:02:41 -0400] "GET /wp-includes/html-api/class-wp-html-processor-state.php HTTP/1.1" 200 0 "-" "WP-Safe-Scanner/2.0"
68.65.122.51 - - [01/May/2026:12:02:41 -0400] "POST /wp-cron.php?doing_wp_cron=1777651361.3708190917968750000000 HTTP/1.1" 200 0 "-" "WordPress/6.9.4; https://patrickspestsandplants.com"
68.65.122.51 - - [01/May/2026:12:02:41 -0400] "POST /wp-cron.php?doing_wp_cron=1777651361.9475739002227783203125 HTTP/1.1" 200 0 "-" "WordPress/6.9.4; https://patrickspestsandplants.com"
147.182.134.197 - - [01/May/2026:12:02:42 -0400] "GET /wp-includes/html-api/docs/ HTTP/1.1" 200 770 "-" "WP-Safe-Scanner/2.0"
147.182.134.197 - - [01/May/2026:12:02:42 -0400] "GET /wp-includes/html-api/docs/2025/css/ HTTP/1.1" 200 776 "-" "WP-Safe-Scanner/2.0"
147.182.134.197 - - [01/May/2026:12:02:43 -0400] "GET /wp-includes/html-api/docs/2025/css/dist/ HTTP/1.1" 200 780 "-" "WP-Safe-Scanner/2.0"
147.182.134.197 - - [01/May/2026:12:02:44 -0400] "GET /wp-includes/Text/Diff.php HTTP/1.1" 200 0 "-" "WP-Safe-Scanner/2.0"
147.182.134.197 - - [01/May/2026:12:02:44 -0400] "GET /wp-includes/Text/Diff/ HTTP/1.1" 200 891 "-" "WP-Safe-Scanner/2.0"
147.182.134.197 - - [01/May/2026:12:02:45 -0400] "GET /wp-includes/Text/Diff/Engine/ HTTP/1.1" 200 923 "-" "WP-Safe-Scanner/2.0"
147.182.134.197 - - [01/May/2026:12:02:45 -0400] "GET /wp-includes/Text/Diff/Engine/string.php HTTP/1.1" 200 0 "-" "WP-Safe-Scanner/2.0"
147.182.134.197 - - [01/May/2026:12:02:45 -0400] "GET /wp-includes/Text/Diff/Engine/native.php HTTP/1.1" 200 0 "-" "WP-Safe-Scanner/2.0"
147.182.134.197 - - [01/May/2026:12:02:46 -0400] "GET /wp-includes/Text/Diff/Engine/v3/ HTTP/1.1" 200 778 "-" "WP-Safe-Scanner/2.0"
147.182.134.197 - - [01/May/2026:12:02:47 -0400] "GET /wp-includes/Text/Diff/Renderer/ HTTP/1.1" 200 790 "-" "WP-Safe-Scanner/2.0"
147.182.134.197 - - [01/May/2026:12:02:47 -0400] "GET /wp-includes/Text/Diff/Renderer/inline.php HTTP/1.1" 200 0 "-" "WP-Safe-Scanner/2.0"
147.182.134.197 - - [01/May/2026:12:02:47 -0400] "GET /wp-includes/l10n/ HTTP/1.1" 200 947 "-" "WP-Safe-Scanner/2.0"
147.182.134.197 - - [01/May/2026:12:02:48 -0400] "GET /wp-includes/l10n/class-wp-translation-file-php.php HTTP/1.1" 500 0 "-" "WP-Safe-Scanner/2.0"
147.182.134.197 - - [01/May/2026:12:02:48 -0400] "GET /wp-includes/l10n/class-wp-translation-file.php HTTP/1.1" 200 0 "-" "WP-Safe-Scanner/2.0"
147.182.134.197 - - [01/May/2026:12:02:49 -0400] "GET /wp-includes/l10n/class-wp-translation-file-mo.php HTTP/1.1" 500 0 "-" "WP-Safe-Scanner/2.0"
147.182.134.197 - - [01/May/2026:12:02:51 -0400] "GET /wp-includes/customize/class-wp-customize-image-control.php HTTP/1.1" 500 0 "-" "WP-Safe-Scanner/2.0"
147.182.134.197 - - [01/May/2026:12:02:51 -0400] "GET /wp-includes/customize/class-wp-customize-nav-menu-name-control.php HTTP/1.1" 500 0 "-" "WP-Safe-Scanner/2.0"
147.182.134.197 - - [01/May/2026:12:02:51 -0400] "GET /wp-includes/customize/class-wp-customize-background-position-control.php HTTP/1.1" 500 0 "-" "WP-Safe-Scanner/2.0"
136.243.228.181 - - [01/May/2026:12:02:52 -0400] "GET /index.php/?items/K548793768/ HTTP/1.1" 404 1251 "-" "Mozilla/5.0 (compatible; DataForSeoBot/1.0; +https://dataforseo.com/dataforseo-bot)"
147.182.134.197 - - [01/May/2026:12:02:52 -0400] "GET /wp-includes/customize/class-wp-sidebar-block-editor-control.php HTTP/1.1" 500 0 "-" "WP-Safe-Scanner/2.0"
147.182.134.197 - - [01/May/2026:12:02:53 -0400] "GET /wp-includes/customize/class-wp-customize-themes-panel.php HTTP/1.1" 500 0 "-" "WP-Safe-Scanner/2.0"
147.182.134.197 - - [01/May/2026:12:02:51 -0400] "GET /wp-includes/customize/class-wp-customize-background-image-control.php HTTP/1.1" 500 0 "-" "WP-Safe-Scanner/2.0"
147.182.134.197 - - [01/May/2026:12:02:52 -0400] "GET /wp-includes/customize/class-wp-customize-header-image-control.php HTTP/1.1" 500 0 "-" "WP-Safe-Scanner/2.0"
147.182.134.197 - - [01/May/2026:12:02:52 -0400] "GET /wp-includes/customize/class-wp-customize-background-image-setting.php HTTP/1.1" 500 0 "-" "WP-Safe-Scanner/2.0"
147.182.134.197 - - [01/May/2026:12:02:52 -0400] "GET /wp-includes/customize/class-wp-customize-nav-menu-locations-control.php HTTP/1.1" 500 0 "-" "WP-Safe-Scanner/2.0"
147.182.134.197 - - [01/May/2026:12:02:54 -0400] "GET /wp-includes/customize/class-wp-customize-partial.php HTTP/1.1" 200 0 "-" "WP-Safe-Scanner/2.0"
147.182.134.197 - - [01/May/2026:12:02:54 -0400] "GET /wp-includes/customize/class-wp-customize-nav-menu-control.php HTTP/1.1" 500 0 "-" "WP-Safe-Scanner/2.0"
147.182.134.197 - - [01/May/2026:12:02:55 -0400] "GET /wp-includes/customize/class-wp-customize-media-control.php HTTP/1.1" 500 0 "-" "WP-Safe-Scanner/2.0"
147.182.134.197 - - [01/May/2026:12:02:56 -0400] "GET /wp-includes/customize/class-wp-customize-nav-menu-location-control.php HTTP/1.1" 500 0 "-" "WP-Safe-Scanner/2.0"
147.182.134.197 - - [01/May/2026:12:02:56 -0400] "GET /wp-includes/customize/class-wp-customize-theme-control.php HTTP/1.1" 500 0 "-" "WP-Safe-Scanner/2.0"
147.182.134.197 - - [01/May/2026:12:02:57 -0400] "GET /wp-includes/customize/class-wp-customize-sidebar-section.php HTTP/1.1" 500 0 "-" "WP-Safe-Scanner/2.0"
147.182.134.197 - - [01/May/2026:12:02:57 -0400] "GET /wp-includes/customize/class-wp-customize-themes-section.php HTTP/1.1" 500 0 "-" "WP-Safe-Scanner/2.0"
136.243.228.181 - - [01/May/2026:12:02:57 -0400] "GET /index.php/?items/K548338566/ HTTP/1.1" 404 1251 "-" "Mozilla/5.0 (compatible; DataForSeoBot/1.0; +https://dataforseo.com/dataforseo-bot)"
147.182.134.197 - - [01/May/2026:12:02:58 -0400] "GET /wp-includes/customize/class-wp-customize-color-control.php HTTP/1.1" 500 0 "-" "WP-Safe-Scanner/2.0"
147.182.134.197 - - [01/May/2026:12:02:58 -0400] "GET /wp-includes/customize/class-wp-customize-nav-menu-item-setting.php HTTP/1.1" 500 0 "-" "WP-Safe-Scanner/2.0"
147.182.134.197 - - [01/May/2026:12:02:58 -0400] "GET /wp-includes/customize/class-wp-customize-nav-menu-setting.php HTTP/1.1" 500 0 "-" "WP-Safe-Scanner/2.0"
147.182.134.197 - - [01/May/2026:12:02:58 -0400] "GET /wp-includes/customize/class-wp-widget-area-customize-control.php HTTP/1.1" 500 0 "-" "WP-Safe-Scanner/2.0"
147.182.134.197 - - [01/May/2026:12:02:59 -0400] "GET /wp-includes/customize/class-wp-customize-date-time-control.php HTTP/1.1" 500 0 "-" "WP-Safe-Scanner/2.0"
147.182.134.197 - - [01/May/2026:12:03:00 -0400] "GET /wp-includes/customize/class-wp-customize-filter-setting.php HTTP/1.1" 500 0 "-" "WP-Safe-Scanner/2.0"
147.182.134.197 - - [01/May/2026:12:03:00 -0400] "GET /wp-includes/assets/ HTTP/1.1" 200 1310 "-" "WP-Safe-Scanner/2.0"
147.182.134.197 - - [01/May/2026:12:03:00 -0400] "GET /wp-includes/assets/script-loader-react-refresh-entry.min.php HTTP/1.1" 200 0 "-" "WP-Safe-Scanner/2.0"
147.182.134.197 - - [01/May/2026:12:03:01 -0400] "GET /wp-includes/assets/script-loader-packages.php HTTP/1.1" 200 0 "-" "WP-Safe-Scanner/2.0"
147.182.134.197 - - [01/May/2026:12:03:01 -0400] "GET /wp-includes/assets/script-loader-react-refresh-runtime.min.php HTTP/1.1" 200 0 "-" "WP-Safe-Scanner/2.0"
147.182.134.197 - - [01/May/2026:12:03:02 -0400] "GET /wp-includes/assets/script-modules-packages.min.php HTTP/1.1" 200 0 "-" "WP-Safe-Scanner/2.0"
147.182.134.197 - - [01/May/2026:12:03:03 -0400] "GET /wp-includes/IXR/ HTTP/1.1" 200 1460 "-" "WP-Safe-Scanner/2.0"
147.182.134.197 - - [01/May/2026:12:03:04 -0400] "GET /wp-includes/IXR/class-IXR-introspectionserver.php HTTP/1.1" 500 0 "-" "WP-Safe-Scanner/2.0"
147.182.134.197 - - [01/May/2026:12:03:04 -0400] "GET /wp-includes/IXR/class-IXR-message.php HTTP/1.1" 200 0 "-" "WP-Safe-Scanner/2.0"
147.182.134.197 - - [01/May/2026:12:02:53 -0400] "GET /wp-includes/customize/class-wp-customize-nav-menu-section.php HTTP/1.1" 500 0 "-" "WP-Safe-Scanner/2.0"
147.182.134.197 - - [01/May/2026:12:02:53 -0400] "GET /wp-includes/customize/class-wp-customize-custom-css-setting.php HTTP/1.1" 500 0 "-" "WP-Safe-Scanner/2.0"
147.182.134.197 - - [01/May/2026:12:02:54 -0400] "GET /wp-includes/customize/class-wp-customize-selective-refresh.php HTTP/1.1" 200 0 "-" "WP-Safe-Scanner/2.0"
147.182.134.197 - - [01/May/2026:12:02:54 -0400] "GET /wp-includes/customize/class-wp-widget-form-customize-control.php HTTP/1.1" 500 0 "-" "WP-Safe-Scanner/2.0"
147.182.134.197 - - [01/May/2026:12:02:55 -0400] "GET /wp-includes/customize/class-wp-customize-new-menu-control.php HTTP/1.1" 500 0 "-" "WP-Safe-Scanner/2.0"
147.182.134.197 - - [01/May/2026:12:02:55 -0400] "GET /wp-includes/customize/class-wp-customize-code-editor-control.php HTTP/1.1" 500 0 "-" "WP-Safe-Scanner/2.0"
147.182.134.197 - - [01/May/2026:12:02:56 -0400] "GET /wp-includes/customize/class-wp-customize-site-icon-control.php HTTP/1.1" 500 0 "-" "WP-Safe-Scanner/2.0"
147.182.134.197 - - [01/May/2026:12:02:56 -0400] "GET /wp-includes/customize/class-wp-customize-new-menu-section.php HTTP/1.1" 500 0 "-" "WP-Safe-Scanner/2.0"
147.182.134.197 - - [01/May/2026:12:02:57 -0400] "GET /wp-includes/customize/class-wp-customize-nav-menu-auto-add-control.php HTTP/1.1" 500 0 "-" "WP-Safe-Scanner/2.0"
147.182.134.197 - - [01/May/2026:12:02:59 -0400] "GET /wp-includes/customize/class-wp-customize-nav-menu-item-control.php HTTP/1.1" 500 0 "-" "WP-Safe-Scanner/2.0"
147.182.134.197 - - [01/May/2026:12:02:59 -0400] "GET /wp-includes/customize/class-wp-customize-cropped-image-control.php HTTP/1.1" 500 0 "-" "WP-Safe-Scanner/2.0"
147.182.134.197 - - [01/May/2026:12:02:59 -0400] "GET /wp-includes/customize/class-wp-customize-upload-control.php HTTP/1.1" 500 0 "-" "WP-Safe-Scanner/2.0"
147.182.134.197 - - [01/May/2026:12:03:01 -0400] "GET /wp-includes/assets/script-loader-packages.min.php HTTP/1.1" 200 0 "-" "WP-Safe-Scanner/2.0"
147.182.134.197 - - [01/May/2026:12:03:02 -0400] "GET /wp-includes/assets/script-modules-packages.php HTTP/1.1" 200 0 "-" "WP-Safe-Scanner/2.0"
147.182.134.197 - - [01/May/2026:12:03:03 -0400] "GET /wp-includes/assets/script-loader-react-refresh-runtime.php HTTP/1.1" 200 0 "-" "WP-Safe-Scanner/2.0"
147.182.134.197 - - [01/May/2026:12:03:03 -0400] "GET /wp-includes/assets/script-loader-react-refresh-entry.php HTTP/1.1" 200 0 "-" "WP-Safe-Scanner/2.0"
147.182.134.197 - - [01/May/2026:12:03:04 -0400] "GET /wp-includes/IXR/class-IXR-date.php HTTP/1.1" 200 0 "-" "WP-Safe-Scanner/2.0"
147.182.134.197 - - [01/May/2026:12:03:05 -0400] "GET /wp-includes/IXR/class-IXR-clientmulticall.php HTTP/1.1" 500 0 "-" "WP-Safe-Scanner/2.0"
147.182.134.197 - - [01/May/2026:12:03:05 -0400] "GET /wp-includes/IXR/class-IXR-request.php HTTP/1.1" 200 0 "-" "WP-Safe-Scanner/2.0"
147.182.134.197 - - [01/May/2026:12:03:06 -0400] "GET /wp-includes/IXR/class-IXR-error.php HTTP/1.1" 200 0 "-" "WP-Safe-Scanner/2.0"
147.182.134.197 - - [01/May/2026:12:03:06 -0400] "GET /wp-includes/IXR/2025/ HTTP/1.1" 200 775 "-" "WP-Safe-Scanner/2.0"
147.182.134.197 - - [01/May/2026:12:03:06 -0400] "GET /wp-includes/IXR/2025/files/ HTTP/1.1" 200 775 "-" "WP-Safe-Scanner/2.0"
147.182.134.197 - - [01/May/2026:12:03:07 -0400] "GET /wp-includes/IXR/2025/files/2025/ HTTP/1.1" 200 778 "-" "WP-Safe-Scanner/2.0"
147.182.134.197 - - [01/May/2026:12:03:07 -0400] "GET /wp-includes/abilities-api/class-wp-ability-categories-registry.php HTTP/1.1" 200 0 "-" "WP-Safe-Scanner/2.0"
147.182.134.197 - - [01/May/2026:12:03:08 -0400] "GET /wp-includes/abilities-api/class-wp-ability-category.php HTTP/1.1" 200 0 "-" "WP-Safe-Scanner/2.0"
147.182.134.197 - - [01/May/2026:12:03:08 -0400] "GET /wp-includes/abilities-api/class-wp-ability.php HTTP/1.1" 200 0 "-" "WP-Safe-Scanner/2.0"
147.182.134.197 - - [01/May/2026:12:03:09 -0400] "GET /wp-includes/PHPMailer/ HTTP/1.1" 200 1436 "-" "WP-Safe-Scanner/2.0"
147.182.134.197 - - [01/May/2026:12:03:04 -0400] "GET /wp-includes/IXR/class-IXR-base64.php HTTP/1.1" 200 0 "-" "WP-Safe-Scanner/2.0"
147.182.134.197 - - [01/May/2026:12:03:05 -0400] "GET /wp-includes/IXR/class-IXR-value.php HTTP/1.1" 200 0 "-" "WP-Safe-Scanner/2.0"
147.182.134.197 - - [01/May/2026:12:03:05 -0400] "GET /wp-includes/IXR/class-IXR-client.php HTTP/1.1" 200 0 "-" "WP-Safe-Scanner/2.0"
147.182.134.197 - - [01/May/2026:12:03:05 -0400] "GET /wp-includes/IXR/class-IXR-server.php HTTP/1.1" 200 0 "-" "WP-Safe-Scanner/2.0"
136.243.228.181 - - [01/May/2026:12:03:06 -0400] "GET /index.php/?items/K541123167/ HTTP/1.1" 404 1251 "-" "Mozilla/5.0 (compatible; DataForSeoBot/1.0; +https://dataforseo.com/dataforseo-bot)"
147.182.134.197 - - [01/May/2026:12:03:07 -0400] "GET /wp-includes/IXR/2025/files/2025/backup/ HTTP/1.1" 200 783 "-" "WP-Safe-Scanner/2.0"
147.182.134.197 - - [01/May/2026:12:03:07 -0400] "GET /wp-includes/abilities-api/ HTTP/1.1" 200 879 "-" "WP-Safe-Scanner/2.0"
147.182.134.197 - - [01/May/2026:12:03:08 -0400] "GET /wp-includes/abilities-api/class-wp-abilities-registry.php HTTP/1.1" 200 0 "-" "WP-Safe-Scanner/2.0"
147.182.134.197 - - [01/May/2026:12:03:08 -0400] "GET /wp-includes/blocks/ HTTP/1.1" 200 22 "-" "WP-Safe-Scanner/2.0"
147.182.134.197 - - [01/May/2026:12:03:09 -0400] "GET /wp-includes/PHPMailer/Exception.php HTTP/1.1" 200 0 "-" "WP-Safe-Scanner/2.0"
147.182.134.197 - - [01/May/2026:12:03:10 -0400] "GET /wp-includes/PHPMailer/POP3.php HTTP/1.1" 200 0 "-" "WP-Safe-Scanner/2.0"
147.182.134.197 - - [01/May/2026:12:03:10 -0400] "GET /wp-includes/PHPMailer/DSNConfigurator.php HTTP/1.1" 200 0 "-" "WP-Safe-Scanner/2.0"
147.182.134.197 - - [01/May/2026:12:03:10 -0400] "GET /wp-includes/PHPMailer/SMTP.php HTTP/1.1" 200 0 "-" "WP-Safe-Scanner/2.0"
147.182.134.197 - - [01/May/2026:12:03:11 -0400] "GET /wp-includes/PHPMailer/cache/ HTTP/1.1" 200 776 "-" "WP-Safe-Scanner/2.0"
147.182.134.197 - - [01/May/2026:12:03:11 -0400] "GET /wp-includes/PHPMailer/cache/includes/ HTTP/1.1" 200 779 "-" "WP-Safe-Scanner/2.0"
147.182.134.197 - - [01/May/2026:12:03:11 -0400] "GET /wp-includes/PHPMailer/cache/includes/jliti/ HTTP/1.1" 200 798 "-" "WP-Safe-Scanner/2.0"
147.182.134.197 - - [01/May/2026:12:03:11 -0400] "GET /wp-includes/PHPMailer/cache/includes/jliti/admin.php HTTP/1.1" 200 3343 "-" "WP-Safe-Scanner/2.0"
136.243.228.181 - - [01/May/2026:12:03:13 -0400] "GET /index.php/?items/K541287983/ HTTP/1.1" 404 1251 "-" "Mozilla/5.0 (compatible; DataForSeoBot/1.0; +https://dataforseo.com/dataforseo-bot)"
147.182.134.197 - - [01/May/2026:12:03:13 -0400] "GET /wp-login.php?redirect_to=https%3A%2F%2Fpatrickspestsandplants.com%2Fwp-admin%2F&reauth=1 HTTP/1.1" 200 3212 "-" "WP-Safe-Scanner/2.0"
136.243.228.181 - - [01/May/2026:12:03:26 -0400] "GET /index.php/?items/K544513127/ HTTP/1.1" 404 1251 "-" "Mozilla/5.0 (compatible; DataForSeoBot/1.0; +https://dataforseo.com/dataforseo-bot)"
136.243.228.181 - - [01/May/2026:12:03:30 -0400] "GET /index.php/?items/K541438536/ HTTP/1.1" 404 1251 "-" "Mozilla/5.0 (compatible; DataForSeoBot/1.0; +https://dataforseo.com/dataforseo-bot)"
115.45.43.81 - - [01/May/2026:12:03:47 -0400] "GET /wp-content/uploads/elementor/thumbs/cropped-logo-qf2pj5tvg4pz59jctb9j0olfervottw0n9nh36ykq8.png HTTP/1.1" 200 180085 "https://patrickspestsandplants.com/pest-control/ant-control/" "Mozilla/5.0 (Windows NT 10.0; Win64; x64) AppleWebKit/537.36 (KHTML, like Gecko) Chrome/143.0.0.0 Safari/537.36"
136.243.228.181 - - [01/May/2026:12:03:54 -0400] "GET /index.php/?items/K544700284/ HTTP/1.1" 404 1251 "-" "Mozilla/5.0 (compatible; DataForSeoBot/1.0; +https://dataforseo.com/dataforseo-bot)"
136.243.228.181 - - [01/May/2026:12:04:16 -0400] "GET /index.php/?items/K543477836/ HTTP/1.1" 404 1251 "-" "Mozilla/5.0 (compatible; DataForSeoBot/1.0; +https://dataforseo.com/dataforseo-bot)"
136.243.228.181 - - [01/May/2026:12:04:28 -0400] "GET /index.php/?items/K545121545/ HTTP/1.1" 404 1251 "-" "Mozilla/5.0 (compatible; DataForSeoBot/1.0; +https://dataforseo.com/dataforseo-bot)"
147.182.134.197 - - [01/May/2026:12:03:09 -0400] "GET /wp-includes/PHPMailer/OAuthTokenProvider.php HTTP/1.1" 200 0 "-" "WP-Safe-Scanner/2.0"
147.182.134.197 - - [01/May/2026:12:03:09 -0400] "GET /wp-includes/PHPMailer/PHPMailer.php HTTP/1.1" 200 0 "-" "WP-Safe-Scanner/2.0"
147.182.134.197 - - [01/May/2026:12:03:10 -0400] "GET /wp-includes/PHPMailer/OAuth.php HTTP/1.1" 500 0 "-" "WP-Safe-Scanner/2.0"
68.65.122.51 - - [01/May/2026:12:03:12 -0400] "POST /wp-admin/admin-ajax.php?action=as_async_request_queue_runner&nonce=18d89e3530 HTTP/1.1" 403 42 "-" "WordPress/6.9.4; https://patrickspestsandplants.com"
147.182.134.197 - - [01/May/2026:12:03:12 -0400] "GET /wp-admin/ HTTP/1.1" 302 0 "-" "WP-Safe-Scanner/2.0"
136.243.228.181 - - [01/May/2026:12:03:19 -0400] "GET /index.php/?items/K546268794/ HTTP/1.1" 404 1251 "-" "Mozilla/5.0 (compatible; DataForSeoBot/1.0; +https://dataforseo.com/dataforseo-bot)"
136.243.228.181 - - [01/May/2026:12:03:34 -0400] "GET /index.php/?items/K544582907/ HTTP/1.1" 404 1251 "-" "Mozilla/5.0 (compatible; DataForSeoBot/1.0; +https://dataforseo.com/dataforseo-bot)"
136.243.228.181 - - [01/May/2026:12:03:44 -0400] "GET /index.php/?items/K544280274/ HTTP/1.1" 404 1251 "-" "Mozilla/5.0 (compatible; DataForSeoBot/1.0; +https://dataforseo.com/dataforseo-bot)"
136.243.228.181 - - [01/May/2026:12:03:50 -0400] "GET /index.php/?items/K548293351/ HTTP/1.1" 404 1251 "-" "Mozilla/5.0 (compatible; DataForSeoBot/1.0; +https://dataforseo.com/dataforseo-bot)"
136.243.228.181 - - [01/May/2026:12:03:59 -0400] "GET /index.php/?items/K549409718/ HTTP/1.1" 404 1251 "-" "Mozilla/5.0 (compatible; DataForSeoBot/1.0; +https://dataforseo.com/dataforseo-bot)"
136.243.228.181 - - [01/May/2026:12:04:04 -0400] "GET /index.php/?items/K544646093/ HTTP/1.1" 404 1251 "-" "Mozilla/5.0 (compatible; DataForSeoBot/1.0; +https://dataforseo.com/dataforseo-bot)"
136.243.228.181 - - [01/May/2026:12:04:11 -0400] "GET /index.php/?items/K544853632/ HTTP/1.1" 404 1251 "-" "Mozilla/5.0 (compatible; DataForSeoBot/1.0; +https://dataforseo.com/dataforseo-bot)"
136.243.228.181 - - [01/May/2026:12:04:23 -0400] "GET /index.php/?items/K546208660/ HTTP/1.1" 404 1251 "-" "Mozilla/5.0 (compatible; DataForSeoBot/1.0; +https://dataforseo.com/dataforseo-bot)"
136.243.228.181 - - [01/May/2026:12:04:33 -0400] "GET /index.php/?items/K541728171/ HTTP/1.1" 404 1251 "-" "Mozilla/5.0 (compatible; DataForSeoBot/1.0; +https://dataforseo.com/dataforseo-bot)"
136.243.228.181 - - [01/May/2026:12:04:48 -0400] "GET /index.php/?items/K547089104/ HTTP/1.1" 404 1251 "-" "Mozilla/5.0 (compatible; DataForSeoBot/1.0; +https://dataforseo.com/dataforseo-bot)"
136.243.228.181 - - [01/May/2026:12:04:59 -0400] "GET /index.php/?items/K542841557/ HTTP/1.1" 404 1251 "-" "Mozilla/5.0 (compatible; DataForSeoBot/1.0; +https://dataforseo.com/dataforseo-bot)"
136.243.228.181 - - [01/May/2026:12:05:05 -0400] "GET /index.php/?items/K547832813/ HTTP/1.1" 404 1251 "-" "Mozilla/5.0 (compatible; DataForSeoBot/1.0; +https://dataforseo.com/dataforseo-bot)"
136.243.228.181 - - [01/May/2026:12:05:21 -0400] "GET /index.php/?items/K545395472/ HTTP/1.1" 404 1251 "-" "Mozilla/5.0 (compatible; DataForSeoBot/1.0; +https://dataforseo.com/dataforseo-bot)"
136.243.228.181 - - [01/May/2026:12:05:28 -0400] "GET /index.php/?items/K543612077/ HTTP/1.1" 404 1251 "-" "Mozilla/5.0 (compatible; DataForSeoBot/1.0; +https://dataforseo.com/dataforseo-bot)"
136.243.228.181 - - [01/May/2026:12:05:51 -0400] "GET /index.php/?items/K541551863/ HTTP/1.1" 404 1251 "-" "Mozilla/5.0 (compatible; DataForSeoBot/1.0; +https://dataforseo.com/dataforseo-bot)"
136.243.228.181 - - [01/May/2026:12:05:56 -0400] "GET /index.php/?items/K543388900/ HTTP/1.1" 404 1251 "-" "Mozilla/5.0 (compatible; DataForSeoBot/1.0; +https://dataforseo.com/dataforseo-bot)"
136.243.228.181 - - [01/May/2026:12:06:02 -0400] "GET /index.php/?items/K547603833/ HTTP/1.1" 404 1251 "-" "Mozilla/5.0 (compatible; DataForSeoBot/1.0; +https://dataforseo.com/dataforseo-bot)"
136.243.228.181 - - [01/May/2026:12:04:39 -0400] "GET /index.php/?items/K545331086/ HTTP/1.1" 404 1251 "-" "Mozilla/5.0 (compatible; DataForSeoBot/1.0; +https://dataforseo.com/dataforseo-bot)"
136.243.228.181 - - [01/May/2026:12:04:43 -0400] "GET /index.php/?items/K542922225/ HTTP/1.1" 404 1251 "-" "Mozilla/5.0 (compatible; DataForSeoBot/1.0; +https://dataforseo.com/dataforseo-bot)"
136.243.228.181 - - [01/May/2026:12:04:52 -0400] "GET /index.php/?items/K549178564/ HTTP/1.1" 404 1251 "-" "Mozilla/5.0 (compatible; DataForSeoBot/1.0; +https://dataforseo.com/dataforseo-bot)"
136.243.228.181 - - [01/May/2026:12:05:10 -0400] "GET /index.php/?items/K541853270/ HTTP/1.1" 404 1251 "-" "Mozilla/5.0 (compatible; DataForSeoBot/1.0; +https://dataforseo.com/dataforseo-bot)"
136.243.228.181 - - [01/May/2026:12:05:15 -0400] "GET /index.php/?items/K544282981/ HTTP/1.1" 404 1251 "-" "Mozilla/5.0 (compatible; DataForSeoBot/1.0; +https://dataforseo.com/dataforseo-bot)"
103.1.236.227 - - [01/May/2026:12:05:25 -0400] "POST /xmlrpc.php HTTP/1.1" 403 26 "-" "Mozilla/5.0 (X11; CrOS x86_64 10452.99.0) AppleWebKit/537.36 (KHTML, like Gecko) Chrome/66.0.3359.203 Safari/537.36"
136.243.228.181 - - [01/May/2026:12:05:34 -0400] "GET /index.php/?items/K544824026/ HTTP/1.1" 404 1251 "-" "Mozilla/5.0 (compatible; DataForSeoBot/1.0; +https://dataforseo.com/dataforseo-bot)"
136.243.228.181 - - [01/May/2026:12:05:40 -0400] "GET /index.php/?items/K545109773/ HTTP/1.1" 404 1251 "-" "Mozilla/5.0 (compatible; DataForSeoBot/1.0; +https://dataforseo.com/dataforseo-bot)"
136.243.228.181 - - [01/May/2026:12:05:44 -0400] "GET /index.php/?items/K545405362/ HTTP/1.1" 404 1251 "-" "Mozilla/5.0 (compatible; DataForSeoBot/1.0; +https://dataforseo.com/dataforseo-bot)"
136.243.228.181 - - [01/May/2026:12:06:16 -0400] "GET /index.php/?items/K541912652/ HTTP/1.1" 404 1251 "-" "Mozilla/5.0 (compatible; DataForSeoBot/1.0; +https://dataforseo.com/dataforseo-bot)"
136.243.228.181 - - [01/May/2026:12:06:20 -0400] "GET /index.php/?items/K542962725/ HTTP/1.1" 404 1251 "-" "Mozilla/5.0 (compatible; DataForSeoBot/1.0; +https://dataforseo.com/dataforseo-bot)"
136.243.228.181 - - [01/May/2026:12:06:28 -0400] "GET /index.php/?items/K541138981/ HTTP/1.1" 404 1251 "-" "Mozilla/5.0 (compatible; DataForSeoBot/1.0; +https://dataforseo.com/dataforseo-bot)"
136.243.228.181 - - [01/May/2026:12:06:44 -0400] "GET /index.php/?items/K547161106/ HTTP/1.1" 404 1251 "-" "Mozilla/5.0 (compatible; DataForSeoBot/1.0; +https://dataforseo.com/dataforseo-bot)"
136.243.228.181 - - [01/May/2026:12:06:50 -0400] "GET /index.php/?items/K546615713/ HTTP/1.1" 404 1251 "-" "Mozilla/5.0 (compatible; DataForSeoBot/1.0; +https://dataforseo.com/dataforseo-bot)"
136.243.228.181 - - [01/May/2026:12:06:55 -0400] "GET /index.php/?items/K545477332/ HTTP/1.1" 404 1251 "-" "Mozilla/5.0 (compatible; DataForSeoBot/1.0; +https://dataforseo.com/dataforseo-bot)"
136.243.228.181 - - [01/May/2026:12:07:22 -0400] "GET /index.php/?items/K544589206/ HTTP/1.1" 404 1251 "-" "Mozilla/5.0 (compatible; DataForSeoBot/1.0; +https://dataforseo.com/dataforseo-bot)"
136.243.228.181 - - [01/May/2026:12:07:41 -0400] "GET /index.php/?items/K542682012/ HTTP/1.1" 404 1251 "-" "Mozilla/5.0 (compatible; DataForSeoBot/1.0; +https://dataforseo.com/dataforseo-bot)"
136.243.228.181 - - [01/May/2026:12:07:46 -0400] "GET /index.php/?items/K547815998/ HTTP/1.1" 404 1251 "-" "Mozilla/5.0 (compatible; DataForSeoBot/1.0; +https://dataforseo.com/dataforseo-bot)"
136.243.228.181 - - [01/May/2026:12:08:14 -0400] "GET /index.php/?items/K544400065/ HTTP/1.1" 404 1251 "-" "Mozilla/5.0 (compatible; DataForSeoBot/1.0; +https://dataforseo.com/dataforseo-bot)"
136.243.228.181 - - [01/May/2026:12:08:21 -0400] "GET /index.php/?items/K549325454/ HTTP/1.1" 404 1251 "-" "Mozilla/5.0 (compatible; DataForSeoBot/1.0; +https://dataforseo.com/dataforseo-bot)"
136.243.228.181 - - [01/May/2026:12:08:31 -0400] "GET /index.php/?items/K547235117/ HTTP/1.1" 404 1251 "-" "Mozilla/5.0 (compatible; DataForSeoBot/1.0; +https://dataforseo.com/dataforseo-bot)"
136.243.228.181 - - [01/May/2026:12:06:06 -0400] "GET /index.php/?items/K544097384/ HTTP/1.1" 404 1251 "-" "Mozilla/5.0 (compatible; DataForSeoBot/1.0; +https://dataforseo.com/dataforseo-bot)"
136.243.228.181 - - [01/May/2026:12:06:11 -0400] "GET /index.php/?items/K544148873/ HTTP/1.1" 404 1251 "-" "Mozilla/5.0 (compatible; DataForSeoBot/1.0; +https://dataforseo.com/dataforseo-bot)"
136.243.228.181 - - [01/May/2026:12:06:32 -0400] "GET /index.php/?items/K549078452/ HTTP/1.1" 404 1251 "-" "Mozilla/5.0 (compatible; DataForSeoBot/1.0; +https://dataforseo.com/dataforseo-bot)"
136.243.228.181 - - [01/May/2026:12:06:38 -0400] "GET /index.php/?items/K542600943/ HTTP/1.1" 404 1251 "-" "Mozilla/5.0 (compatible; DataForSeoBot/1.0; +https://dataforseo.com/dataforseo-bot)"
136.243.228.181 - - [01/May/2026:12:07:01 -0400] "GET /index.php/?items/K548612835/ HTTP/1.1" 404 1251 "-" "Mozilla/5.0 (compatible; DataForSeoBot/1.0; +https://dataforseo.com/dataforseo-bot)"
136.243.228.181 - - [01/May/2026:12:07:11 -0400] "GET /index.php/?items/K546724724/ HTTP/1.1" 404 1251 "-" "Mozilla/5.0 (compatible; DataForSeoBot/1.0; +https://dataforseo.com/dataforseo-bot)"
136.243.228.181 - - [01/May/2026:12:07:17 -0400] "GET /index.php/?items/K547758242/ HTTP/1.1" 404 1251 "-" "Mozilla/5.0 (compatible; DataForSeoBot/1.0; +https://dataforseo.com/dataforseo-bot)"
136.243.228.181 - - [01/May/2026:12:07:29 -0400] "GET /index.php/?items/K543082704/ HTTP/1.1" 404 1251 "-" "Mozilla/5.0 (compatible; DataForSeoBot/1.0; +https://dataforseo.com/dataforseo-bot)"
136.243.228.181 - - [01/May/2026:12:07:34 -0400] "GET /index.php/?items/K544142090/ HTTP/1.1" 404 1251 "-" "Mozilla/5.0 (compatible; DataForSeoBot/1.0; +https://dataforseo.com/dataforseo-bot)"
136.243.228.181 - - [01/May/2026:12:07:50 -0400] "GET /index.php/?items/K542901360/ HTTP/1.1" 404 1251 "-" "Mozilla/5.0 (compatible; DataForSeoBot/1.0; +https://dataforseo.com/dataforseo-bot)"
136.243.228.181 - - [01/May/2026:12:07:56 -0400] "GET /index.php/?items/K544496742/ HTTP/1.1" 404 1251 "-" "Mozilla/5.0 (compatible; DataForSeoBot/1.0; +https://dataforseo.com/dataforseo-bot)"
136.243.228.181 - - [01/May/2026:12:08:01 -0400] "GET /index.php/?items/K543043647/ HTTP/1.1" 404 1251 "-" "Mozilla/5.0 (compatible; DataForSeoBot/1.0; +https://dataforseo.com/dataforseo-bot)"
136.243.228.181 - - [01/May/2026:12:08:26 -0400] "GET /index.php/?items/K545897268/ HTTP/1.1" 404 1251 "-" "Mozilla/5.0 (compatible; DataForSeoBot/1.0; +https://dataforseo.com/dataforseo-bot)"
136.243.228.181 - - [01/May/2026:12:08:36 -0400] "GET /index.php/?items/K543209085/ HTTP/1.1" 404 1251 "-" "Mozilla/5.0 (compatible; DataForSeoBot/1.0; +https://dataforseo.com/dataforseo-bot)"
136.243.228.181 - - [01/May/2026:12:08:43 -0400] "GET /index.php/?items/K549178732/ HTTP/1.1" 404 1251 "-" "Mozilla/5.0 (compatible; DataForSeoBot/1.0; +https://dataforseo.com/dataforseo-bot)"
136.243.228.181 - - [01/May/2026:12:08:56 -0400] "GET /index.php/?items/K548072372/ HTTP/1.1" 404 1251 "-" "Mozilla/5.0 (compatible; DataForSeoBot/1.0; +https://dataforseo.com/dataforseo-bot)"
136.243.228.181 - - [01/May/2026:12:09:20 -0400] "GET /index.php/?items/K546079662/ HTTP/1.1" 404 1251 "-" "Mozilla/5.0 (compatible; DataForSeoBot/1.0; +https://dataforseo.com/dataforseo-bot)"
136.243.228.181 - - [01/May/2026:12:09:50 -0400] "GET /index.php/?items/K543851012/ HTTP/1.1" 404 1251 "-" "Mozilla/5.0 (compatible; DataForSeoBot/1.0; +https://dataforseo.com/dataforseo-bot)"
136.243.228.181 - - [01/May/2026:12:10:20 -0400] "GET /index.php/?items/K543456498/ HTTP/1.1" 404 1251 "-" "Mozilla/5.0 (compatible; DataForSeoBot/1.0; +https://dataforseo.com/dataforseo-bot)"
216.73.217.56 - - [01/May/2026:12:10:43 -0400] "GET /index.php HTTP/1.1" 404 1251 "-" "Mozilla/5.0 AppleWebKit/537.36 (KHTML, like Gecko; compatible; ClaudeBot/1.0; +claudebot@anthropic.com)"
136.243.228.181 - - [01/May/2026:12:10:45 -0400] "GET /index.php/?items/K548879235/ HTTP/1.1" 404 1251 "-" "Mozilla/5.0 (compatible; DataForSeoBot/1.0; +https://dataforseo.com/dataforseo-bot)"
136.243.228.181 - - [01/May/2026:12:08:49 -0400] "GET /index.php/?items/K547306774/ HTTP/1.1" 404 1251 "-" "Mozilla/5.0 (compatible; DataForSeoBot/1.0; +https://dataforseo.com/dataforseo-bot)"
136.243.228.181 - - [01/May/2026:12:09:01 -0400] "GET /index.php/?items/K544564452/ HTTP/1.1" 404 1251 "-" "Mozilla/5.0 (compatible; DataForSeoBot/1.0; +https://dataforseo.com/dataforseo-bot)"
43.157.50.58 - - [01/May/2026:12:09:10 -0400] "GET /wp-includes/class-wp-comment-query.php HTTP/1.1" 200 0 "-" "Mozilla/5.0 (iPhone; CPU iPhone OS 13_2_3 like Mac OS X) AppleWebKit/605.1.15 (KHTML, like Gecko) Version/13.0.3 Mobile/15E148 Safari/604.1"
136.243.228.181 - - [01/May/2026:12:09:16 -0400] "GET /index.php/?items/K543754220/ HTTP/1.1" 404 1251 "-" "Mozilla/5.0 (compatible; DataForSeoBot/1.0; +https://dataforseo.com/dataforseo-bot)"
136.243.228.181 - - [01/May/2026:12:09:26 -0400] "GET /index.php/?items/K543156841/ HTTP/1.1" 404 1251 "-" "Mozilla/5.0 (compatible; DataForSeoBot/1.0; +https://dataforseo.com/dataforseo-bot)"
136.243.228.181 - - [01/May/2026:12:09:33 -0400] "GET /index.php/?items/K546024869/ HTTP/1.1" 404 1251 "-" "Mozilla/5.0 (compatible; DataForSeoBot/1.0; +https://dataforseo.com/dataforseo-bot)"
136.243.228.181 - - [01/May/2026:12:09:38 -0400] "GET /index.php/?items/K547958476/ HTTP/1.1" 404 1251 "-" "Mozilla/5.0 (compatible; DataForSeoBot/1.0; +https://dataforseo.com/dataforseo-bot)"
136.243.228.181 - - [01/May/2026:12:09:58 -0400] "GET /index.php/?items/K548961484/ HTTP/1.1" 404 1251 "-" "Mozilla/5.0 (compatible; DataForSeoBot/1.0; +https://dataforseo.com/dataforseo-bot)"
136.243.228.181 - - [01/May/2026:12:10:03 -0400] "GET /index.php/?items/K544137814/ HTTP/1.1" 404 1251 "-" "Mozilla/5.0 (compatible; DataForSeoBot/1.0; +https://dataforseo.com/dataforseo-bot)"
136.243.228.181 - - [01/May/2026:12:10:09 -0400] "GET /index.php/?items/K541389848/ HTTP/1.1" 404 1251 "-" "Mozilla/5.0 (compatible; DataForSeoBot/1.0; +https://dataforseo.com/dataforseo-bot)"
136.243.228.181 - - [01/May/2026:12:10:13 -0400] "GET /index.php/?items/K547499363/ HTTP/1.1" 404 1251 "-" "Mozilla/5.0 (compatible; DataForSeoBot/1.0; +https://dataforseo.com/dataforseo-bot)"
136.243.228.181 - - [01/May/2026:12:10:26 -0400] "GET /index.php/?items/K543036589/ HTTP/1.1" 404 1251 "-" "Mozilla/5.0 (compatible; DataForSeoBot/1.0; +https://dataforseo.com/dataforseo-bot)"
136.243.228.181 - - [01/May/2026:12:10:33 -0400] "GET /index.php/?items/K541729503/ HTTP/1.1" 404 1251 "-" "Mozilla/5.0 (compatible; DataForSeoBot/1.0; +https://dataforseo.com/dataforseo-bot)"
136.243.228.181 - - [01/May/2026:12:10:40 -0400] "GET /index.php/?items/K546991136/ HTTP/1.1" 404 1251 "-" "Mozilla/5.0 (compatible; DataForSeoBot/1.0; +https://dataforseo.com/dataforseo-bot)"
193.186.4.145 - - [01/May/2026:12:10:46 -0400] "GET /about/ HTTP/1.1" 200 623 "https://www.google.com/" "Mozilla/5.0 (Linux; Android 10; K) AppleWebKit/537.36 (KHTML, like Gecko) Chrome/138.0.0.0 Mobile Safari/537.36"
136.243.228.181 - - [01/May/2026:12:10:51 -0400] "GET /index.php/?items/K543231692/ HTTP/1.1" 404 1251 "-" "Mozilla/5.0 (compatible; DataForSeoBot/1.0; +https://dataforseo.com/dataforseo-bot)"
136.243.228.181 - - [01/May/2026:12:10:59 -0400] "GET /index.php/?items/K541348933/ HTTP/1.1" 404 1251 "-" "Mozilla/5.0 (compatible; DataForSeoBot/1.0; +https://dataforseo.com/dataforseo-bot)"
136.243.228.181 - - [01/May/2026:12:11:10 -0400] "GET /index.php/?items/K549173809/ HTTP/1.1" 404 1251 "-" "Mozilla/5.0 (compatible; DataForSeoBot/1.0; +https://dataforseo.com/dataforseo-bot)"
136.243.228.181 - - [01/May/2026:12:11:13 -0400] "GET /index.php/?items/K541893676/ HTTP/1.1" 404 1251 "-" "Mozilla/5.0 (compatible; DataForSeoBot/1.0; +https://dataforseo.com/dataforseo-bot)"
136.243.228.181 - - [01/May/2026:12:11:40 -0400] "GET /index.php/?items/K549550878/ HTTP/1.1" 404 1251 "-" "Mozilla/5.0 (compatible; DataForSeoBot/1.0; +https://dataforseo.com/dataforseo-bot)"
136.243.228.181 - - [01/May/2026:12:11:53 -0400] "GET /index.php/?items/K545384048/ HTTP/1.1" 404 1251 "-" "Mozilla/5.0 (compatible; DataForSeoBot/1.0; +https://dataforseo.com/dataforseo-bot)"
136.243.228.181 - - [01/May/2026:12:11:58 -0400] "GET /index.php/?items/K548858722/ HTTP/1.1" 404 1251 "-" "Mozilla/5.0 (compatible; DataForSeoBot/1.0; +https://dataforseo.com/dataforseo-bot)"
136.243.228.181 - - [01/May/2026:12:12:03 -0400] "GET /index.php/?items/K545097755/ HTTP/1.1" 404 1251 "-" "Mozilla/5.0 (compatible; DataForSeoBot/1.0; +https://dataforseo.com/dataforseo-bot)"
136.243.228.181 - - [01/May/2026:12:12:15 -0400] "GET /index.php/?items/K548999720/ HTTP/1.1" 404 1251 "-" "Mozilla/5.0 (compatible; DataForSeoBot/1.0; +https://dataforseo.com/dataforseo-bot)"
136.243.228.181 - - [01/May/2026:12:12:37 -0400] "GET /index.php/?items/K548009326/ HTTP/1.1" 404 1251 "-" "Mozilla/5.0 (compatible; DataForSeoBot/1.0; +https://dataforseo.com/dataforseo-bot)"
136.243.228.181 - - [01/May/2026:12:12:48 -0400] "GET /index.php/?items/K541376736/ HTTP/1.1" 404 1251 "-" "Mozilla/5.0 (compatible; DataForSeoBot/1.0; +https://dataforseo.com/dataforseo-bot)"
136.243.228.181 - - [01/May/2026:12:13:18 -0400] "GET /index.php/?items/K546744207/ HTTP/1.1" 404 1251 "-" "Mozilla/5.0 (compatible; DataForSeoBot/1.0; +https://dataforseo.com/dataforseo-bot)"
109.199.96.209 - - [01/May/2026:12:13:22 -0400] "GET /wp-login.php HTTP/1.1" 200 2918 "-" "Mozilla/5.0 (Windows NT 6.3; WOW64) AppleWebKit/537.36 (KHTML, like Gecko) Chrome/66.0.3359.181 Safari/537.36"
136.243.228.181 - - [01/May/2026:12:13:28 -0400] "GET /index.php/?items/K545552243/ HTTP/1.1" 404 1251 "-" "Mozilla/5.0 (compatible; DataForSeoBot/1.0; +https://dataforseo.com/dataforseo-bot)"
136.243.228.181 - - [01/May/2026:12:13:32 -0400] "GET /index.php/?items/K549732364/ HTTP/1.1" 404 1251 "-" "Mozilla/5.0 (compatible; DataForSeoBot/1.0; +https://dataforseo.com/dataforseo-bot)"
136.243.228.181 - - [01/May/2026:12:13:38 -0400] "GET /index.php/?items/K549762267/ HTTP/1.1" 404 1251 "-" "Mozilla/5.0 (compatible; DataForSeoBot/1.0; +https://dataforseo.com/dataforseo-bot)"
136.243.228.181 - - [01/May/2026:12:13:47 -0400] "GET /index.php/?items/K541088252/ HTTP/1.1" 404 1251 "-" "Mozilla/5.0 (compatible; DataForSeoBot/1.0; +https://dataforseo.com/dataforseo-bot)"
136.243.228.181 - - [01/May/2026:12:13:57 -0400] "GET /index.php/?items/K541806830/ HTTP/1.1" 404 1251 "-" "Mozilla/5.0 (compatible; DataForSeoBot/1.0; +https://dataforseo.com/dataforseo-bot)"
136.243.228.181 - - [01/May/2026:12:14:06 -0400] "GET /index.php/?items/K544088651/ HTTP/1.1" 404 1251 "-" "Mozilla/5.0 (compatible; DataForSeoBot/1.0; +https://dataforseo.com/dataforseo-bot)"
66.249.65.33 - - [01/May/2026:12:14:21 -0400] "GET /items/R107977983 HTTP/1.1" 404 1251 "-" "Mozilla/5.0 (Linux; Android 6.0.1; Nexus 5X Build/MMB29P) AppleWebKit/537.36 (KHTML, like Gecko) Chrome/147.0.7727.137 Mobile Safari/537.36 (compatible; Googlebot/2.1; +http://www.google.com/bot.html)"
136.243.228.181 - - [01/May/2026:12:14:26 -0400] "GET /index.php/?items/K541121927/ HTTP/1.1" 404 1251 "-" "Mozilla/5.0 (compatible; DataForSeoBot/1.0; +https://dataforseo.com/dataforseo-bot)"
43.173.176.42 - - [01/May/2026:12:14:41 -0400] "GET / HTTP/1.1" 200 2124 "-" "Mozilla/5.0 (Windows NT 10.0; Win64; x64) AppleWebKit/537.36 (KHTML, like Gecko) Chrome/120.0.0.0 Safari/537.36"
136.243.228.181 - - [01/May/2026:12:11:17 -0400] "GET /index.php/?items/K546212380/ HTTP/1.1" 404 1251 "-" "Mozilla/5.0 (compatible; DataForSeoBot/1.0; +https://dataforseo.com/dataforseo-bot)"
136.243.228.181 - - [01/May/2026:12:11:24 -0400] "GET /index.php/?items/K547016292/ HTTP/1.1" 404 1251 "-" "Mozilla/5.0 (compatible; DataForSeoBot/1.0; +https://dataforseo.com/dataforseo-bot)"
136.243.228.181 - - [01/May/2026:12:11:34 -0400] "GET /index.php/?items/K542938977/ HTTP/1.1" 404 1251 "-" "Mozilla/5.0 (compatible; DataForSeoBot/1.0; +https://dataforseo.com/dataforseo-bot)"
136.243.228.181 - - [01/May/2026:12:11:46 -0400] "GET /index.php/?items/K547740150/ HTTP/1.1" 404 1251 "-" "Mozilla/5.0 (compatible; DataForSeoBot/1.0; +https://dataforseo.com/dataforseo-bot)"
136.243.228.181 - - [01/May/2026:12:12:20 -0400] "GET /index.php/?items/K545073176/ HTTP/1.1" 404 1251 "-" "Mozilla/5.0 (compatible; DataForSeoBot/1.0; +https://dataforseo.com/dataforseo-bot)"
136.243.228.181 - - [01/May/2026:12:12:27 -0400] "GET /index.php/?items/K544449879/ HTTP/1.1" 404 1251 "-" "Mozilla/5.0 (compatible; DataForSeoBot/1.0; +https://dataforseo.com/dataforseo-bot)"
136.243.228.181 - - [01/May/2026:12:12:32 -0400] "GET /index.php/?items/K544897008/ HTTP/1.1" 404 1251 "-" "Mozilla/5.0 (compatible; DataForSeoBot/1.0; +https://dataforseo.com/dataforseo-bot)"
136.243.228.181 - - [01/May/2026:12:12:54 -0400] "GET /index.php/?items/K545135706/ HTTP/1.1" 404 1251 "-" "Mozilla/5.0 (compatible; DataForSeoBot/1.0; +https://dataforseo.com/dataforseo-bot)"
136.243.228.181 - - [01/May/2026:12:13:01 -0400] "GET /index.php/?items/K543149114/ HTTP/1.1" 404 1251 "-" "Mozilla/5.0 (compatible; DataForSeoBot/1.0; +https://dataforseo.com/dataforseo-bot)"
136.243.228.181 - - [01/May/2026:12:13:06 -0400] "GET /index.php/?items/K546520510/ HTTP/1.1" 404 1251 "-" "Mozilla/5.0 (compatible; DataForSeoBot/1.0; +https://dataforseo.com/dataforseo-bot)"
136.243.228.181 - - [01/May/2026:12:13:13 -0400] "GET /index.php/?items/K541664261/ HTTP/1.1" 404 1251 "-" "Mozilla/5.0 (compatible; DataForSeoBot/1.0; +https://dataforseo.com/dataforseo-bot)"
68.65.122.51 - - [01/May/2026:12:13:23 -0400] "POST /wp-cron.php?doing_wp_cron=1777652003.9645860195159912109375 HTTP/1.1" 200 0 "-" "WordPress/6.9.4; https://patrickspestsandplants.com"
109.199.96.209 - - [01/May/2026:12:13:24 -0400] "POST /wp-login.php HTTP/1.1" 200 3066 "https://patrickspestsandplants.com/wp-login.php" "Mozilla/5.0 (Windows NT 6.3; WOW64) AppleWebKit/537.36 (KHTML, like Gecko) Chrome/66.0.3359.181 Safari/537.36"
136.243.228.181 - - [01/May/2026:12:13:52 -0400] "GET /index.php/?items/K547796998/ HTTP/1.1" 404 1251 "-" "Mozilla/5.0 (compatible; DataForSeoBot/1.0; +https://dataforseo.com/dataforseo-bot)"
136.243.228.181 - - [01/May/2026:12:14:16 -0400] "GET /index.php/?items/K543575100/ HTTP/1.1" 404 1251 "-" "Mozilla/5.0 (compatible; DataForSeoBot/1.0; +https://dataforseo.com/dataforseo-bot)"
136.243.228.181 - - [01/May/2026:12:14:21 -0400] "GET /index.php/?items/K549671117/ HTTP/1.1" 404 1251 "-" "Mozilla/5.0 (compatible; DataForSeoBot/1.0; +https://dataforseo.com/dataforseo-bot)"
136.243.228.181 - - [01/May/2026:12:14:31 -0400] "GET /index.php/?items/K542566656/ HTTP/1.1" 404 1251 "-" "Mozilla/5.0 (compatible; DataForSeoBot/1.0; +https://dataforseo.com/dataforseo-bot)"
